{"id":1154,"date":"2022-09-21T17:19:24","date_gmt":"2022-09-21T14:19:24","guid":{"rendered":"https:\/\/safetypartners.fi\/kauppa\/?post_type=product&#038;p=1154"},"modified":"2025-07-23T10:43:25","modified_gmt":"2025-07-23T07:43:25","slug":"sallan-paja-sammutuspeitepiilo","status":"publish","type":"product","link":"https:\/\/safetypartners.fi\/kauppa\/tuote\/sallan-paja-sammutuspeitepiilo","title":{"rendered":"Sallan Paja -sammutuspeitepiilo"},"content":{"rendered":"<p>Kaikki Sallan Paja -tuotteet on tehty k\u00e4sity\u00f6n\u00e4 Varsinais-Suomen Paimiossa.<\/p>\n<p>Materiaali: puuvillapolyesteri<\/p>\n<p>Pesu 60 asteessa pyykinpesukoneessa, silitys kolmella pisteell\u00e4.<br \/>\nRautalankakoristeiden pesu k\u00e4sin.<\/p>\n<p><strong>Sammutuspeitteen k\u00e4ytt\u00f6:<br \/>\n<\/strong><\/p>\n<p>\u2013 Kiinnit\u00e4 sammutuspeite aina sein\u00e4lle, mahdollisen palonaiheuttajan l\u00e4hettyville.<\/p>\n<p>\u2013 Ved\u00e4 peite kahdesta nauhasta vet\u00e4m\u00e4ll\u00e4 ulos ja levit\u00e4 kunnolla auki.<\/p>\n<p>\u2013 Ota peitteen nurkista tukeva ote ja k\u00e4\u00e4nn\u00e4 k\u00e4tesi peitteen suojaan.<\/p>\n<p>\u2013 Paloa l\u00e4hestyess\u00e4si, ojenna k\u00e4det suoraan eteenp\u00e4in ja n\u00e4in saat suojakilven tulelta ja savulta.<\/p>\n<p>\u2013 Ulkona ollessa laita toinen jalka peitteen helman p\u00e4\u00e4lle ja l\u00e4hesty paloa tuulen suunnasta, hyvin varovasti.<\/p>\n<p>\u2013 Mene mahdollisimman l\u00e4helle palavaa kohdetta, levit\u00e4 sammustuspeite palon p\u00e4\u00e4lle, irrota ote peitteest\u00e4 ja per\u00e4\u00e4nny.<\/p>\n<p>\u2013 Vet\u00e4ydy turvallisen et\u00e4isyyden p\u00e4\u00e4h\u00e4n soittamaan lis\u00e4apua numerosta <strong>112<\/strong>. Sis\u00e4tiloissa poistu huoneesta ja sulje ovi myrkyllisten kaasujen levi\u00e4misen est\u00e4miseksi.<\/p>\n","protected":false},"excerpt":{"rendered":"<p><strong>Sallan Paja -sammutuspeitepiilot<\/strong> ovat pehme\u00e4st\u00e4 puuvillasta k\u00e4sin luotuja kauniita pusseja sammutuspeitteen ylle keitti\u00f6ss\u00e4 tai takkahuoneessa. Sammutuspeitepiilon sis\u00e4\u00e4n mahtuu perinteinen, standardin mukainen sammutuspeite (120 x 180cm). Sammutuspeite on helppo vet\u00e4ist\u00e4 piilostaan nopeasti, tarpeen tullen!<\/p>\n<p>Suomalainen Avainlipputuote.<\/p>\n<p>Valitse Sallan sammutuspeitepiilo joko sammutuspeitteell\u00e4 tai ilman:<\/p>\n","protected":false},"featured_media":1273,"comment_status":"open","ping_status":"closed","template":"","meta":{"_uag_custom_page_level_css":"","site-sidebar-layout":"default","site-content-layout":"default","ast-site-content-layout":"default","site-content-style":"default","site-sidebar-style":"default","ast-global-header-display":"","ast-banner-title-visibility":"","ast-main-header-display":"","ast-hfb-above-header-display":"","ast-hfb-below-header-display":"","ast-hfb-mobile-header-display":"","site-post-title":"","ast-breadcrumbs-content":"","ast-featured-img":"","footer-sml-layout":"","ast-disable-related-posts":"","theme-transparent-header-meta":"default","adv-header-id-meta":"","stick-header-meta":"default","header-above-stick-meta":"","header-main-stick-meta":"","header-below-stick-meta":"","astra-migrate-meta-layouts":"set","ast-page-background-enabled":"default","ast-page-background-meta":{"desktop":{"background-color":"","background-image":"","background-repeat":"repeat","background-position":"center center","background-size":"auto","background-attachment":"scroll","background-type":"","background-media":"","overlay-type":"","overlay-color":"","overlay-opacity":"","overlay-gradient":""},"tablet":{"background-color":"","background-image":"","background-repeat":"repeat","background-position":"center center","background-size":"auto","background-attachment":"scroll","background-type":"","background-media":"","overlay-type":"","overlay-color":"","overlay-opacity":"","overlay-gradient":""},"mobile":{"background-color":"","background-image":"","background-repeat":"repeat","background-position":"center center","background-size":"auto","background-attachment":"scroll","background-type":"","background-media":"","overlay-type":"","overlay-color":"","overlay-opacity":"","overlay-gradient":""}},"ast-content-background-meta":{"desktop":{"background-color":"var(--ast-global-color-5)","background-image":"","background-repeat":"repeat","background-position":"center center","background-size":"auto","background-attachment":"scroll","background-type":"","background-media":"","overlay-type":"","overlay-color":"","overlay-opacity":"","overlay-gradient":""},"tablet":{"background-color":"var(--ast-global-color-5)","background-image":"","background-repeat":"repeat","background-position":"center center","background-size":"auto","background-attachment":"scroll","background-type":"","background-media":"","overlay-type":"","overlay-color":"","overlay-opacity":"","overlay-gradient":""},"mobile":{"background-color":"var(--ast-global-color-5)","background-image":"","background-repeat":"repeat","background-position":"center center","background-size":"auto","background-attachment":"scroll","background-type":"","background-media":"","overlay-type":"","overlay-color":"","overlay-opacity":"","overlay-gradient":""}}},"product_brand":[],"product_cat":[15,30,550],"product_tag":[225,1040,319,1039,320,114,551,779,1038,513,1042,811,1041],"class_list":{"0":"post-1154","1":"product","2":"type-product","3":"status-publish","4":"has-post-thumbnail","6":"product_cat-yleinen","7":"product_cat-paloturvallisuus","8":"product_cat-sammutuspeitteet","9":"product_tag-alkusammutus","10":"product_tag-avainlippu","11":"product_tag-design","12":"product_tag-kankainen-sammutuspeite","13":"product_tag-kaunis","14":"product_tag-kotiin","15":"product_tag-kotimainen-tuote","16":"product_tag-pehmea","17":"product_tag-sallan-paja","18":"product_tag-sammutuspeite","19":"product_tag-sydan","20":"product_tag-tyylikas","21":"product_tag-vene","22":"product_shipping_class-suomi","23":"desktop-align-center","24":"tablet-align-center","25":"mobile-align-center","26":"ast-product-gallery-layout-horizontal-slider","27":"ast-product-single-variable","28":"ast-product-tabs-layout-horizontal","30":"first","31":"instock","32":"taxable","33":"shipping-taxable","34":"purchasable","35":"product-type-variable"},"yoast_head":"<!-- This site is optimized with the Yoast SEO plugin v27.3 - https:\/\/yoast.com\/product\/yoast-seo-wordpress\/ -->\n<title>Sallan Paja -sammutuspeitepiilo - Safety Partners<\/title>\n<meta name=\"description\" content=\"Pehme\u00e4st\u00e4 puuvillasta k\u00e4sin luodut, kauniit sammutuspeitepussit valloittavat. Sis\u00e4\u00e4n mahtuu perinteinen, standardin mukainen sammutuspeite (120 x 180cm).\" \/>\n<meta name=\"robots\" content=\"index, follow, max-snippet:-1, max-image-preview:large, max-video-preview:-1\" \/>\n<link rel=\"canonical\" href=\"https:\/\/safetypartners.fi\/kauppa\/tuote\/sallan-paja-sammutuspeitepiilo\" \/>\n<meta property=\"og:locale\" content=\"fi_FI\" \/>\n<meta property=\"og:type\" content=\"article\" \/>\n<meta property=\"og:title\" content=\"Sallan Paja -sammutuspeitepiilo - Safety Partners\" \/>\n<meta property=\"og:description\" content=\"Pehme\u00e4st\u00e4 puuvillasta k\u00e4sin luodut, kauniit sammutuspeitepussit valloittavat. Sis\u00e4\u00e4n mahtuu perinteinen, standardin mukainen sammutuspeite (120 x 180cm).\" \/>\n<meta property=\"og:url\" content=\"https:\/\/safetypartners.fi\/kauppa\/tuote\/sallan-paja-sammutuspeitepiilo\" \/>\n<meta property=\"og:site_name\" content=\"Safety Partners\" \/>\n<meta property=\"article:modified_time\" content=\"2025-07-23T07:43:25+00:00\" \/>\n<meta property=\"og:image\" content=\"https:\/\/safetypartners.fi\/kauppa\/wp-content\/uploads\/2022\/09\/Sallan-sammutuspeitteet.png\" \/>\n\t<meta property=\"og:image:width\" content=\"1115\" \/>\n\t<meta property=\"og:image:height\" content=\"698\" \/>\n\t<meta property=\"og:image:type\" content=\"image\/png\" \/>\n<meta name=\"twitter:card\" content=\"summary_large_image\" \/>\n<meta name=\"twitter:label1\" content=\"Arvioitu lukuaika\" \/>\n\t<meta name=\"twitter:data1\" content=\"1 minuutti\" \/>\n<script type=\"application\/ld+json\" class=\"yoast-schema-graph\">{\"@context\":\"https:\\\/\\\/schema.org\",\"@graph\":[{\"@type\":\"WebPage\",\"@id\":\"https:\\\/\\\/safetypartners.fi\\\/kauppa\\\/tuote\\\/sallan-paja-sammutuspeitepiilo\",\"url\":\"https:\\\/\\\/safetypartners.fi\\\/kauppa\\\/tuote\\\/sallan-paja-sammutuspeitepiilo\",\"name\":\"Sallan Paja -sammutuspeitepiilo - Safety Partners\",\"isPartOf\":{\"@id\":\"https:\\\/\\\/safetypartners.fi\\\/kauppa\\\/#website\"},\"primaryImageOfPage\":{\"@id\":\"https:\\\/\\\/safetypartners.fi\\\/kauppa\\\/tuote\\\/sallan-paja-sammutuspeitepiilo#primaryimage\"},\"image\":{\"@id\":\"https:\\\/\\\/safetypartners.fi\\\/kauppa\\\/tuote\\\/sallan-paja-sammutuspeitepiilo#primaryimage\"},\"thumbnailUrl\":\"https:\\\/\\\/safetypartners.fi\\\/kauppa\\\/wp-content\\\/uploads\\\/2022\\\/09\\\/Sallan-sammutuspeitteet.png\",\"datePublished\":\"2022-09-21T14:19:24+00:00\",\"dateModified\":\"2025-07-23T07:43:25+00:00\",\"description\":\"Pehme\u00e4st\u00e4 puuvillasta k\u00e4sin luodut, kauniit sammutuspeitepussit valloittavat. Sis\u00e4\u00e4n mahtuu perinteinen, standardin mukainen sammutuspeite (120 x 180cm).\",\"breadcrumb\":{\"@id\":\"https:\\\/\\\/safetypartners.fi\\\/kauppa\\\/tuote\\\/sallan-paja-sammutuspeitepiilo#breadcrumb\"},\"inLanguage\":\"fi\",\"potentialAction\":[{\"@type\":\"ReadAction\",\"target\":[\"https:\\\/\\\/safetypartners.fi\\\/kauppa\\\/tuote\\\/sallan-paja-sammutuspeitepiilo\"]}]},{\"@type\":\"ImageObject\",\"inLanguage\":\"fi\",\"@id\":\"https:\\\/\\\/safetypartners.fi\\\/kauppa\\\/tuote\\\/sallan-paja-sammutuspeitepiilo#primaryimage\",\"url\":\"https:\\\/\\\/safetypartners.fi\\\/kauppa\\\/wp-content\\\/uploads\\\/2022\\\/09\\\/Sallan-sammutuspeitteet.png\",\"contentUrl\":\"https:\\\/\\\/safetypartners.fi\\\/kauppa\\\/wp-content\\\/uploads\\\/2022\\\/09\\\/Sallan-sammutuspeitteet.png\",\"width\":1115,\"height\":698},{\"@type\":\"BreadcrumbList\",\"@id\":\"https:\\\/\\\/safetypartners.fi\\\/kauppa\\\/tuote\\\/sallan-paja-sammutuspeitepiilo#breadcrumb\",\"itemListElement\":[{\"@type\":\"ListItem\",\"position\":1,\"name\":\"Home\",\"item\":\"https:\\\/\\\/safetypartners.fi\\\/kauppa\\\/\"},{\"@type\":\"ListItem\",\"position\":2,\"name\":\"Kauppa\",\"item\":\"https:\\\/\\\/safetypartners.fi\\\/kauppa\\\/kauppa\"},{\"@type\":\"ListItem\",\"position\":3,\"name\":\"Sallan Paja -sammutuspeitepiilo\"}]},{\"@type\":\"WebSite\",\"@id\":\"https:\\\/\\\/safetypartners.fi\\\/kauppa\\\/#website\",\"url\":\"https:\\\/\\\/safetypartners.fi\\\/kauppa\\\/\",\"name\":\"Safety Partners\",\"description\":\"Safety Partners turvakauppa palvelee verkossa 24\\\/7!\",\"publisher\":{\"@id\":\"https:\\\/\\\/safetypartners.fi\\\/kauppa\\\/#organization\"},\"potentialAction\":[{\"@type\":\"SearchAction\",\"target\":{\"@type\":\"EntryPoint\",\"urlTemplate\":\"https:\\\/\\\/safetypartners.fi\\\/kauppa\\\/?s={search_term_string}\"},\"query-input\":{\"@type\":\"PropertyValueSpecification\",\"valueRequired\":true,\"valueName\":\"search_term_string\"}}],\"inLanguage\":\"fi\"},{\"@type\":\"Organization\",\"@id\":\"https:\\\/\\\/safetypartners.fi\\\/kauppa\\\/#organization\",\"name\":\"Safety Partners | Suomen Sammutinpalvelu\",\"url\":\"https:\\\/\\\/safetypartners.fi\\\/kauppa\\\/\",\"logo\":{\"@type\":\"ImageObject\",\"inLanguage\":\"fi\",\"@id\":\"https:\\\/\\\/safetypartners.fi\\\/kauppa\\\/#\\\/schema\\\/logo\\\/image\\\/\",\"url\":\"https:\\\/\\\/safetypartners.fi\\\/kauppa\\\/wp-content\\\/uploads\\\/2020\\\/05\\\/cropped-Logoke-1.jpg\",\"contentUrl\":\"https:\\\/\\\/safetypartners.fi\\\/kauppa\\\/wp-content\\\/uploads\\\/2020\\\/05\\\/cropped-Logoke-1.jpg\",\"width\":847,\"height\":717,\"caption\":\"Safety Partners | Suomen Sammutinpalvelu\"},\"image\":{\"@id\":\"https:\\\/\\\/safetypartners.fi\\\/kauppa\\\/#\\\/schema\\\/logo\\\/image\\\/\"}}]}<\/script>\n<!-- \/ Yoast SEO plugin. -->","yoast_head_json":{"title":"Sallan Paja -sammutuspeitepiilo - Safety Partners","description":"Pehme\u00e4st\u00e4 puuvillasta k\u00e4sin luodut, kauniit sammutuspeitepussit valloittavat. Sis\u00e4\u00e4n mahtuu perinteinen, standardin mukainen sammutuspeite (120 x 180cm).","robots":{"index":"index","follow":"follow","max-snippet":"max-snippet:-1","max-image-preview":"max-image-preview:large","max-video-preview":"max-video-preview:-1"},"canonical":"https:\/\/safetypartners.fi\/kauppa\/tuote\/sallan-paja-sammutuspeitepiilo","og_locale":"fi_FI","og_type":"article","og_title":"Sallan Paja -sammutuspeitepiilo - Safety Partners","og_description":"Pehme\u00e4st\u00e4 puuvillasta k\u00e4sin luodut, kauniit sammutuspeitepussit valloittavat. Sis\u00e4\u00e4n mahtuu perinteinen, standardin mukainen sammutuspeite (120 x 180cm).","og_url":"https:\/\/safetypartners.fi\/kauppa\/tuote\/sallan-paja-sammutuspeitepiilo","og_site_name":"Safety Partners","article_modified_time":"2025-07-23T07:43:25+00:00","og_image":[{"width":1115,"height":698,"url":"https:\/\/safetypartners.fi\/kauppa\/wp-content\/uploads\/2022\/09\/Sallan-sammutuspeitteet.png","type":"image\/png"}],"twitter_card":"summary_large_image","twitter_misc":{"Arvioitu lukuaika":"1 minuutti"},"schema":{"@context":"https:\/\/schema.org","@graph":[{"@type":"WebPage","@id":"https:\/\/safetypartners.fi\/kauppa\/tuote\/sallan-paja-sammutuspeitepiilo","url":"https:\/\/safetypartners.fi\/kauppa\/tuote\/sallan-paja-sammutuspeitepiilo","name":"Sallan Paja -sammutuspeitepiilo - Safety Partners","isPartOf":{"@id":"https:\/\/safetypartners.fi\/kauppa\/#website"},"primaryImageOfPage":{"@id":"https:\/\/safetypartners.fi\/kauppa\/tuote\/sallan-paja-sammutuspeitepiilo#primaryimage"},"image":{"@id":"https:\/\/safetypartners.fi\/kauppa\/tuote\/sallan-paja-sammutuspeitepiilo#primaryimage"},"thumbnailUrl":"https:\/\/safetypartners.fi\/kauppa\/wp-content\/uploads\/2022\/09\/Sallan-sammutuspeitteet.png","datePublished":"2022-09-21T14:19:24+00:00","dateModified":"2025-07-23T07:43:25+00:00","description":"Pehme\u00e4st\u00e4 puuvillasta k\u00e4sin luodut, kauniit sammutuspeitepussit valloittavat. Sis\u00e4\u00e4n mahtuu perinteinen, standardin mukainen sammutuspeite (120 x 180cm).","breadcrumb":{"@id":"https:\/\/safetypartners.fi\/kauppa\/tuote\/sallan-paja-sammutuspeitepiilo#breadcrumb"},"inLanguage":"fi","potentialAction":[{"@type":"ReadAction","target":["https:\/\/safetypartners.fi\/kauppa\/tuote\/sallan-paja-sammutuspeitepiilo"]}]},{"@type":"ImageObject","inLanguage":"fi","@id":"https:\/\/safetypartners.fi\/kauppa\/tuote\/sallan-paja-sammutuspeitepiilo#primaryimage","url":"https:\/\/safetypartners.fi\/kauppa\/wp-content\/uploads\/2022\/09\/Sallan-sammutuspeitteet.png","contentUrl":"https:\/\/safetypartners.fi\/kauppa\/wp-content\/uploads\/2022\/09\/Sallan-sammutuspeitteet.png","width":1115,"height":698},{"@type":"BreadcrumbList","@id":"https:\/\/safetypartners.fi\/kauppa\/tuote\/sallan-paja-sammutuspeitepiilo#breadcrumb","itemListElement":[{"@type":"ListItem","position":1,"name":"Home","item":"https:\/\/safetypartners.fi\/kauppa\/"},{"@type":"ListItem","position":2,"name":"Kauppa","item":"https:\/\/safetypartners.fi\/kauppa\/kauppa"},{"@type":"ListItem","position":3,"name":"Sallan Paja -sammutuspeitepiilo"}]},{"@type":"WebSite","@id":"https:\/\/safetypartners.fi\/kauppa\/#website","url":"https:\/\/safetypartners.fi\/kauppa\/","name":"Safety Partners","description":"Safety Partners turvakauppa palvelee verkossa 24\/7!","publisher":{"@id":"https:\/\/safetypartners.fi\/kauppa\/#organization"},"potentialAction":[{"@type":"SearchAction","target":{"@type":"EntryPoint","urlTemplate":"https:\/\/safetypartners.fi\/kauppa\/?s={search_term_string}"},"query-input":{"@type":"PropertyValueSpecification","valueRequired":true,"valueName":"search_term_string"}}],"inLanguage":"fi"},{"@type":"Organization","@id":"https:\/\/safetypartners.fi\/kauppa\/#organization","name":"Safety Partners | Suomen Sammutinpalvelu","url":"https:\/\/safetypartners.fi\/kauppa\/","logo":{"@type":"ImageObject","inLanguage":"fi","@id":"https:\/\/safetypartners.fi\/kauppa\/#\/schema\/logo\/image\/","url":"https:\/\/safetypartners.fi\/kauppa\/wp-content\/uploads\/2020\/05\/cropped-Logoke-1.jpg","contentUrl":"https:\/\/safetypartners.fi\/kauppa\/wp-content\/uploads\/2020\/05\/cropped-Logoke-1.jpg","width":847,"height":717,"caption":"Safety Partners | Suomen Sammutinpalvelu"},"image":{"@id":"https:\/\/safetypartners.fi\/kauppa\/#\/schema\/logo\/image\/"}}]}},"uagb_featured_image_src":{"full":["https:\/\/safetypartners.fi\/kauppa\/wp-content\/uploads\/2022\/09\/Sallan-sammutuspeitteet.png",1115,698,false],"thumbnail":["https:\/\/safetypartners.fi\/kauppa\/wp-content\/uploads\/2022\/09\/Sallan-sammutuspeitteet-150x150.png",150,150,true],"medium":["https:\/\/safetypartners.fi\/kauppa\/wp-content\/uploads\/2022\/09\/Sallan-sammutuspeitteet-300x188.png",300,188,true],"medium_large":["https:\/\/safetypartners.fi\/kauppa\/wp-content\/uploads\/2022\/09\/Sallan-sammutuspeitteet-768x481.png",768,481,true],"large":["https:\/\/safetypartners.fi\/kauppa\/wp-content\/uploads\/2022\/09\/Sallan-sammutuspeitteet-1024x641.png",1024,641,true],"1536x1536":["https:\/\/safetypartners.fi\/kauppa\/wp-content\/uploads\/2022\/09\/Sallan-sammutuspeitteet.png",1115,698,false],"2048x2048":["https:\/\/safetypartners.fi\/kauppa\/wp-content\/uploads\/2022\/09\/Sallan-sammutuspeitteet.png",1115,698,false],"woocommerce_thumbnail":["https:\/\/safetypartners.fi\/kauppa\/wp-content\/uploads\/2022\/09\/Sallan-sammutuspeitteet-300x300.png",300,300,true],"woocommerce_single":["https:\/\/safetypartners.fi\/kauppa\/wp-content\/uploads\/2022\/09\/Sallan-sammutuspeitteet-600x376.png",600,376,true],"woocommerce_gallery_thumbnail":["https:\/\/safetypartners.fi\/kauppa\/wp-content\/uploads\/2022\/09\/Sallan-sammutuspeitteet-100x100.png",100,100,true]},"uagb_author_info":{"display_name":"Anu Lehto","author_link":"https:\/\/safetypartners.fi\/kauppa\/author"},"uagb_comment_info":1,"uagb_excerpt":"Sallan Paja -sammutuspeitepiilot ovat pehme\u00e4st\u00e4 puuvillasta k\u00e4sin luotuja kauniita pusseja sammutuspeitteen ylle keitti\u00f6ss\u00e4 tai takkahuoneessa. Sammutuspeitepiilon sis\u00e4\u00e4n mahtuu perinteinen, standardin mukainen sammutuspeite (120 x 180cm). Sammutuspeite on helppo vet\u00e4ist\u00e4 piilostaan nopeasti, tarpeen tullen! Suomalainen Avainlipputuote. Valitse Sallan sammutuspeitepiilo joko sammutuspeitteell\u00e4 tai ilman:","_links":{"self":[{"href":"https:\/\/safetypartners.fi\/kauppa\/wp-json\/wp\/v2\/product\/1154","targetHints":{"allow":["GET"]}}],"collection":[{"href":"https:\/\/safetypartners.fi\/kauppa\/wp-json\/wp\/v2\/product"}],"about":[{"href":"https:\/\/safetypartners.fi\/kauppa\/wp-json\/wp\/v2\/types\/product"}],"replies":[{"embeddable":true,"href":"https:\/\/safetypartners.fi\/kauppa\/wp-json\/wp\/v2\/comments?post=1154"}],"version-history":[{"count":5,"href":"https:\/\/safetypartners.fi\/kauppa\/wp-json\/wp\/v2\/product\/1154\/revisions"}],"predecessor-version":[{"id":2431,"href":"https:\/\/safetypartners.fi\/kauppa\/wp-json\/wp\/v2\/product\/1154\/revisions\/2431"}],"wp:featuredmedia":[{"embeddable":true,"href":"https:\/\/safetypartners.fi\/kauppa\/wp-json\/wp\/v2\/media\/1273"}],"wp:attachment":[{"href":"https:\/\/safetypartners.fi\/kauppa\/wp-json\/wp\/v2\/media?parent=1154"}],"wp:term":[{"taxonomy":"product_brand","embeddable":true,"href":"https:\/\/safetypartners.fi\/kauppa\/wp-json\/wp\/v2\/product_brand?post=1154"},{"taxonomy":"product_cat","embeddable":true,"href":"https:\/\/safetypartners.fi\/kauppa\/wp-json\/wp\/v2\/product_cat?post=1154"},{"taxonomy":"product_tag","embeddable":true,"href":"https:\/\/safetypartners.fi\/kauppa\/wp-json\/wp\/v2\/product_tag?post=1154"}],"curies":[{"name":"wp","href":"https:\/\/api.w.org\/{rel}","templated":true}]}}