{"id":1365,"date":"2022-10-04T15:16:29","date_gmt":"2022-10-04T12:16:29","guid":{"rendered":"https:\/\/safetypartners.fi\/kauppa\/?post_type=product&#038;p=1365"},"modified":"2025-05-20T13:06:03","modified_gmt":"2025-05-20T10:06:03","slug":"sammutinopaste","status":"publish","type":"product","link":"https:\/\/safetypartners.fi\/kauppa\/tuote\/sammutinopaste","title":{"rendered":"Sammutinopaste"},"content":{"rendered":"<p>Verkkokauppamme kautta suoramyynniss\u00e4 olevat standardikoot:<\/p>\n<ul>\n<li>100 x 100 mm (tarra)<\/li>\n<li>200 x 200 mm<\/li>\n<li>250 x 250 mm<\/li>\n<\/ul>\n<p>Materiaalit:<br \/>\nTarra, muovi, j\u00e4lkivalaiseva muovi<\/p>\n<p>Mik\u00e4li tarvitset muita kokoja\/materiaaleja, olethan meihin <a href=\"https:\/\/safetypartners.fi\/ota-yhteytta\/\">suoraan yhteydess\u00e4<\/a>!<\/p>\n","protected":false},"excerpt":{"rendered":"<p><strong>Sammutinopaste<\/strong> osoittaa sammuttimen paikan. H\u00e4t\u00e4tilanteessa on toimittava ripe\u00e4sti, ja selke\u00e4sti sijoitetut kyltit ja opasteet auttavat l\u00f6yt\u00e4m\u00e4\u00e4n tarvittavat v\u00e4lineet.<\/p>\n<p>Sammutinopaste on saatavilla kolmessa eri koossa, yksi- tai kaksipuolisena. Opaste on valittavissa tarpeen mukaan muovikylttin\u00e4, tarrana sek\u00e4 j\u00e4lkivalaisevana kilpen\u00e4. J\u00e4lkivalaiseva pinta ker\u00e4\u00e4 valoisaan aikaan tai valaistuksen my\u00f6t\u00e4 itseens\u00e4 valoa, jota se hohtaa usean tunnin ajan valojen sammuttuakin.<\/p>\n<p>Valitse tarpeisiisi sopiva opaste t\u00e4st\u00e4:<\/p>\n","protected":false},"featured_media":1372,"comment_status":"open","ping_status":"closed","template":"","meta":{"_uag_custom_page_level_css":"","site-sidebar-layout":"default","site-content-layout":"default","ast-site-content-layout":"default","site-content-style":"default","site-sidebar-style":"default","ast-global-header-display":"","ast-banner-title-visibility":"","ast-main-header-display":"","ast-hfb-above-header-display":"","ast-hfb-below-header-display":"","ast-hfb-mobile-header-display":"","site-post-title":"","ast-breadcrumbs-content":"","ast-featured-img":"","footer-sml-layout":"","ast-disable-related-posts":"","theme-transparent-header-meta":"default","adv-header-id-meta":"","stick-header-meta":"default","header-above-stick-meta":"","header-main-stick-meta":"","header-below-stick-meta":"","astra-migrate-meta-layouts":"set","ast-page-background-enabled":"default","ast-page-background-meta":{"desktop":{"background-color":"","background-image":"","background-repeat":"repeat","background-position":"center center","background-size":"auto","background-attachment":"scroll","background-type":"","background-media":"","overlay-type":"","overlay-color":"","overlay-opacity":"","overlay-gradient":""},"tablet":{"background-color":"","background-image":"","background-repeat":"repeat","background-position":"center center","background-size":"auto","background-attachment":"scroll","background-type":"","background-media":"","overlay-type":"","overlay-color":"","overlay-opacity":"","overlay-gradient":""},"mobile":{"background-color":"","background-image":"","background-repeat":"repeat","background-position":"center center","background-size":"auto","background-attachment":"scroll","background-type":"","background-media":"","overlay-type":"","overlay-color":"","overlay-opacity":"","overlay-gradient":""}},"ast-content-background-meta":{"desktop":{"background-color":"var(--ast-global-color-5)","background-image":"","background-repeat":"repeat","background-position":"center center","background-size":"auto","background-attachment":"scroll","background-type":"","background-media":"","overlay-type":"","overlay-color":"","overlay-opacity":"","overlay-gradient":""},"tablet":{"background-color":"var(--ast-global-color-5)","background-image":"","background-repeat":"repeat","background-position":"center center","background-size":"auto","background-attachment":"scroll","background-type":"","background-media":"","overlay-type":"","overlay-color":"","overlay-opacity":"","overlay-gradient":""},"mobile":{"background-color":"var(--ast-global-color-5)","background-image":"","background-repeat":"repeat","background-position":"center center","background-size":"auto","background-attachment":"scroll","background-type":"","background-media":"","overlay-type":"","overlay-color":"","overlay-opacity":"","overlay-gradient":""}}},"product_brand":[],"product_cat":[15,45,30],"product_tag":[58,1103,1090,592,1086,1096,591,621,109,1092,1094,1095,634],"class_list":{"0":"post-1365","1":"product","2":"type-product","3":"status-publish","4":"has-post-thumbnail","6":"product_cat-yleinen","7":"product_cat-opastekyltit-ja-paloturvakilvet","8":"product_cat-paloturvallisuus","9":"product_tag-jalkivalaiseva","10":"product_tag-kilpi","11":"product_tag-kyltti","12":"product_tag-muovikilvet","13":"product_tag-opaste","14":"product_tag-paloturvallisuus","15":"product_tag-paloturvaopasteet","16":"product_tag-punainen","17":"product_tag-sammutin","18":"product_tag-sammutinopaste","19":"product_tag-sammuttimen-paikka","20":"product_tag-tarra","21":"product_tag-tulipalo","22":"product_shipping_class-suomi","23":"desktop-align-center","24":"tablet-align-center","25":"mobile-align-center","26":"ast-product-gallery-layout-horizontal-slider","27":"ast-product-gallery-with-no-image","28":"ast-product-single-variable","29":"ast-product-tabs-layout-horizontal","31":"first","32":"instock","33":"taxable","34":"shipping-taxable","35":"purchasable","36":"product-type-variable","37":"has-default-attributes"},"yoast_head":"<!-- This site is optimized with the Yoast SEO plugin v27.3 - https:\/\/yoast.com\/product\/yoast-seo-wordpress\/ -->\n<title>Sammutinopaste - Safety Partners<\/title>\n<meta name=\"description\" content=\"Sammutinopaste osoittaa sammuttimen paikan. Saatavilla muovikylttin\u00e4, tarrana sek\u00e4 j\u00e4lkivalaisevana kilpen\u00e4 kolmessa eri koossa, yksi- tai kaksipuolisena.\" \/>\n<meta name=\"robots\" content=\"index, follow, max-snippet:-1, max-image-preview:large, max-video-preview:-1\" \/>\n<link rel=\"canonical\" href=\"https:\/\/safetypartners.fi\/kauppa\/tuote\/sammutinopaste\" \/>\n<meta property=\"og:locale\" content=\"fi_FI\" \/>\n<meta property=\"og:type\" content=\"article\" \/>\n<meta property=\"og:title\" content=\"Sammutinopaste - Safety Partners\" \/>\n<meta property=\"og:description\" content=\"Sammutinopaste osoittaa sammuttimen paikan. Saatavilla muovikylttin\u00e4, tarrana sek\u00e4 j\u00e4lkivalaisevana kilpen\u00e4 kolmessa eri koossa, yksi- tai kaksipuolisena.\" \/>\n<meta property=\"og:url\" content=\"https:\/\/safetypartners.fi\/kauppa\/tuote\/sammutinopaste\" \/>\n<meta property=\"og:site_name\" content=\"Safety Partners\" \/>\n<meta property=\"article:modified_time\" content=\"2025-05-20T10:06:03+00:00\" \/>\n<meta property=\"og:image\" content=\"https:\/\/safetypartners.fi\/kauppa\/wp-content\/uploads\/2022\/10\/sammutin.jpg\" \/>\n\t<meta property=\"og:image:width\" content=\"946\" \/>\n\t<meta property=\"og:image:height\" content=\"945\" \/>\n\t<meta property=\"og:image:type\" content=\"image\/jpeg\" \/>\n<meta name=\"twitter:card\" content=\"summary_large_image\" \/>\n<meta name=\"twitter:label1\" content=\"Arvioitu lukuaika\" \/>\n\t<meta name=\"twitter:data1\" content=\"1 minuutti\" \/>\n<script type=\"application\/ld+json\" class=\"yoast-schema-graph\">{\"@context\":\"https:\\\/\\\/schema.org\",\"@graph\":[{\"@type\":\"WebPage\",\"@id\":\"https:\\\/\\\/safetypartners.fi\\\/kauppa\\\/tuote\\\/sammutinopaste\",\"url\":\"https:\\\/\\\/safetypartners.fi\\\/kauppa\\\/tuote\\\/sammutinopaste\",\"name\":\"Sammutinopaste - Safety Partners\",\"isPartOf\":{\"@id\":\"https:\\\/\\\/safetypartners.fi\\\/kauppa\\\/#website\"},\"primaryImageOfPage\":{\"@id\":\"https:\\\/\\\/safetypartners.fi\\\/kauppa\\\/tuote\\\/sammutinopaste#primaryimage\"},\"image\":{\"@id\":\"https:\\\/\\\/safetypartners.fi\\\/kauppa\\\/tuote\\\/sammutinopaste#primaryimage\"},\"thumbnailUrl\":\"https:\\\/\\\/safetypartners.fi\\\/kauppa\\\/wp-content\\\/uploads\\\/2022\\\/10\\\/sammutin.jpg\",\"datePublished\":\"2022-10-04T12:16:29+00:00\",\"dateModified\":\"2025-05-20T10:06:03+00:00\",\"description\":\"Sammutinopaste osoittaa sammuttimen paikan. Saatavilla muovikylttin\u00e4, tarrana sek\u00e4 j\u00e4lkivalaisevana kilpen\u00e4 kolmessa eri koossa, yksi- tai kaksipuolisena.\",\"breadcrumb\":{\"@id\":\"https:\\\/\\\/safetypartners.fi\\\/kauppa\\\/tuote\\\/sammutinopaste#breadcrumb\"},\"inLanguage\":\"fi\",\"potentialAction\":[{\"@type\":\"ReadAction\",\"target\":[\"https:\\\/\\\/safetypartners.fi\\\/kauppa\\\/tuote\\\/sammutinopaste\"]}]},{\"@type\":\"ImageObject\",\"inLanguage\":\"fi\",\"@id\":\"https:\\\/\\\/safetypartners.fi\\\/kauppa\\\/tuote\\\/sammutinopaste#primaryimage\",\"url\":\"https:\\\/\\\/safetypartners.fi\\\/kauppa\\\/wp-content\\\/uploads\\\/2022\\\/10\\\/sammutin.jpg\",\"contentUrl\":\"https:\\\/\\\/safetypartners.fi\\\/kauppa\\\/wp-content\\\/uploads\\\/2022\\\/10\\\/sammutin.jpg\",\"width\":946,\"height\":945,\"caption\":\"Sammutinopaste\"},{\"@type\":\"BreadcrumbList\",\"@id\":\"https:\\\/\\\/safetypartners.fi\\\/kauppa\\\/tuote\\\/sammutinopaste#breadcrumb\",\"itemListElement\":[{\"@type\":\"ListItem\",\"position\":1,\"name\":\"Home\",\"item\":\"https:\\\/\\\/safetypartners.fi\\\/kauppa\\\/\"},{\"@type\":\"ListItem\",\"position\":2,\"name\":\"Kauppa\",\"item\":\"https:\\\/\\\/safetypartners.fi\\\/kauppa\\\/kauppa\"},{\"@type\":\"ListItem\",\"position\":3,\"name\":\"Sammutinopaste\"}]},{\"@type\":\"WebSite\",\"@id\":\"https:\\\/\\\/safetypartners.fi\\\/kauppa\\\/#website\",\"url\":\"https:\\\/\\\/safetypartners.fi\\\/kauppa\\\/\",\"name\":\"Safety Partners\",\"description\":\"Safety Partners turvakauppa palvelee verkossa 24\\\/7!\",\"publisher\":{\"@id\":\"https:\\\/\\\/safetypartners.fi\\\/kauppa\\\/#organization\"},\"potentialAction\":[{\"@type\":\"SearchAction\",\"target\":{\"@type\":\"EntryPoint\",\"urlTemplate\":\"https:\\\/\\\/safetypartners.fi\\\/kauppa\\\/?s={search_term_string}\"},\"query-input\":{\"@type\":\"PropertyValueSpecification\",\"valueRequired\":true,\"valueName\":\"search_term_string\"}}],\"inLanguage\":\"fi\"},{\"@type\":\"Organization\",\"@id\":\"https:\\\/\\\/safetypartners.fi\\\/kauppa\\\/#organization\",\"name\":\"Safety Partners | Suomen Sammutinpalvelu\",\"url\":\"https:\\\/\\\/safetypartners.fi\\\/kauppa\\\/\",\"logo\":{\"@type\":\"ImageObject\",\"inLanguage\":\"fi\",\"@id\":\"https:\\\/\\\/safetypartners.fi\\\/kauppa\\\/#\\\/schema\\\/logo\\\/image\\\/\",\"url\":\"https:\\\/\\\/safetypartners.fi\\\/kauppa\\\/wp-content\\\/uploads\\\/2020\\\/05\\\/cropped-Logoke-1.jpg\",\"contentUrl\":\"https:\\\/\\\/safetypartners.fi\\\/kauppa\\\/wp-content\\\/uploads\\\/2020\\\/05\\\/cropped-Logoke-1.jpg\",\"width\":847,\"height\":717,\"caption\":\"Safety Partners | Suomen Sammutinpalvelu\"},\"image\":{\"@id\":\"https:\\\/\\\/safetypartners.fi\\\/kauppa\\\/#\\\/schema\\\/logo\\\/image\\\/\"}}]}<\/script>\n<!-- \/ Yoast SEO plugin. -->","yoast_head_json":{"title":"Sammutinopaste - Safety Partners","description":"Sammutinopaste osoittaa sammuttimen paikan. Saatavilla muovikylttin\u00e4, tarrana sek\u00e4 j\u00e4lkivalaisevana kilpen\u00e4 kolmessa eri koossa, yksi- tai kaksipuolisena.","robots":{"index":"index","follow":"follow","max-snippet":"max-snippet:-1","max-image-preview":"max-image-preview:large","max-video-preview":"max-video-preview:-1"},"canonical":"https:\/\/safetypartners.fi\/kauppa\/tuote\/sammutinopaste","og_locale":"fi_FI","og_type":"article","og_title":"Sammutinopaste - Safety Partners","og_description":"Sammutinopaste osoittaa sammuttimen paikan. Saatavilla muovikylttin\u00e4, tarrana sek\u00e4 j\u00e4lkivalaisevana kilpen\u00e4 kolmessa eri koossa, yksi- tai kaksipuolisena.","og_url":"https:\/\/safetypartners.fi\/kauppa\/tuote\/sammutinopaste","og_site_name":"Safety Partners","article_modified_time":"2025-05-20T10:06:03+00:00","og_image":[{"width":946,"height":945,"url":"https:\/\/safetypartners.fi\/kauppa\/wp-content\/uploads\/2022\/10\/sammutin.jpg","type":"image\/jpeg"}],"twitter_card":"summary_large_image","twitter_misc":{"Arvioitu lukuaika":"1 minuutti"},"schema":{"@context":"https:\/\/schema.org","@graph":[{"@type":"WebPage","@id":"https:\/\/safetypartners.fi\/kauppa\/tuote\/sammutinopaste","url":"https:\/\/safetypartners.fi\/kauppa\/tuote\/sammutinopaste","name":"Sammutinopaste - Safety Partners","isPartOf":{"@id":"https:\/\/safetypartners.fi\/kauppa\/#website"},"primaryImageOfPage":{"@id":"https:\/\/safetypartners.fi\/kauppa\/tuote\/sammutinopaste#primaryimage"},"image":{"@id":"https:\/\/safetypartners.fi\/kauppa\/tuote\/sammutinopaste#primaryimage"},"thumbnailUrl":"https:\/\/safetypartners.fi\/kauppa\/wp-content\/uploads\/2022\/10\/sammutin.jpg","datePublished":"2022-10-04T12:16:29+00:00","dateModified":"2025-05-20T10:06:03+00:00","description":"Sammutinopaste osoittaa sammuttimen paikan. Saatavilla muovikylttin\u00e4, tarrana sek\u00e4 j\u00e4lkivalaisevana kilpen\u00e4 kolmessa eri koossa, yksi- tai kaksipuolisena.","breadcrumb":{"@id":"https:\/\/safetypartners.fi\/kauppa\/tuote\/sammutinopaste#breadcrumb"},"inLanguage":"fi","potentialAction":[{"@type":"ReadAction","target":["https:\/\/safetypartners.fi\/kauppa\/tuote\/sammutinopaste"]}]},{"@type":"ImageObject","inLanguage":"fi","@id":"https:\/\/safetypartners.fi\/kauppa\/tuote\/sammutinopaste#primaryimage","url":"https:\/\/safetypartners.fi\/kauppa\/wp-content\/uploads\/2022\/10\/sammutin.jpg","contentUrl":"https:\/\/safetypartners.fi\/kauppa\/wp-content\/uploads\/2022\/10\/sammutin.jpg","width":946,"height":945,"caption":"Sammutinopaste"},{"@type":"BreadcrumbList","@id":"https:\/\/safetypartners.fi\/kauppa\/tuote\/sammutinopaste#breadcrumb","itemListElement":[{"@type":"ListItem","position":1,"name":"Home","item":"https:\/\/safetypartners.fi\/kauppa\/"},{"@type":"ListItem","position":2,"name":"Kauppa","item":"https:\/\/safetypartners.fi\/kauppa\/kauppa"},{"@type":"ListItem","position":3,"name":"Sammutinopaste"}]},{"@type":"WebSite","@id":"https:\/\/safetypartners.fi\/kauppa\/#website","url":"https:\/\/safetypartners.fi\/kauppa\/","name":"Safety Partners","description":"Safety Partners turvakauppa palvelee verkossa 24\/7!","publisher":{"@id":"https:\/\/safetypartners.fi\/kauppa\/#organization"},"potentialAction":[{"@type":"SearchAction","target":{"@type":"EntryPoint","urlTemplate":"https:\/\/safetypartners.fi\/kauppa\/?s={search_term_string}"},"query-input":{"@type":"PropertyValueSpecification","valueRequired":true,"valueName":"search_term_string"}}],"inLanguage":"fi"},{"@type":"Organization","@id":"https:\/\/safetypartners.fi\/kauppa\/#organization","name":"Safety Partners | Suomen Sammutinpalvelu","url":"https:\/\/safetypartners.fi\/kauppa\/","logo":{"@type":"ImageObject","inLanguage":"fi","@id":"https:\/\/safetypartners.fi\/kauppa\/#\/schema\/logo\/image\/","url":"https:\/\/safetypartners.fi\/kauppa\/wp-content\/uploads\/2020\/05\/cropped-Logoke-1.jpg","contentUrl":"https:\/\/safetypartners.fi\/kauppa\/wp-content\/uploads\/2020\/05\/cropped-Logoke-1.jpg","width":847,"height":717,"caption":"Safety Partners | Suomen Sammutinpalvelu"},"image":{"@id":"https:\/\/safetypartners.fi\/kauppa\/#\/schema\/logo\/image\/"}}]}},"uagb_featured_image_src":{"full":["https:\/\/safetypartners.fi\/kauppa\/wp-content\/uploads\/2022\/10\/sammutin.jpg",946,945,false],"thumbnail":["https:\/\/safetypartners.fi\/kauppa\/wp-content\/uploads\/2022\/10\/sammutin-150x150.jpg",150,150,true],"medium":["https:\/\/safetypartners.fi\/kauppa\/wp-content\/uploads\/2022\/10\/sammutin-300x300.jpg",300,300,true],"medium_large":["https:\/\/safetypartners.fi\/kauppa\/wp-content\/uploads\/2022\/10\/sammutin-768x767.jpg",768,767,true],"large":["https:\/\/safetypartners.fi\/kauppa\/wp-content\/uploads\/2022\/10\/sammutin.jpg",946,945,false],"1536x1536":["https:\/\/safetypartners.fi\/kauppa\/wp-content\/uploads\/2022\/10\/sammutin.jpg",946,945,false],"2048x2048":["https:\/\/safetypartners.fi\/kauppa\/wp-content\/uploads\/2022\/10\/sammutin.jpg",946,945,false],"woocommerce_thumbnail":["https:\/\/safetypartners.fi\/kauppa\/wp-content\/uploads\/2022\/10\/sammutin-300x300.jpg",300,300,true],"woocommerce_single":["https:\/\/safetypartners.fi\/kauppa\/wp-content\/uploads\/2022\/10\/sammutin-600x599.jpg",600,599,true],"woocommerce_gallery_thumbnail":["https:\/\/safetypartners.fi\/kauppa\/wp-content\/uploads\/2022\/10\/sammutin-100x100.jpg",100,100,true]},"uagb_author_info":{"display_name":"Anu Lehto","author_link":"https:\/\/safetypartners.fi\/kauppa\/author"},"uagb_comment_info":0,"uagb_excerpt":"Sammutinopaste osoittaa sammuttimen paikan. H\u00e4t\u00e4tilanteessa on toimittava ripe\u00e4sti, ja selke\u00e4sti sijoitetut kyltit ja opasteet auttavat l\u00f6yt\u00e4m\u00e4\u00e4n tarvittavat v\u00e4lineet. Sammutinopaste on saatavilla kolmessa eri koossa, yksi- tai kaksipuolisena. Opaste on valittavissa tarpeen mukaan muovikylttin\u00e4, tarrana sek\u00e4 j\u00e4lkivalaisevana kilpen\u00e4. J\u00e4lkivalaiseva pinta ker\u00e4\u00e4 valoisaan aikaan tai valaistuksen my\u00f6t\u00e4 itseens\u00e4 valoa, jota se hohtaa usean tunnin ajan valojen sammuttuakin.&hellip;","_links":{"self":[{"href":"https:\/\/safetypartners.fi\/kauppa\/wp-json\/wp\/v2\/product\/1365","targetHints":{"allow":["GET"]}}],"collection":[{"href":"https:\/\/safetypartners.fi\/kauppa\/wp-json\/wp\/v2\/product"}],"about":[{"href":"https:\/\/safetypartners.fi\/kauppa\/wp-json\/wp\/v2\/types\/product"}],"replies":[{"embeddable":true,"href":"https:\/\/safetypartners.fi\/kauppa\/wp-json\/wp\/v2\/comments?post=1365"}],"version-history":[{"count":4,"href":"https:\/\/safetypartners.fi\/kauppa\/wp-json\/wp\/v2\/product\/1365\/revisions"}],"predecessor-version":[{"id":2520,"href":"https:\/\/safetypartners.fi\/kauppa\/wp-json\/wp\/v2\/product\/1365\/revisions\/2520"}],"wp:featuredmedia":[{"embeddable":true,"href":"https:\/\/safetypartners.fi\/kauppa\/wp-json\/wp\/v2\/media\/1372"}],"wp:attachment":[{"href":"https:\/\/safetypartners.fi\/kauppa\/wp-json\/wp\/v2\/media?parent=1365"}],"wp:term":[{"taxonomy":"product_brand","embeddable":true,"href":"https:\/\/safetypartners.fi\/kauppa\/wp-json\/wp\/v2\/product_brand?post=1365"},{"taxonomy":"product_cat","embeddable":true,"href":"https:\/\/safetypartners.fi\/kauppa\/wp-json\/wp\/v2\/product_cat?post=1365"},{"taxonomy":"product_tag","embeddable":true,"href":"https:\/\/safetypartners.fi\/kauppa\/wp-json\/wp\/v2\/product_tag?post=1365"}],"curies":[{"name":"wp","href":"https:\/\/api.w.org\/{rel}","templated":true}]}}