{"id":1889,"date":"2024-06-18T12:23:41","date_gmt":"2024-06-18T09:23:41","guid":{"rendered":"https:\/\/safetypartners.fi\/kauppa\/?post_type=product&#038;p=1889"},"modified":"2026-02-16T12:51:56","modified_gmt":"2026-02-16T10:51:56","slug":"housegard-silikonipinnoitteinen-sammutuspeite-120-x-180-cm","status":"publish","type":"product","link":"https:\/\/safetypartners.fi\/kauppa\/tuote\/housegard-silikonipinnoitteinen-sammutuspeite-120-x-180-cm","title":{"rendered":"Housegard silikonipinnoitteinen sammutuspeite, 120 x 180 cm"},"content":{"rendered":"<p align=\"justify\"><strong>Mik\u00e4li kotonasi syttyy palamaan rasva paistinpannussa, tai huomaat verhoista tai televisiosta nousevan savua, toimi seuraavasti:<\/strong><\/p>\n<p>1) katkaise virransy\u00f6tt\u00f6 v\u00e4litt\u00f6m\u00e4sti, joko laitteesta itsest\u00e4\u00e4n tai asunnon s\u00e4hk\u00f6kaapin p\u00e4\u00e4katkaisijasta;<\/p>\n<p>2) peit\u00e4 palava tai kytev\u00e4 esine sammutuspeitteell\u00e4, itse\u00e4si samalla suojaten;<\/p>\n<p>3) kutsu palokunta paikalle soittamalla <b>112<\/b>.<\/p>\n<div data-content-type=\"row\" data-appearance=\"contained\" data-element=\"main\">\n<div data-enable-parallax=\"0\" data-parallax-speed=\"0.5\" data-background-images=\"{}\" data-background-type=\"image\" data-video-loop=\"true\" data-video-play-only-visible=\"true\" data-video-lazy-load=\"true\" data-video-fallback-src=\"\" data-element=\"inner\" data-pb-style=\"I4AATY2\">\n<div data-content-type=\"text\" data-appearance=\"default\" data-element=\"main\">\n<p><strong><br \/>\nSilikonipeitteen ominaisuudet:<br \/>\n<\/strong><\/p>\n<ul>\n<li>Silikonipinnoitettua lasikuitua<\/li>\n<li>K\u00e4ytt\u00f6 mahdollista ihoa \u00e4rsytt\u00e4m\u00e4tt\u00e4<\/li>\n<li>Tehokas alkavan palon tukahduttaja<\/li>\n<li>Sijoita keitti\u00f6\u00f6n, takkahuoneeseen, toimistohuoneeseen<\/li>\n<li>K\u00e4tev\u00e4 julkisen sektorin k\u00e4ytt\u00f6\u00f6n<\/li>\n<li>5 vuoden takuu<\/li>\n<li>Sertifiointi: EN 1869:2019<\/li>\n<\/ul>\n<\/div>\n<\/div>\n<\/div>\n","protected":false},"excerpt":{"rendered":"<div class=\"product attribute overview\">\n<div class=\"value\">\n<p><strong>Housegardin silikonipinnoitteinen sammutuspeite<\/strong> on tehokas alkusammutusv\u00e4line kotona ja konttorilla alkavien pikkupalojen tukahduttamiseen. Syttyviin kankaisiin tai pieniin keitti\u00f6paloihin sammutuspeite tehoaa nopeasti. Silikonipinnoitteen on todistettu tehostavan palon sammuttamista, perinteisiin lasikuitupeitteisiin n\u00e4hden. Silikonipinnoite ei my\u00f6sk\u00e4\u00e4n \u00e4rsyt\u00e4 k\u00e4ytt\u00e4j\u00e4n ihoa lasikuitukankaan tapaan.<\/p>\n<p>Silikonipinnoitettu peite on tavallista sammutuspeitett\u00e4 ilmatiiviimpi, ja n\u00e4in palon tukahduttaminen on helpompaa. 120 x 180 senttimetrinen sammutuspeite sopii sein\u00e4ll\u00e4 my\u00f6s kauniiden <a href=\"https:\/\/safetypartners.fi\/kauppa\/tuote\/sallan-paja-sammutuspeitepiilo\">sammutuspeitepiilojen<\/a> sis\u00e4\u00e4n.<\/p>\n<\/div>\n<\/div>\n","protected":false},"featured_media":1890,"comment_status":"open","ping_status":"closed","template":"","meta":{"_uag_custom_page_level_css":"","site-sidebar-layout":"default","site-content-layout":"default","ast-site-content-layout":"default","site-content-style":"default","site-sidebar-style":"default","ast-global-header-display":"","ast-banner-title-visibility":"","ast-main-header-display":"","ast-hfb-above-header-display":"","ast-hfb-below-header-display":"","ast-hfb-mobile-header-display":"","site-post-title":"","ast-breadcrumbs-content":"","ast-featured-img":"","footer-sml-layout":"","ast-disable-related-posts":"","theme-transparent-header-meta":"default","adv-header-id-meta":"","stick-header-meta":"default","header-above-stick-meta":"","header-main-stick-meta":"","header-below-stick-meta":"","astra-migrate-meta-layouts":"set","ast-page-background-enabled":"default","ast-page-background-meta":{"desktop":{"background-color":"","background-image":"","background-repeat":"repeat","background-position":"center center","background-size":"auto","background-attachment":"scroll","background-type":"","background-media":"","overlay-type":"","overlay-color":"","overlay-opacity":"","overlay-gradient":""},"tablet":{"background-color":"","background-image":"","background-repeat":"repeat","background-position":"center center","background-size":"auto","background-attachment":"scroll","background-type":"","background-media":"","overlay-type":"","overlay-color":"","overlay-opacity":"","overlay-gradient":""},"mobile":{"background-color":"","background-image":"","background-repeat":"repeat","background-position":"center center","background-size":"auto","background-attachment":"scroll","background-type":"","background-media":"","overlay-type":"","overlay-color":"","overlay-opacity":"","overlay-gradient":""}},"ast-content-background-meta":{"desktop":{"background-color":"var(--ast-global-color-5)","background-image":"","background-repeat":"repeat","background-position":"center center","background-size":"auto","background-attachment":"scroll","background-type":"","background-media":"","overlay-type":"","overlay-color":"","overlay-opacity":"","overlay-gradient":""},"tablet":{"background-color":"var(--ast-global-color-5)","background-image":"","background-repeat":"repeat","background-position":"center center","background-size":"auto","background-attachment":"scroll","background-type":"","background-media":"","overlay-type":"","overlay-color":"","overlay-opacity":"","overlay-gradient":""},"mobile":{"background-color":"var(--ast-global-color-5)","background-image":"","background-repeat":"repeat","background-position":"center center","background-size":"auto","background-attachment":"scroll","background-type":"","background-media":"","overlay-type":"","overlay-color":"","overlay-opacity":"","overlay-gradient":""}}},"product_brand":[],"product_cat":[15,30,550],"product_tag":[558,225,616,618,620,621,513,619,615,614,617],"class_list":{"0":"post-1889","1":"product","2":"type-product","3":"status-publish","4":"has-post-thumbnail","6":"product_cat-yleinen","7":"product_cat-paloturvallisuus","8":"product_cat-sammutuspeitteet","9":"product_tag-120-x-180cm","10":"product_tag-alkusammutus","11":"product_tag-ei-arsyta-ihoa","12":"product_tag-peite","13":"product_tag-peitto","14":"product_tag-punainen","15":"product_tag-sammutuspeite","16":"product_tag-sammutuspeitto","17":"product_tag-silikoni","18":"product_tag-silikonipinnoitteinen-sammutuspeite","19":"product_tag-tehokas","20":"product_shipping_class-suomi","21":"desktop-align-center","22":"tablet-align-center","23":"mobile-align-center","24":"ast-product-gallery-layout-horizontal-slider","25":"ast-product-tabs-layout-horizontal","27":"first","28":"instock","29":"taxable","30":"shipping-taxable","31":"purchasable","32":"product-type-simple"},"yoast_head":"<!-- This site is optimized with the Yoast SEO plugin v27.3 - https:\/\/yoast.com\/product\/yoast-seo-wordpress\/ -->\n<title>Housegard silikonipinnoitteinen sammutuspeite, 120 x 180 cm - Safety Partners<\/title>\n<meta name=\"description\" content=\"Tehokas tulipalon tukahduttamisv\u00e4line kotona ja konttorilla. Silikonipinnoitteen on todistettu tehostavan palon sammuttamista, ihoa \u00e4rsytt\u00e4m\u00e4tt\u00e4.\" \/>\n<meta name=\"robots\" content=\"index, follow, max-snippet:-1, max-image-preview:large, max-video-preview:-1\" \/>\n<link rel=\"canonical\" href=\"https:\/\/safetypartners.fi\/kauppa\/tuote\/housegard-silikonipinnoitteinen-sammutuspeite-120-x-180-cm\" \/>\n<meta property=\"og:locale\" content=\"fi_FI\" \/>\n<meta property=\"og:type\" content=\"article\" \/>\n<meta property=\"og:title\" content=\"Housegard silikonipinnoitteinen sammutuspeite, 120 x 180 cm - Safety Partners\" \/>\n<meta property=\"og:description\" content=\"Tehokas tulipalon tukahduttamisv\u00e4line kotona ja konttorilla. Silikonipinnoitteen on todistettu tehostavan palon sammuttamista, ihoa \u00e4rsytt\u00e4m\u00e4tt\u00e4.\" \/>\n<meta property=\"og:url\" content=\"https:\/\/safetypartners.fi\/kauppa\/tuote\/housegard-silikonipinnoitteinen-sammutuspeite-120-x-180-cm\" \/>\n<meta property=\"og:site_name\" content=\"Safety Partners\" \/>\n<meta property=\"article:modified_time\" content=\"2026-02-16T10:51:56+00:00\" \/>\n<meta property=\"og:image\" content=\"https:\/\/safetypartners.fi\/kauppa\/wp-content\/uploads\/2024\/06\/Housegard-sammutuspeite-120x180-cm-silikonipinnoite.png\" \/>\n\t<meta property=\"og:image:width\" content=\"1500\" \/>\n\t<meta property=\"og:image:height\" content=\"1500\" \/>\n\t<meta property=\"og:image:type\" content=\"image\/png\" \/>\n<meta name=\"twitter:card\" content=\"summary_large_image\" \/>\n<meta name=\"twitter:label1\" content=\"Arvioitu lukuaika\" \/>\n\t<meta name=\"twitter:data1\" content=\"1 minuutti\" \/>\n<script type=\"application\/ld+json\" class=\"yoast-schema-graph\">{\"@context\":\"https:\\\/\\\/schema.org\",\"@graph\":[{\"@type\":\"WebPage\",\"@id\":\"https:\\\/\\\/safetypartners.fi\\\/kauppa\\\/tuote\\\/housegard-silikonipinnoitteinen-sammutuspeite-120-x-180-cm\",\"url\":\"https:\\\/\\\/safetypartners.fi\\\/kauppa\\\/tuote\\\/housegard-silikonipinnoitteinen-sammutuspeite-120-x-180-cm\",\"name\":\"Housegard silikonipinnoitteinen sammutuspeite, 120 x 180 cm - Safety Partners\",\"isPartOf\":{\"@id\":\"https:\\\/\\\/safetypartners.fi\\\/kauppa\\\/#website\"},\"primaryImageOfPage\":{\"@id\":\"https:\\\/\\\/safetypartners.fi\\\/kauppa\\\/tuote\\\/housegard-silikonipinnoitteinen-sammutuspeite-120-x-180-cm#primaryimage\"},\"image\":{\"@id\":\"https:\\\/\\\/safetypartners.fi\\\/kauppa\\\/tuote\\\/housegard-silikonipinnoitteinen-sammutuspeite-120-x-180-cm#primaryimage\"},\"thumbnailUrl\":\"https:\\\/\\\/safetypartners.fi\\\/kauppa\\\/wp-content\\\/uploads\\\/2024\\\/06\\\/Housegard-sammutuspeite-120x180-cm-silikonipinnoite.png\",\"datePublished\":\"2024-06-18T09:23:41+00:00\",\"dateModified\":\"2026-02-16T10:51:56+00:00\",\"description\":\"Tehokas tulipalon tukahduttamisv\u00e4line kotona ja konttorilla. Silikonipinnoitteen on todistettu tehostavan palon sammuttamista, ihoa \u00e4rsytt\u00e4m\u00e4tt\u00e4.\",\"breadcrumb\":{\"@id\":\"https:\\\/\\\/safetypartners.fi\\\/kauppa\\\/tuote\\\/housegard-silikonipinnoitteinen-sammutuspeite-120-x-180-cm#breadcrumb\"},\"inLanguage\":\"fi\",\"potentialAction\":[{\"@type\":\"ReadAction\",\"target\":[\"https:\\\/\\\/safetypartners.fi\\\/kauppa\\\/tuote\\\/housegard-silikonipinnoitteinen-sammutuspeite-120-x-180-cm\"]}]},{\"@type\":\"ImageObject\",\"inLanguage\":\"fi\",\"@id\":\"https:\\\/\\\/safetypartners.fi\\\/kauppa\\\/tuote\\\/housegard-silikonipinnoitteinen-sammutuspeite-120-x-180-cm#primaryimage\",\"url\":\"https:\\\/\\\/safetypartners.fi\\\/kauppa\\\/wp-content\\\/uploads\\\/2024\\\/06\\\/Housegard-sammutuspeite-120x180-cm-silikonipinnoite.png\",\"contentUrl\":\"https:\\\/\\\/safetypartners.fi\\\/kauppa\\\/wp-content\\\/uploads\\\/2024\\\/06\\\/Housegard-sammutuspeite-120x180-cm-silikonipinnoite.png\",\"width\":1500,\"height\":1500,\"caption\":\"Silikonipinnoitteen on todistettu tehostavan tulipalon sammuttamista.\"},{\"@type\":\"BreadcrumbList\",\"@id\":\"https:\\\/\\\/safetypartners.fi\\\/kauppa\\\/tuote\\\/housegard-silikonipinnoitteinen-sammutuspeite-120-x-180-cm#breadcrumb\",\"itemListElement\":[{\"@type\":\"ListItem\",\"position\":1,\"name\":\"Home\",\"item\":\"https:\\\/\\\/safetypartners.fi\\\/kauppa\\\/\"},{\"@type\":\"ListItem\",\"position\":2,\"name\":\"Kauppa\",\"item\":\"https:\\\/\\\/safetypartners.fi\\\/kauppa\\\/kauppa\"},{\"@type\":\"ListItem\",\"position\":3,\"name\":\"Housegard silikonipinnoitteinen sammutuspeite, 120 x 180 cm\"}]},{\"@type\":\"WebSite\",\"@id\":\"https:\\\/\\\/safetypartners.fi\\\/kauppa\\\/#website\",\"url\":\"https:\\\/\\\/safetypartners.fi\\\/kauppa\\\/\",\"name\":\"Safety Partners\",\"description\":\"Safety Partners turvakauppa palvelee verkossa 24\\\/7!\",\"publisher\":{\"@id\":\"https:\\\/\\\/safetypartners.fi\\\/kauppa\\\/#organization\"},\"potentialAction\":[{\"@type\":\"SearchAction\",\"target\":{\"@type\":\"EntryPoint\",\"urlTemplate\":\"https:\\\/\\\/safetypartners.fi\\\/kauppa\\\/?s={search_term_string}\"},\"query-input\":{\"@type\":\"PropertyValueSpecification\",\"valueRequired\":true,\"valueName\":\"search_term_string\"}}],\"inLanguage\":\"fi\"},{\"@type\":\"Organization\",\"@id\":\"https:\\\/\\\/safetypartners.fi\\\/kauppa\\\/#organization\",\"name\":\"Safety Partners | Suomen Sammutinpalvelu\",\"url\":\"https:\\\/\\\/safetypartners.fi\\\/kauppa\\\/\",\"logo\":{\"@type\":\"ImageObject\",\"inLanguage\":\"fi\",\"@id\":\"https:\\\/\\\/safetypartners.fi\\\/kauppa\\\/#\\\/schema\\\/logo\\\/image\\\/\",\"url\":\"https:\\\/\\\/safetypartners.fi\\\/kauppa\\\/wp-content\\\/uploads\\\/2020\\\/05\\\/cropped-Logoke-1.jpg\",\"contentUrl\":\"https:\\\/\\\/safetypartners.fi\\\/kauppa\\\/wp-content\\\/uploads\\\/2020\\\/05\\\/cropped-Logoke-1.jpg\",\"width\":847,\"height\":717,\"caption\":\"Safety Partners | Suomen Sammutinpalvelu\"},\"image\":{\"@id\":\"https:\\\/\\\/safetypartners.fi\\\/kauppa\\\/#\\\/schema\\\/logo\\\/image\\\/\"}}]}<\/script>\n<!-- \/ Yoast SEO plugin. -->","yoast_head_json":{"title":"Housegard silikonipinnoitteinen sammutuspeite, 120 x 180 cm - Safety Partners","description":"Tehokas tulipalon tukahduttamisv\u00e4line kotona ja konttorilla. Silikonipinnoitteen on todistettu tehostavan palon sammuttamista, ihoa \u00e4rsytt\u00e4m\u00e4tt\u00e4.","robots":{"index":"index","follow":"follow","max-snippet":"max-snippet:-1","max-image-preview":"max-image-preview:large","max-video-preview":"max-video-preview:-1"},"canonical":"https:\/\/safetypartners.fi\/kauppa\/tuote\/housegard-silikonipinnoitteinen-sammutuspeite-120-x-180-cm","og_locale":"fi_FI","og_type":"article","og_title":"Housegard silikonipinnoitteinen sammutuspeite, 120 x 180 cm - Safety Partners","og_description":"Tehokas tulipalon tukahduttamisv\u00e4line kotona ja konttorilla. Silikonipinnoitteen on todistettu tehostavan palon sammuttamista, ihoa \u00e4rsytt\u00e4m\u00e4tt\u00e4.","og_url":"https:\/\/safetypartners.fi\/kauppa\/tuote\/housegard-silikonipinnoitteinen-sammutuspeite-120-x-180-cm","og_site_name":"Safety Partners","article_modified_time":"2026-02-16T10:51:56+00:00","og_image":[{"width":1500,"height":1500,"url":"https:\/\/safetypartners.fi\/kauppa\/wp-content\/uploads\/2024\/06\/Housegard-sammutuspeite-120x180-cm-silikonipinnoite.png","type":"image\/png"}],"twitter_card":"summary_large_image","twitter_misc":{"Arvioitu lukuaika":"1 minuutti"},"schema":{"@context":"https:\/\/schema.org","@graph":[{"@type":"WebPage","@id":"https:\/\/safetypartners.fi\/kauppa\/tuote\/housegard-silikonipinnoitteinen-sammutuspeite-120-x-180-cm","url":"https:\/\/safetypartners.fi\/kauppa\/tuote\/housegard-silikonipinnoitteinen-sammutuspeite-120-x-180-cm","name":"Housegard silikonipinnoitteinen sammutuspeite, 120 x 180 cm - Safety Partners","isPartOf":{"@id":"https:\/\/safetypartners.fi\/kauppa\/#website"},"primaryImageOfPage":{"@id":"https:\/\/safetypartners.fi\/kauppa\/tuote\/housegard-silikonipinnoitteinen-sammutuspeite-120-x-180-cm#primaryimage"},"image":{"@id":"https:\/\/safetypartners.fi\/kauppa\/tuote\/housegard-silikonipinnoitteinen-sammutuspeite-120-x-180-cm#primaryimage"},"thumbnailUrl":"https:\/\/safetypartners.fi\/kauppa\/wp-content\/uploads\/2024\/06\/Housegard-sammutuspeite-120x180-cm-silikonipinnoite.png","datePublished":"2024-06-18T09:23:41+00:00","dateModified":"2026-02-16T10:51:56+00:00","description":"Tehokas tulipalon tukahduttamisv\u00e4line kotona ja konttorilla. Silikonipinnoitteen on todistettu tehostavan palon sammuttamista, ihoa \u00e4rsytt\u00e4m\u00e4tt\u00e4.","breadcrumb":{"@id":"https:\/\/safetypartners.fi\/kauppa\/tuote\/housegard-silikonipinnoitteinen-sammutuspeite-120-x-180-cm#breadcrumb"},"inLanguage":"fi","potentialAction":[{"@type":"ReadAction","target":["https:\/\/safetypartners.fi\/kauppa\/tuote\/housegard-silikonipinnoitteinen-sammutuspeite-120-x-180-cm"]}]},{"@type":"ImageObject","inLanguage":"fi","@id":"https:\/\/safetypartners.fi\/kauppa\/tuote\/housegard-silikonipinnoitteinen-sammutuspeite-120-x-180-cm#primaryimage","url":"https:\/\/safetypartners.fi\/kauppa\/wp-content\/uploads\/2024\/06\/Housegard-sammutuspeite-120x180-cm-silikonipinnoite.png","contentUrl":"https:\/\/safetypartners.fi\/kauppa\/wp-content\/uploads\/2024\/06\/Housegard-sammutuspeite-120x180-cm-silikonipinnoite.png","width":1500,"height":1500,"caption":"Silikonipinnoitteen on todistettu tehostavan tulipalon sammuttamista."},{"@type":"BreadcrumbList","@id":"https:\/\/safetypartners.fi\/kauppa\/tuote\/housegard-silikonipinnoitteinen-sammutuspeite-120-x-180-cm#breadcrumb","itemListElement":[{"@type":"ListItem","position":1,"name":"Home","item":"https:\/\/safetypartners.fi\/kauppa\/"},{"@type":"ListItem","position":2,"name":"Kauppa","item":"https:\/\/safetypartners.fi\/kauppa\/kauppa"},{"@type":"ListItem","position":3,"name":"Housegard silikonipinnoitteinen sammutuspeite, 120 x 180 cm"}]},{"@type":"WebSite","@id":"https:\/\/safetypartners.fi\/kauppa\/#website","url":"https:\/\/safetypartners.fi\/kauppa\/","name":"Safety Partners","description":"Safety Partners turvakauppa palvelee verkossa 24\/7!","publisher":{"@id":"https:\/\/safetypartners.fi\/kauppa\/#organization"},"potentialAction":[{"@type":"SearchAction","target":{"@type":"EntryPoint","urlTemplate":"https:\/\/safetypartners.fi\/kauppa\/?s={search_term_string}"},"query-input":{"@type":"PropertyValueSpecification","valueRequired":true,"valueName":"search_term_string"}}],"inLanguage":"fi"},{"@type":"Organization","@id":"https:\/\/safetypartners.fi\/kauppa\/#organization","name":"Safety Partners | Suomen Sammutinpalvelu","url":"https:\/\/safetypartners.fi\/kauppa\/","logo":{"@type":"ImageObject","inLanguage":"fi","@id":"https:\/\/safetypartners.fi\/kauppa\/#\/schema\/logo\/image\/","url":"https:\/\/safetypartners.fi\/kauppa\/wp-content\/uploads\/2020\/05\/cropped-Logoke-1.jpg","contentUrl":"https:\/\/safetypartners.fi\/kauppa\/wp-content\/uploads\/2020\/05\/cropped-Logoke-1.jpg","width":847,"height":717,"caption":"Safety Partners | Suomen Sammutinpalvelu"},"image":{"@id":"https:\/\/safetypartners.fi\/kauppa\/#\/schema\/logo\/image\/"}}]}},"uagb_featured_image_src":{"full":["https:\/\/safetypartners.fi\/kauppa\/wp-content\/uploads\/2024\/06\/Housegard-sammutuspeite-120x180-cm-silikonipinnoite.png",1500,1500,false],"thumbnail":["https:\/\/safetypartners.fi\/kauppa\/wp-content\/uploads\/2024\/06\/Housegard-sammutuspeite-120x180-cm-silikonipinnoite-150x150.png",150,150,true],"medium":["https:\/\/safetypartners.fi\/kauppa\/wp-content\/uploads\/2024\/06\/Housegard-sammutuspeite-120x180-cm-silikonipinnoite-300x300.png",300,300,true],"medium_large":["https:\/\/safetypartners.fi\/kauppa\/wp-content\/uploads\/2024\/06\/Housegard-sammutuspeite-120x180-cm-silikonipinnoite-768x768.png",768,768,true],"large":["https:\/\/safetypartners.fi\/kauppa\/wp-content\/uploads\/2024\/06\/Housegard-sammutuspeite-120x180-cm-silikonipinnoite-1024x1024.png",1024,1024,true],"1536x1536":["https:\/\/safetypartners.fi\/kauppa\/wp-content\/uploads\/2024\/06\/Housegard-sammutuspeite-120x180-cm-silikonipinnoite.png",1500,1500,false],"2048x2048":["https:\/\/safetypartners.fi\/kauppa\/wp-content\/uploads\/2024\/06\/Housegard-sammutuspeite-120x180-cm-silikonipinnoite.png",1500,1500,false],"woocommerce_thumbnail":["https:\/\/safetypartners.fi\/kauppa\/wp-content\/uploads\/2024\/06\/Housegard-sammutuspeite-120x180-cm-silikonipinnoite-300x300.png",300,300,true],"woocommerce_single":["https:\/\/safetypartners.fi\/kauppa\/wp-content\/uploads\/2024\/06\/Housegard-sammutuspeite-120x180-cm-silikonipinnoite-600x600.png",600,600,true],"woocommerce_gallery_thumbnail":["https:\/\/safetypartners.fi\/kauppa\/wp-content\/uploads\/2024\/06\/Housegard-sammutuspeite-120x180-cm-silikonipinnoite-100x100.png",100,100,true]},"uagb_author_info":{"display_name":"Anu Lehto","author_link":"https:\/\/safetypartners.fi\/kauppa\/author"},"uagb_comment_info":1,"uagb_excerpt":"Housegardin silikonipinnoitteinen sammutuspeite on tehokas alkusammutusv\u00e4line kotona ja konttorilla alkavien pikkupalojen tukahduttamiseen. Syttyviin kankaisiin tai pieniin keitti\u00f6paloihin sammutuspeite tehoaa nopeasti. Silikonipinnoitteen on todistettu tehostavan palon sammuttamista, perinteisiin lasikuitupeitteisiin n\u00e4hden. Silikonipinnoite ei my\u00f6sk\u00e4\u00e4n \u00e4rsyt\u00e4 k\u00e4ytt\u00e4j\u00e4n ihoa lasikuitukankaan tapaan. Silikonipinnoitettu peite on tavallista sammutuspeitett\u00e4 ilmatiiviimpi, ja n\u00e4in palon tukahduttaminen on helpompaa. 120 x 180 senttimetrinen sammutuspeite sopii&hellip;","_links":{"self":[{"href":"https:\/\/safetypartners.fi\/kauppa\/wp-json\/wp\/v2\/product\/1889","targetHints":{"allow":["GET"]}}],"collection":[{"href":"https:\/\/safetypartners.fi\/kauppa\/wp-json\/wp\/v2\/product"}],"about":[{"href":"https:\/\/safetypartners.fi\/kauppa\/wp-json\/wp\/v2\/types\/product"}],"replies":[{"embeddable":true,"href":"https:\/\/safetypartners.fi\/kauppa\/wp-json\/wp\/v2\/comments?post=1889"}],"version-history":[{"count":3,"href":"https:\/\/safetypartners.fi\/kauppa\/wp-json\/wp\/v2\/product\/1889\/revisions"}],"predecessor-version":[{"id":1894,"href":"https:\/\/safetypartners.fi\/kauppa\/wp-json\/wp\/v2\/product\/1889\/revisions\/1894"}],"wp:featuredmedia":[{"embeddable":true,"href":"https:\/\/safetypartners.fi\/kauppa\/wp-json\/wp\/v2\/media\/1890"}],"wp:attachment":[{"href":"https:\/\/safetypartners.fi\/kauppa\/wp-json\/wp\/v2\/media?parent=1889"}],"wp:term":[{"taxonomy":"product_brand","embeddable":true,"href":"https:\/\/safetypartners.fi\/kauppa\/wp-json\/wp\/v2\/product_brand?post=1889"},{"taxonomy":"product_cat","embeddable":true,"href":"https:\/\/safetypartners.fi\/kauppa\/wp-json\/wp\/v2\/product_cat?post=1889"},{"taxonomy":"product_tag","embeddable":true,"href":"https:\/\/safetypartners.fi\/kauppa\/wp-json\/wp\/v2\/product_tag?post=1889"}],"curies":[{"name":"wp","href":"https:\/\/api.w.org\/{rel}","templated":true}]}}