{"id":2040,"date":"2024-10-15T12:47:26","date_gmt":"2024-10-15T09:47:26","guid":{"rendered":"https:\/\/safetypartners.fi\/kauppa\/?post_type=product&#038;p=2040"},"modified":"2026-04-14T12:03:29","modified_gmt":"2026-04-14T09:03:29","slug":"10-vuoden-litiumparisto-gp-lithium-9v-crv9sd","status":"publish","type":"product","link":"https:\/\/safetypartners.fi\/kauppa\/tuote\/10-vuoden-litiumparisto-gp-lithium-9v-crv9sd","title":{"rendered":"10 vuoden litiumparisto GP Lithium 9V, CRV9SD"},"content":{"rendered":"<ul>\n<li>Ihanteellinen paristo ammattituotteisiin, kuten l\u00e4\u00e4kinn\u00e4llisiin laitteisiin<\/li>\n<li>40% kevyempi kuin tavallinen alkaliparisto<\/li>\n<li>Toimii hyvin my\u00f6s \u00e4\u00e4riolosuhteissa (-40\u00b0 C &#8211; 60\u00b0 C).<\/li>\n<li>10 vuoden k\u00e4ytt\u00f6ik\u00e4<\/li>\n<\/ul>\n","protected":false},"excerpt":{"rendered":"<p><strong>GP Lithium -sarjan 9V-paristo<\/strong> sopii parhaiten v\u00e4h\u00e4n virtaa k\u00e4ytt\u00e4viin laitteisiin, kuten palovaroittimeen. Laadukas 10 vuoden litiumparisto kest\u00e4\u00e4 jopa 5 kertaa pidemp\u00e4\u00e4n kuin tavalliset alkaliparistot. Eritt\u00e4in tehokkaat GP-litiumparistoja soveltuvat erinomaisesti my\u00f6s ammattik\u00e4ytt\u00f6\u00f6n ja paljon energiaa vaativiin sovelluksiin.<\/p>\n","protected":false},"featured_media":2041,"comment_status":"open","ping_status":"closed","template":"","meta":{"_uag_custom_page_level_css":"","site-sidebar-layout":"default","site-content-layout":"","ast-site-content-layout":"default","site-content-style":"default","site-sidebar-style":"default","ast-global-header-display":"","ast-banner-title-visibility":"","ast-main-header-display":"","ast-hfb-above-header-display":"","ast-hfb-below-header-display":"","ast-hfb-mobile-header-display":"","site-post-title":"","ast-breadcrumbs-content":"","ast-featured-img":"","footer-sml-layout":"","ast-disable-related-posts":"","theme-transparent-header-meta":"default","adv-header-id-meta":"","stick-header-meta":"default","header-above-stick-meta":"","header-main-stick-meta":"","header-below-stick-meta":"","astra-migrate-meta-layouts":"set","ast-page-background-enabled":"default","ast-page-background-meta":{"desktop":{"background-color":"","background-image":"","background-repeat":"repeat","background-position":"center center","background-size":"auto","background-attachment":"scroll","background-type":"","background-media":"","overlay-type":"","overlay-color":"","overlay-opacity":"","overlay-gradient":""},"tablet":{"background-color":"","background-image":"","background-repeat":"repeat","background-position":"center center","background-size":"auto","background-attachment":"scroll","background-type":"","background-media":"","overlay-type":"","overlay-color":"","overlay-opacity":"","overlay-gradient":""},"mobile":{"background-color":"","background-image":"","background-repeat":"repeat","background-position":"center center","background-size":"auto","background-attachment":"scroll","background-type":"","background-media":"","overlay-type":"","overlay-color":"","overlay-opacity":"","overlay-gradient":""}},"ast-content-background-meta":{"desktop":{"background-color":"var(--ast-global-color-5)","background-image":"","background-repeat":"repeat","background-position":"center center","background-size":"auto","background-attachment":"scroll","background-type":"","background-media":"","overlay-type":"","overlay-color":"","overlay-opacity":"","overlay-gradient":""},"tablet":{"background-color":"var(--ast-global-color-5)","background-image":"","background-repeat":"repeat","background-position":"center center","background-size":"auto","background-attachment":"scroll","background-type":"","background-media":"","overlay-type":"","overlay-color":"","overlay-opacity":"","overlay-gradient":""},"mobile":{"background-color":"var(--ast-global-color-5)","background-image":"","background-repeat":"repeat","background-position":"center center","background-size":"auto","background-attachment":"scroll","background-type":"","background-media":"","overlay-type":"","overlay-color":"","overlay-opacity":"","overlay-gradient":""}}},"product_brand":[],"product_cat":[15,41,313,43],"product_tag":[730,732,735,478,727,734,337,659,733,728,729,731,617,1243],"class_list":{"0":"post-2040","1":"product","2":"type-product","3":"status-publish","4":"has-post-thumbnail","6":"product_cat-yleinen","7":"product_cat-koti-vapaa-aika","8":"product_cat-palovaroitintarvikkeet","9":"product_cat-sahkoturvallisuus","10":"product_tag-10-vuoden-litiumparisto","11":"product_tag-9v","12":"product_tag-aariolosuhteisiin","13":"product_tag-ammattikayttoon","14":"product_tag-gp-lithium-9v-crv9sd","15":"product_tag-gpbm","16":"product_tag-laadukas","17":"product_tag-litium","18":"product_tag-palovaroittimeen","19":"product_tag-paristo","20":"product_tag-patteri","21":"product_tag-pitkaikainen","22":"product_tag-tehokas","23":"product_tag-varautuminen","24":"product_shipping_class-suomi","25":"desktop-align-center","26":"tablet-align-center","27":"mobile-align-center","28":"ast-product-gallery-layout-horizontal-slider","29":"ast-product-tabs-layout-horizontal","31":"first","32":"instock","33":"taxable","34":"shipping-taxable","35":"purchasable","36":"product-type-simple"},"yoast_head":"<!-- This site is optimized with the Yoast SEO plugin v27.3 - https:\/\/yoast.com\/product\/yoast-seo-wordpress\/ -->\n<title>10 vuoden litiumparisto GP Lithium 9V, CRV9SD - Safety Partners<\/title>\n<meta name=\"description\" content=\"Laadukas 10 vuoden litiumparisto kest\u00e4\u00e4 jopa 5 kertaa pidemp\u00e4\u00e4n kuin tavalliset alkaliparistot. 9V-paristo sopii parhaiten esim. palovaroittimeen.\" \/>\n<meta name=\"robots\" content=\"index, follow, max-snippet:-1, max-image-preview:large, max-video-preview:-1\" \/>\n<link rel=\"canonical\" href=\"https:\/\/safetypartners.fi\/kauppa\/tuote\/10-vuoden-litiumparisto-gp-lithium-9v-crv9sd\" \/>\n<meta property=\"og:locale\" content=\"fi_FI\" \/>\n<meta property=\"og:type\" content=\"article\" \/>\n<meta property=\"og:title\" content=\"10 vuoden litiumparisto GP Lithium 9V, CRV9SD - Safety Partners\" \/>\n<meta property=\"og:description\" content=\"Laadukas 10 vuoden litiumparisto kest\u00e4\u00e4 jopa 5 kertaa pidemp\u00e4\u00e4n kuin tavalliset alkaliparistot. 9V-paristo sopii parhaiten esim. palovaroittimeen.\" \/>\n<meta property=\"og:url\" content=\"https:\/\/safetypartners.fi\/kauppa\/tuote\/10-vuoden-litiumparisto-gp-lithium-9v-crv9sd\" \/>\n<meta property=\"og:site_name\" content=\"Safety Partners\" \/>\n<meta property=\"article:modified_time\" content=\"2026-04-14T09:03:29+00:00\" \/>\n<meta property=\"og:image\" content=\"https:\/\/safetypartners.fi\/kauppa\/wp-content\/uploads\/2024\/10\/1926_pim-scaled.jpg\" \/>\n\t<meta property=\"og:image:width\" content=\"1950\" \/>\n\t<meta property=\"og:image:height\" content=\"2560\" \/>\n\t<meta property=\"og:image:type\" content=\"image\/jpeg\" \/>\n<meta name=\"twitter:card\" content=\"summary_large_image\" \/>\n<meta name=\"twitter:label1\" content=\"Arvioitu lukuaika\" \/>\n\t<meta name=\"twitter:data1\" content=\"1 minuutti\" \/>\n<script type=\"application\/ld+json\" class=\"yoast-schema-graph\">{\"@context\":\"https:\\\/\\\/schema.org\",\"@graph\":[{\"@type\":\"WebPage\",\"@id\":\"https:\\\/\\\/safetypartners.fi\\\/kauppa\\\/tuote\\\/10-vuoden-litiumparisto-gp-lithium-9v-crv9sd\",\"url\":\"https:\\\/\\\/safetypartners.fi\\\/kauppa\\\/tuote\\\/10-vuoden-litiumparisto-gp-lithium-9v-crv9sd\",\"name\":\"10 vuoden litiumparisto GP Lithium 9V, CRV9SD - Safety Partners\",\"isPartOf\":{\"@id\":\"https:\\\/\\\/safetypartners.fi\\\/kauppa\\\/#website\"},\"primaryImageOfPage\":{\"@id\":\"https:\\\/\\\/safetypartners.fi\\\/kauppa\\\/tuote\\\/10-vuoden-litiumparisto-gp-lithium-9v-crv9sd#primaryimage\"},\"image\":{\"@id\":\"https:\\\/\\\/safetypartners.fi\\\/kauppa\\\/tuote\\\/10-vuoden-litiumparisto-gp-lithium-9v-crv9sd#primaryimage\"},\"thumbnailUrl\":\"https:\\\/\\\/safetypartners.fi\\\/kauppa\\\/wp-content\\\/uploads\\\/2024\\\/10\\\/1926_pim-scaled.jpg\",\"datePublished\":\"2024-10-15T09:47:26+00:00\",\"dateModified\":\"2026-04-14T09:03:29+00:00\",\"description\":\"Laadukas 10 vuoden litiumparisto kest\u00e4\u00e4 jopa 5 kertaa pidemp\u00e4\u00e4n kuin tavalliset alkaliparistot. 9V-paristo sopii parhaiten esim. palovaroittimeen.\",\"breadcrumb\":{\"@id\":\"https:\\\/\\\/safetypartners.fi\\\/kauppa\\\/tuote\\\/10-vuoden-litiumparisto-gp-lithium-9v-crv9sd#breadcrumb\"},\"inLanguage\":\"fi\",\"potentialAction\":[{\"@type\":\"ReadAction\",\"target\":[\"https:\\\/\\\/safetypartners.fi\\\/kauppa\\\/tuote\\\/10-vuoden-litiumparisto-gp-lithium-9v-crv9sd\"]}]},{\"@type\":\"ImageObject\",\"inLanguage\":\"fi\",\"@id\":\"https:\\\/\\\/safetypartners.fi\\\/kauppa\\\/tuote\\\/10-vuoden-litiumparisto-gp-lithium-9v-crv9sd#primaryimage\",\"url\":\"https:\\\/\\\/safetypartners.fi\\\/kauppa\\\/wp-content\\\/uploads\\\/2024\\\/10\\\/1926_pim-scaled.jpg\",\"contentUrl\":\"https:\\\/\\\/safetypartners.fi\\\/kauppa\\\/wp-content\\\/uploads\\\/2024\\\/10\\\/1926_pim-scaled.jpg\",\"width\":1950,\"height\":2560,\"caption\":\"GP Lithium -sarjan 9V 10 vuoden litiumparisto, CRV9SD\"},{\"@type\":\"BreadcrumbList\",\"@id\":\"https:\\\/\\\/safetypartners.fi\\\/kauppa\\\/tuote\\\/10-vuoden-litiumparisto-gp-lithium-9v-crv9sd#breadcrumb\",\"itemListElement\":[{\"@type\":\"ListItem\",\"position\":1,\"name\":\"Home\",\"item\":\"https:\\\/\\\/safetypartners.fi\\\/kauppa\\\/\"},{\"@type\":\"ListItem\",\"position\":2,\"name\":\"Kauppa\",\"item\":\"https:\\\/\\\/safetypartners.fi\\\/kauppa\\\/kauppa\"},{\"@type\":\"ListItem\",\"position\":3,\"name\":\"10 vuoden litiumparisto GP Lithium 9V, CRV9SD\"}]},{\"@type\":\"WebSite\",\"@id\":\"https:\\\/\\\/safetypartners.fi\\\/kauppa\\\/#website\",\"url\":\"https:\\\/\\\/safetypartners.fi\\\/kauppa\\\/\",\"name\":\"Safety Partners\",\"description\":\"Safety Partners turvakauppa palvelee verkossa 24\\\/7!\",\"publisher\":{\"@id\":\"https:\\\/\\\/safetypartners.fi\\\/kauppa\\\/#organization\"},\"potentialAction\":[{\"@type\":\"SearchAction\",\"target\":{\"@type\":\"EntryPoint\",\"urlTemplate\":\"https:\\\/\\\/safetypartners.fi\\\/kauppa\\\/?s={search_term_string}\"},\"query-input\":{\"@type\":\"PropertyValueSpecification\",\"valueRequired\":true,\"valueName\":\"search_term_string\"}}],\"inLanguage\":\"fi\"},{\"@type\":\"Organization\",\"@id\":\"https:\\\/\\\/safetypartners.fi\\\/kauppa\\\/#organization\",\"name\":\"Safety Partners | Suomen Sammutinpalvelu\",\"url\":\"https:\\\/\\\/safetypartners.fi\\\/kauppa\\\/\",\"logo\":{\"@type\":\"ImageObject\",\"inLanguage\":\"fi\",\"@id\":\"https:\\\/\\\/safetypartners.fi\\\/kauppa\\\/#\\\/schema\\\/logo\\\/image\\\/\",\"url\":\"https:\\\/\\\/safetypartners.fi\\\/kauppa\\\/wp-content\\\/uploads\\\/2020\\\/05\\\/cropped-Logoke-1.jpg\",\"contentUrl\":\"https:\\\/\\\/safetypartners.fi\\\/kauppa\\\/wp-content\\\/uploads\\\/2020\\\/05\\\/cropped-Logoke-1.jpg\",\"width\":847,\"height\":717,\"caption\":\"Safety Partners | Suomen Sammutinpalvelu\"},\"image\":{\"@id\":\"https:\\\/\\\/safetypartners.fi\\\/kauppa\\\/#\\\/schema\\\/logo\\\/image\\\/\"}}]}<\/script>\n<!-- \/ Yoast SEO plugin. -->","yoast_head_json":{"title":"10 vuoden litiumparisto GP Lithium 9V, CRV9SD - Safety Partners","description":"Laadukas 10 vuoden litiumparisto kest\u00e4\u00e4 jopa 5 kertaa pidemp\u00e4\u00e4n kuin tavalliset alkaliparistot. 9V-paristo sopii parhaiten esim. palovaroittimeen.","robots":{"index":"index","follow":"follow","max-snippet":"max-snippet:-1","max-image-preview":"max-image-preview:large","max-video-preview":"max-video-preview:-1"},"canonical":"https:\/\/safetypartners.fi\/kauppa\/tuote\/10-vuoden-litiumparisto-gp-lithium-9v-crv9sd","og_locale":"fi_FI","og_type":"article","og_title":"10 vuoden litiumparisto GP Lithium 9V, CRV9SD - Safety Partners","og_description":"Laadukas 10 vuoden litiumparisto kest\u00e4\u00e4 jopa 5 kertaa pidemp\u00e4\u00e4n kuin tavalliset alkaliparistot. 9V-paristo sopii parhaiten esim. palovaroittimeen.","og_url":"https:\/\/safetypartners.fi\/kauppa\/tuote\/10-vuoden-litiumparisto-gp-lithium-9v-crv9sd","og_site_name":"Safety Partners","article_modified_time":"2026-04-14T09:03:29+00:00","og_image":[{"width":1950,"height":2560,"url":"https:\/\/safetypartners.fi\/kauppa\/wp-content\/uploads\/2024\/10\/1926_pim-scaled.jpg","type":"image\/jpeg"}],"twitter_card":"summary_large_image","twitter_misc":{"Arvioitu lukuaika":"1 minuutti"},"schema":{"@context":"https:\/\/schema.org","@graph":[{"@type":"WebPage","@id":"https:\/\/safetypartners.fi\/kauppa\/tuote\/10-vuoden-litiumparisto-gp-lithium-9v-crv9sd","url":"https:\/\/safetypartners.fi\/kauppa\/tuote\/10-vuoden-litiumparisto-gp-lithium-9v-crv9sd","name":"10 vuoden litiumparisto GP Lithium 9V, CRV9SD - Safety Partners","isPartOf":{"@id":"https:\/\/safetypartners.fi\/kauppa\/#website"},"primaryImageOfPage":{"@id":"https:\/\/safetypartners.fi\/kauppa\/tuote\/10-vuoden-litiumparisto-gp-lithium-9v-crv9sd#primaryimage"},"image":{"@id":"https:\/\/safetypartners.fi\/kauppa\/tuote\/10-vuoden-litiumparisto-gp-lithium-9v-crv9sd#primaryimage"},"thumbnailUrl":"https:\/\/safetypartners.fi\/kauppa\/wp-content\/uploads\/2024\/10\/1926_pim-scaled.jpg","datePublished":"2024-10-15T09:47:26+00:00","dateModified":"2026-04-14T09:03:29+00:00","description":"Laadukas 10 vuoden litiumparisto kest\u00e4\u00e4 jopa 5 kertaa pidemp\u00e4\u00e4n kuin tavalliset alkaliparistot. 9V-paristo sopii parhaiten esim. palovaroittimeen.","breadcrumb":{"@id":"https:\/\/safetypartners.fi\/kauppa\/tuote\/10-vuoden-litiumparisto-gp-lithium-9v-crv9sd#breadcrumb"},"inLanguage":"fi","potentialAction":[{"@type":"ReadAction","target":["https:\/\/safetypartners.fi\/kauppa\/tuote\/10-vuoden-litiumparisto-gp-lithium-9v-crv9sd"]}]},{"@type":"ImageObject","inLanguage":"fi","@id":"https:\/\/safetypartners.fi\/kauppa\/tuote\/10-vuoden-litiumparisto-gp-lithium-9v-crv9sd#primaryimage","url":"https:\/\/safetypartners.fi\/kauppa\/wp-content\/uploads\/2024\/10\/1926_pim-scaled.jpg","contentUrl":"https:\/\/safetypartners.fi\/kauppa\/wp-content\/uploads\/2024\/10\/1926_pim-scaled.jpg","width":1950,"height":2560,"caption":"GP Lithium -sarjan 9V 10 vuoden litiumparisto, CRV9SD"},{"@type":"BreadcrumbList","@id":"https:\/\/safetypartners.fi\/kauppa\/tuote\/10-vuoden-litiumparisto-gp-lithium-9v-crv9sd#breadcrumb","itemListElement":[{"@type":"ListItem","position":1,"name":"Home","item":"https:\/\/safetypartners.fi\/kauppa\/"},{"@type":"ListItem","position":2,"name":"Kauppa","item":"https:\/\/safetypartners.fi\/kauppa\/kauppa"},{"@type":"ListItem","position":3,"name":"10 vuoden litiumparisto GP Lithium 9V, CRV9SD"}]},{"@type":"WebSite","@id":"https:\/\/safetypartners.fi\/kauppa\/#website","url":"https:\/\/safetypartners.fi\/kauppa\/","name":"Safety Partners","description":"Safety Partners turvakauppa palvelee verkossa 24\/7!","publisher":{"@id":"https:\/\/safetypartners.fi\/kauppa\/#organization"},"potentialAction":[{"@type":"SearchAction","target":{"@type":"EntryPoint","urlTemplate":"https:\/\/safetypartners.fi\/kauppa\/?s={search_term_string}"},"query-input":{"@type":"PropertyValueSpecification","valueRequired":true,"valueName":"search_term_string"}}],"inLanguage":"fi"},{"@type":"Organization","@id":"https:\/\/safetypartners.fi\/kauppa\/#organization","name":"Safety Partners | Suomen Sammutinpalvelu","url":"https:\/\/safetypartners.fi\/kauppa\/","logo":{"@type":"ImageObject","inLanguage":"fi","@id":"https:\/\/safetypartners.fi\/kauppa\/#\/schema\/logo\/image\/","url":"https:\/\/safetypartners.fi\/kauppa\/wp-content\/uploads\/2020\/05\/cropped-Logoke-1.jpg","contentUrl":"https:\/\/safetypartners.fi\/kauppa\/wp-content\/uploads\/2020\/05\/cropped-Logoke-1.jpg","width":847,"height":717,"caption":"Safety Partners | Suomen Sammutinpalvelu"},"image":{"@id":"https:\/\/safetypartners.fi\/kauppa\/#\/schema\/logo\/image\/"}}]}},"uagb_featured_image_src":{"full":["https:\/\/safetypartners.fi\/kauppa\/wp-content\/uploads\/2024\/10\/1926_pim-scaled.jpg",1950,2560,false],"thumbnail":["https:\/\/safetypartners.fi\/kauppa\/wp-content\/uploads\/2024\/10\/1926_pim-150x150.jpg",150,150,true],"medium":["https:\/\/safetypartners.fi\/kauppa\/wp-content\/uploads\/2024\/10\/1926_pim-229x300.jpg",229,300,true],"medium_large":["https:\/\/safetypartners.fi\/kauppa\/wp-content\/uploads\/2024\/10\/1926_pim-768x1008.jpg",768,1008,true],"large":["https:\/\/safetypartners.fi\/kauppa\/wp-content\/uploads\/2024\/10\/1926_pim-780x1024.jpg",780,1024,true],"1536x1536":["https:\/\/safetypartners.fi\/kauppa\/wp-content\/uploads\/2024\/10\/1926_pim-1170x1536.jpg",1170,1536,true],"2048x2048":["https:\/\/safetypartners.fi\/kauppa\/wp-content\/uploads\/2024\/10\/1926_pim-1560x2048.jpg",1560,2048,true],"woocommerce_thumbnail":["https:\/\/safetypartners.fi\/kauppa\/wp-content\/uploads\/2024\/10\/1926_pim-300x300.jpg",300,300,true],"woocommerce_single":["https:\/\/safetypartners.fi\/kauppa\/wp-content\/uploads\/2024\/10\/1926_pim-600x788.jpg",600,788,true],"woocommerce_gallery_thumbnail":["https:\/\/safetypartners.fi\/kauppa\/wp-content\/uploads\/2024\/10\/1926_pim-100x100.jpg",100,100,true]},"uagb_author_info":{"display_name":"Anu Lehto","author_link":"https:\/\/safetypartners.fi\/kauppa\/author"},"uagb_comment_info":0,"uagb_excerpt":"GP Lithium -sarjan 9V-paristo sopii parhaiten v\u00e4h\u00e4n virtaa k\u00e4ytt\u00e4viin laitteisiin, kuten palovaroittimeen. Laadukas 10 vuoden litiumparisto kest\u00e4\u00e4 jopa 5 kertaa pidemp\u00e4\u00e4n kuin tavalliset alkaliparistot. Eritt\u00e4in tehokkaat GP-litiumparistoja soveltuvat erinomaisesti my\u00f6s ammattik\u00e4ytt\u00f6\u00f6n ja paljon energiaa vaativiin sovelluksiin.","_links":{"self":[{"href":"https:\/\/safetypartners.fi\/kauppa\/wp-json\/wp\/v2\/product\/2040","targetHints":{"allow":["GET"]}}],"collection":[{"href":"https:\/\/safetypartners.fi\/kauppa\/wp-json\/wp\/v2\/product"}],"about":[{"href":"https:\/\/safetypartners.fi\/kauppa\/wp-json\/wp\/v2\/types\/product"}],"replies":[{"embeddable":true,"href":"https:\/\/safetypartners.fi\/kauppa\/wp-json\/wp\/v2\/comments?post=2040"}],"version-history":[{"count":1,"href":"https:\/\/safetypartners.fi\/kauppa\/wp-json\/wp\/v2\/product\/2040\/revisions"}],"predecessor-version":[{"id":2047,"href":"https:\/\/safetypartners.fi\/kauppa\/wp-json\/wp\/v2\/product\/2040\/revisions\/2047"}],"wp:featuredmedia":[{"embeddable":true,"href":"https:\/\/safetypartners.fi\/kauppa\/wp-json\/wp\/v2\/media\/2041"}],"wp:attachment":[{"href":"https:\/\/safetypartners.fi\/kauppa\/wp-json\/wp\/v2\/media?parent=2040"}],"wp:term":[{"taxonomy":"product_brand","embeddable":true,"href":"https:\/\/safetypartners.fi\/kauppa\/wp-json\/wp\/v2\/product_brand?post=2040"},{"taxonomy":"product_cat","embeddable":true,"href":"https:\/\/safetypartners.fi\/kauppa\/wp-json\/wp\/v2\/product_cat?post=2040"},{"taxonomy":"product_tag","embeddable":true,"href":"https:\/\/safetypartners.fi\/kauppa\/wp-json\/wp\/v2\/product_tag?post=2040"}],"curies":[{"name":"wp","href":"https:\/\/api.w.org\/{rel}","templated":true}]}}