{"id":2097,"date":"2024-10-17T12:35:02","date_gmt":"2024-10-17T09:35:02","guid":{"rendered":"https:\/\/safetypartners.fi\/kauppa\/?post_type=product&#038;p=2097"},"modified":"2026-02-26T14:59:09","modified_gmt":"2026-02-26T12:59:09","slug":"nappiparisto-cr2032-gp-lithium","status":"publish","type":"product","link":"https:\/\/safetypartners.fi\/kauppa\/tuote\/nappiparisto-cr2032-gp-lithium","title":{"rendered":"Nappiparisto CR2032, GP Lithium"},"content":{"rendered":"<ul>\n<li>Yleisimmin k\u00e4ytetty mm. kaukos\u00e4\u00e4timiss\u00e4, autojen h\u00e4lytyslaitteissa, leluissa, syke- ja<br \/>\naskelmittareissa<\/li>\n<li>Toimii my\u00f6s \u00e4\u00e4riolosuhteissa (-20\u00b0 C &#8211; +60\u00b0 C)<\/li>\n<li>Akkutyyppi: Lithium Manganese dioxide<\/li>\n<li>J\u00e4nnite: 3V<\/li>\n<\/ul>\n","protected":false},"excerpt":{"rendered":"<p><strong>GP Lithium -sarjan CR2032 -nappiparisto <\/strong>sopii moniin autojen kaukos\u00e4\u00e4timiin, leluihin, syke- ja askelmittareihin, sek\u00e4 joihinkin palovaroittimiin. Ymp\u00e4rist\u00f6yst\u00e4v\u00e4llinen nappiparisto on tehokas ja soveltuu erinomaisesti my\u00f6s ammattik\u00e4ytt\u00f6\u00f6n.<\/p>\n<p>Suorituskykyiset CR2032-litiumnappiparistot ovat energiatiiviit\u00e4 ja pystyv\u00e4t tuottamaan 30 % enemm\u00e4n virtaa* pienikokoisille erikoislaitteillesi, kuten autonavaimille, kaukos\u00e4\u00e4timille, \u00e4lykelloille, verensokerimittareille, \u00e4lykk\u00e4ille kodin laitteille, leluille, IoT-laitteille sek\u00e4 ovi- ja ikkuna-antureille. Paristo on tehty toimimaan my\u00f6s \u00e4\u00e4rimm\u00e4isiss\u00e4 olosuhteissa, ja toimii luotettavasti -20 \u00b0C:sta +60 \u00b0C:seen.<\/p>\n<p>*vs IEC-standardin mukainen testi samantyyppiselle akulle.<\/p>\n<p>Valitse kahdesta pakkauskoosta sopiva vaihtoehto:<\/p>\n","protected":false},"featured_media":2101,"comment_status":"open","ping_status":"closed","template":"","meta":{"_uag_custom_page_level_css":"","site-sidebar-layout":"default","site-content-layout":"","ast-site-content-layout":"default","site-content-style":"default","site-sidebar-style":"default","ast-global-header-display":"","ast-banner-title-visibility":"","ast-main-header-display":"","ast-hfb-above-header-display":"","ast-hfb-below-header-display":"","ast-hfb-mobile-header-display":"","site-post-title":"","ast-breadcrumbs-content":"","ast-featured-img":"","footer-sml-layout":"","ast-disable-related-posts":"","theme-transparent-header-meta":"default","adv-header-id-meta":"","stick-header-meta":"default","header-above-stick-meta":"","header-main-stick-meta":"","header-below-stick-meta":"","astra-migrate-meta-layouts":"set","ast-page-background-enabled":"default","ast-page-background-meta":{"desktop":{"background-color":"","background-image":"","background-repeat":"repeat","background-position":"center center","background-size":"auto","background-attachment":"scroll","background-type":"","background-media":"","overlay-type":"","overlay-color":"","overlay-opacity":"","overlay-gradient":""},"tablet":{"background-color":"","background-image":"","background-repeat":"repeat","background-position":"center center","background-size":"auto","background-attachment":"scroll","background-type":"","background-media":"","overlay-type":"","overlay-color":"","overlay-opacity":"","overlay-gradient":""},"mobile":{"background-color":"","background-image":"","background-repeat":"repeat","background-position":"center center","background-size":"auto","background-attachment":"scroll","background-type":"","background-media":"","overlay-type":"","overlay-color":"","overlay-opacity":"","overlay-gradient":""}},"ast-content-background-meta":{"desktop":{"background-color":"var(--ast-global-color-5)","background-image":"","background-repeat":"repeat","background-position":"center center","background-size":"auto","background-attachment":"scroll","background-type":"","background-media":"","overlay-type":"","overlay-color":"","overlay-opacity":"","overlay-gradient":""},"tablet":{"background-color":"var(--ast-global-color-5)","background-image":"","background-repeat":"repeat","background-position":"center center","background-size":"auto","background-attachment":"scroll","background-type":"","background-media":"","overlay-type":"","overlay-color":"","overlay-opacity":"","overlay-gradient":""},"mobile":{"background-color":"var(--ast-global-color-5)","background-image":"","background-repeat":"repeat","background-position":"center center","background-size":"auto","background-attachment":"scroll","background-type":"","background-media":"","overlay-type":"","overlay-color":"","overlay-opacity":"","overlay-gradient":""}}},"product_brand":[],"product_cat":[15,41,313,43],"product_tag":[795,797,798,794,337,659,793,728,731,617,1243,796],"class_list":{"0":"post-2097","1":"product","2":"type-product","3":"status-publish","4":"has-post-thumbnail","6":"product_cat-yleinen","7":"product_cat-koti-vapaa-aika","8":"product_cat-palovaroitintarvikkeet","9":"product_cat-sahkoturvallisuus","10":"product_tag-cr2032","11":"product_tag-erikoislaitteille","12":"product_tag-gbpm-nordic","13":"product_tag-gp-lithium","14":"product_tag-laadukas","15":"product_tag-litium","16":"product_tag-nappiparisto","17":"product_tag-paristo","18":"product_tag-pitkaikainen","19":"product_tag-tehokas","20":"product_tag-varautuminen","21":"product_tag-ymparistoystavallinen","22":"product_shipping_class-suomi","23":"desktop-align-center","24":"tablet-align-center","25":"mobile-align-center","26":"ast-product-gallery-layout-horizontal-slider","27":"ast-product-single-variable","28":"ast-product-tabs-layout-horizontal","30":"first","31":"instock","32":"taxable","33":"shipping-taxable","34":"purchasable","35":"product-type-variable"},"yoast_head":"<!-- This site is optimized with the Yoast SEO plugin v27.3 - https:\/\/yoast.com\/product\/yoast-seo-wordpress\/ -->\n<title>Nappiparisto CR2032, GP Lithium - Safety Partners<\/title>\n<meta name=\"description\" content=\"Laadukas, ymp\u00e4rist\u00f6yst\u00e4v\u00e4llinen nappiparisto sopii moniin autojen kaukos\u00e4\u00e4timiin, leluihin, syke- ja askelmittareihin sek\u00e4 palovaroittimiin.\" \/>\n<meta name=\"robots\" content=\"index, follow, max-snippet:-1, max-image-preview:large, max-video-preview:-1\" \/>\n<link rel=\"canonical\" href=\"https:\/\/safetypartners.fi\/kauppa\/tuote\/nappiparisto-cr2032-gp-lithium\" \/>\n<meta property=\"og:locale\" content=\"fi_FI\" \/>\n<meta property=\"og:type\" content=\"article\" \/>\n<meta property=\"og:title\" content=\"Nappiparisto CR2032, GP Lithium - Safety Partners\" \/>\n<meta property=\"og:description\" content=\"Laadukas, ymp\u00e4rist\u00f6yst\u00e4v\u00e4llinen nappiparisto sopii moniin autojen kaukos\u00e4\u00e4timiin, leluihin, syke- ja askelmittareihin sek\u00e4 palovaroittimiin.\" \/>\n<meta property=\"og:url\" content=\"https:\/\/safetypartners.fi\/kauppa\/tuote\/nappiparisto-cr2032-gp-lithium\" \/>\n<meta property=\"og:site_name\" content=\"Safety Partners\" \/>\n<meta property=\"article:modified_time\" content=\"2026-02-26T12:59:09+00:00\" \/>\n<meta property=\"og:image\" content=\"https:\/\/safetypartners.fi\/kauppa\/wp-content\/uploads\/2024\/10\/GP-Lithium-nappiparisto-CR2032-1-p_2.jpg\" \/>\n\t<meta property=\"og:image:width\" content=\"599\" \/>\n\t<meta property=\"og:image:height\" content=\"501\" \/>\n\t<meta property=\"og:image:type\" content=\"image\/jpeg\" \/>\n<meta name=\"twitter:card\" content=\"summary_large_image\" \/>\n<meta name=\"twitter:label1\" content=\"Arvioitu lukuaika\" \/>\n\t<meta name=\"twitter:data1\" content=\"1 minuutti\" \/>\n<script type=\"application\/ld+json\" class=\"yoast-schema-graph\">{\"@context\":\"https:\\\/\\\/schema.org\",\"@graph\":[{\"@type\":\"WebPage\",\"@id\":\"https:\\\/\\\/safetypartners.fi\\\/kauppa\\\/tuote\\\/nappiparisto-cr2032-gp-lithium\",\"url\":\"https:\\\/\\\/safetypartners.fi\\\/kauppa\\\/tuote\\\/nappiparisto-cr2032-gp-lithium\",\"name\":\"Nappiparisto CR2032, GP Lithium - Safety Partners\",\"isPartOf\":{\"@id\":\"https:\\\/\\\/safetypartners.fi\\\/kauppa\\\/#website\"},\"primaryImageOfPage\":{\"@id\":\"https:\\\/\\\/safetypartners.fi\\\/kauppa\\\/tuote\\\/nappiparisto-cr2032-gp-lithium#primaryimage\"},\"image\":{\"@id\":\"https:\\\/\\\/safetypartners.fi\\\/kauppa\\\/tuote\\\/nappiparisto-cr2032-gp-lithium#primaryimage\"},\"thumbnailUrl\":\"https:\\\/\\\/safetypartners.fi\\\/kauppa\\\/wp-content\\\/uploads\\\/2024\\\/10\\\/GP-Lithium-nappiparisto-CR2032-1-p_2.jpg\",\"datePublished\":\"2024-10-17T09:35:02+00:00\",\"dateModified\":\"2026-02-26T12:59:09+00:00\",\"description\":\"Laadukas, ymp\u00e4rist\u00f6yst\u00e4v\u00e4llinen nappiparisto sopii moniin autojen kaukos\u00e4\u00e4timiin, leluihin, syke- ja askelmittareihin sek\u00e4 palovaroittimiin.\",\"breadcrumb\":{\"@id\":\"https:\\\/\\\/safetypartners.fi\\\/kauppa\\\/tuote\\\/nappiparisto-cr2032-gp-lithium#breadcrumb\"},\"inLanguage\":\"fi\",\"potentialAction\":[{\"@type\":\"ReadAction\",\"target\":[\"https:\\\/\\\/safetypartners.fi\\\/kauppa\\\/tuote\\\/nappiparisto-cr2032-gp-lithium\"]}]},{\"@type\":\"ImageObject\",\"inLanguage\":\"fi\",\"@id\":\"https:\\\/\\\/safetypartners.fi\\\/kauppa\\\/tuote\\\/nappiparisto-cr2032-gp-lithium#primaryimage\",\"url\":\"https:\\\/\\\/safetypartners.fi\\\/kauppa\\\/wp-content\\\/uploads\\\/2024\\\/10\\\/GP-Lithium-nappiparisto-CR2032-1-p_2.jpg\",\"contentUrl\":\"https:\\\/\\\/safetypartners.fi\\\/kauppa\\\/wp-content\\\/uploads\\\/2024\\\/10\\\/GP-Lithium-nappiparisto-CR2032-1-p_2.jpg\",\"width\":599,\"height\":501,\"caption\":\"Tehokas litiumparisto palovaroittimiin ja muihin laitteisiin\"},{\"@type\":\"BreadcrumbList\",\"@id\":\"https:\\\/\\\/safetypartners.fi\\\/kauppa\\\/tuote\\\/nappiparisto-cr2032-gp-lithium#breadcrumb\",\"itemListElement\":[{\"@type\":\"ListItem\",\"position\":1,\"name\":\"Home\",\"item\":\"https:\\\/\\\/safetypartners.fi\\\/kauppa\\\/\"},{\"@type\":\"ListItem\",\"position\":2,\"name\":\"Kauppa\",\"item\":\"https:\\\/\\\/safetypartners.fi\\\/kauppa\\\/kauppa\"},{\"@type\":\"ListItem\",\"position\":3,\"name\":\"Nappiparisto CR2032, GP Lithium\"}]},{\"@type\":\"WebSite\",\"@id\":\"https:\\\/\\\/safetypartners.fi\\\/kauppa\\\/#website\",\"url\":\"https:\\\/\\\/safetypartners.fi\\\/kauppa\\\/\",\"name\":\"Safety Partners\",\"description\":\"Safety Partners turvakauppa palvelee verkossa 24\\\/7!\",\"publisher\":{\"@id\":\"https:\\\/\\\/safetypartners.fi\\\/kauppa\\\/#organization\"},\"potentialAction\":[{\"@type\":\"SearchAction\",\"target\":{\"@type\":\"EntryPoint\",\"urlTemplate\":\"https:\\\/\\\/safetypartners.fi\\\/kauppa\\\/?s={search_term_string}\"},\"query-input\":{\"@type\":\"PropertyValueSpecification\",\"valueRequired\":true,\"valueName\":\"search_term_string\"}}],\"inLanguage\":\"fi\"},{\"@type\":\"Organization\",\"@id\":\"https:\\\/\\\/safetypartners.fi\\\/kauppa\\\/#organization\",\"name\":\"Safety Partners | Suomen Sammutinpalvelu\",\"url\":\"https:\\\/\\\/safetypartners.fi\\\/kauppa\\\/\",\"logo\":{\"@type\":\"ImageObject\",\"inLanguage\":\"fi\",\"@id\":\"https:\\\/\\\/safetypartners.fi\\\/kauppa\\\/#\\\/schema\\\/logo\\\/image\\\/\",\"url\":\"https:\\\/\\\/safetypartners.fi\\\/kauppa\\\/wp-content\\\/uploads\\\/2020\\\/05\\\/cropped-Logoke-1.jpg\",\"contentUrl\":\"https:\\\/\\\/safetypartners.fi\\\/kauppa\\\/wp-content\\\/uploads\\\/2020\\\/05\\\/cropped-Logoke-1.jpg\",\"width\":847,\"height\":717,\"caption\":\"Safety Partners | Suomen Sammutinpalvelu\"},\"image\":{\"@id\":\"https:\\\/\\\/safetypartners.fi\\\/kauppa\\\/#\\\/schema\\\/logo\\\/image\\\/\"}}]}<\/script>\n<!-- \/ Yoast SEO plugin. -->","yoast_head_json":{"title":"Nappiparisto CR2032, GP Lithium - Safety Partners","description":"Laadukas, ymp\u00e4rist\u00f6yst\u00e4v\u00e4llinen nappiparisto sopii moniin autojen kaukos\u00e4\u00e4timiin, leluihin, syke- ja askelmittareihin sek\u00e4 palovaroittimiin.","robots":{"index":"index","follow":"follow","max-snippet":"max-snippet:-1","max-image-preview":"max-image-preview:large","max-video-preview":"max-video-preview:-1"},"canonical":"https:\/\/safetypartners.fi\/kauppa\/tuote\/nappiparisto-cr2032-gp-lithium","og_locale":"fi_FI","og_type":"article","og_title":"Nappiparisto CR2032, GP Lithium - Safety Partners","og_description":"Laadukas, ymp\u00e4rist\u00f6yst\u00e4v\u00e4llinen nappiparisto sopii moniin autojen kaukos\u00e4\u00e4timiin, leluihin, syke- ja askelmittareihin sek\u00e4 palovaroittimiin.","og_url":"https:\/\/safetypartners.fi\/kauppa\/tuote\/nappiparisto-cr2032-gp-lithium","og_site_name":"Safety Partners","article_modified_time":"2026-02-26T12:59:09+00:00","og_image":[{"width":599,"height":501,"url":"https:\/\/safetypartners.fi\/kauppa\/wp-content\/uploads\/2024\/10\/GP-Lithium-nappiparisto-CR2032-1-p_2.jpg","type":"image\/jpeg"}],"twitter_card":"summary_large_image","twitter_misc":{"Arvioitu lukuaika":"1 minuutti"},"schema":{"@context":"https:\/\/schema.org","@graph":[{"@type":"WebPage","@id":"https:\/\/safetypartners.fi\/kauppa\/tuote\/nappiparisto-cr2032-gp-lithium","url":"https:\/\/safetypartners.fi\/kauppa\/tuote\/nappiparisto-cr2032-gp-lithium","name":"Nappiparisto CR2032, GP Lithium - Safety Partners","isPartOf":{"@id":"https:\/\/safetypartners.fi\/kauppa\/#website"},"primaryImageOfPage":{"@id":"https:\/\/safetypartners.fi\/kauppa\/tuote\/nappiparisto-cr2032-gp-lithium#primaryimage"},"image":{"@id":"https:\/\/safetypartners.fi\/kauppa\/tuote\/nappiparisto-cr2032-gp-lithium#primaryimage"},"thumbnailUrl":"https:\/\/safetypartners.fi\/kauppa\/wp-content\/uploads\/2024\/10\/GP-Lithium-nappiparisto-CR2032-1-p_2.jpg","datePublished":"2024-10-17T09:35:02+00:00","dateModified":"2026-02-26T12:59:09+00:00","description":"Laadukas, ymp\u00e4rist\u00f6yst\u00e4v\u00e4llinen nappiparisto sopii moniin autojen kaukos\u00e4\u00e4timiin, leluihin, syke- ja askelmittareihin sek\u00e4 palovaroittimiin.","breadcrumb":{"@id":"https:\/\/safetypartners.fi\/kauppa\/tuote\/nappiparisto-cr2032-gp-lithium#breadcrumb"},"inLanguage":"fi","potentialAction":[{"@type":"ReadAction","target":["https:\/\/safetypartners.fi\/kauppa\/tuote\/nappiparisto-cr2032-gp-lithium"]}]},{"@type":"ImageObject","inLanguage":"fi","@id":"https:\/\/safetypartners.fi\/kauppa\/tuote\/nappiparisto-cr2032-gp-lithium#primaryimage","url":"https:\/\/safetypartners.fi\/kauppa\/wp-content\/uploads\/2024\/10\/GP-Lithium-nappiparisto-CR2032-1-p_2.jpg","contentUrl":"https:\/\/safetypartners.fi\/kauppa\/wp-content\/uploads\/2024\/10\/GP-Lithium-nappiparisto-CR2032-1-p_2.jpg","width":599,"height":501,"caption":"Tehokas litiumparisto palovaroittimiin ja muihin laitteisiin"},{"@type":"BreadcrumbList","@id":"https:\/\/safetypartners.fi\/kauppa\/tuote\/nappiparisto-cr2032-gp-lithium#breadcrumb","itemListElement":[{"@type":"ListItem","position":1,"name":"Home","item":"https:\/\/safetypartners.fi\/kauppa\/"},{"@type":"ListItem","position":2,"name":"Kauppa","item":"https:\/\/safetypartners.fi\/kauppa\/kauppa"},{"@type":"ListItem","position":3,"name":"Nappiparisto CR2032, GP Lithium"}]},{"@type":"WebSite","@id":"https:\/\/safetypartners.fi\/kauppa\/#website","url":"https:\/\/safetypartners.fi\/kauppa\/","name":"Safety Partners","description":"Safety Partners turvakauppa palvelee verkossa 24\/7!","publisher":{"@id":"https:\/\/safetypartners.fi\/kauppa\/#organization"},"potentialAction":[{"@type":"SearchAction","target":{"@type":"EntryPoint","urlTemplate":"https:\/\/safetypartners.fi\/kauppa\/?s={search_term_string}"},"query-input":{"@type":"PropertyValueSpecification","valueRequired":true,"valueName":"search_term_string"}}],"inLanguage":"fi"},{"@type":"Organization","@id":"https:\/\/safetypartners.fi\/kauppa\/#organization","name":"Safety Partners | Suomen Sammutinpalvelu","url":"https:\/\/safetypartners.fi\/kauppa\/","logo":{"@type":"ImageObject","inLanguage":"fi","@id":"https:\/\/safetypartners.fi\/kauppa\/#\/schema\/logo\/image\/","url":"https:\/\/safetypartners.fi\/kauppa\/wp-content\/uploads\/2020\/05\/cropped-Logoke-1.jpg","contentUrl":"https:\/\/safetypartners.fi\/kauppa\/wp-content\/uploads\/2020\/05\/cropped-Logoke-1.jpg","width":847,"height":717,"caption":"Safety Partners | Suomen Sammutinpalvelu"},"image":{"@id":"https:\/\/safetypartners.fi\/kauppa\/#\/schema\/logo\/image\/"}}]}},"uagb_featured_image_src":{"full":["https:\/\/safetypartners.fi\/kauppa\/wp-content\/uploads\/2024\/10\/GP-Lithium-nappiparisto-CR2032-1-p_2.jpg",599,501,false],"thumbnail":["https:\/\/safetypartners.fi\/kauppa\/wp-content\/uploads\/2024\/10\/GP-Lithium-nappiparisto-CR2032-1-p_2-150x150.jpg",150,150,true],"medium":["https:\/\/safetypartners.fi\/kauppa\/wp-content\/uploads\/2024\/10\/GP-Lithium-nappiparisto-CR2032-1-p_2-300x251.jpg",300,251,true],"medium_large":["https:\/\/safetypartners.fi\/kauppa\/wp-content\/uploads\/2024\/10\/GP-Lithium-nappiparisto-CR2032-1-p_2.jpg",599,501,false],"large":["https:\/\/safetypartners.fi\/kauppa\/wp-content\/uploads\/2024\/10\/GP-Lithium-nappiparisto-CR2032-1-p_2.jpg",599,501,false],"1536x1536":["https:\/\/safetypartners.fi\/kauppa\/wp-content\/uploads\/2024\/10\/GP-Lithium-nappiparisto-CR2032-1-p_2.jpg",599,501,false],"2048x2048":["https:\/\/safetypartners.fi\/kauppa\/wp-content\/uploads\/2024\/10\/GP-Lithium-nappiparisto-CR2032-1-p_2.jpg",599,501,false],"woocommerce_thumbnail":["https:\/\/safetypartners.fi\/kauppa\/wp-content\/uploads\/2024\/10\/GP-Lithium-nappiparisto-CR2032-1-p_2-300x300.jpg",300,300,true],"woocommerce_single":["https:\/\/safetypartners.fi\/kauppa\/wp-content\/uploads\/2024\/10\/GP-Lithium-nappiparisto-CR2032-1-p_2.jpg",599,501,false],"woocommerce_gallery_thumbnail":["https:\/\/safetypartners.fi\/kauppa\/wp-content\/uploads\/2024\/10\/GP-Lithium-nappiparisto-CR2032-1-p_2-100x100.jpg",100,100,true]},"uagb_author_info":{"display_name":"Anu Lehto","author_link":"https:\/\/safetypartners.fi\/kauppa\/author"},"uagb_comment_info":0,"uagb_excerpt":"GP Lithium -sarjan CR2032 -nappiparisto sopii moniin autojen kaukos\u00e4\u00e4timiin, leluihin, syke- ja askelmittareihin, sek\u00e4 joihinkin palovaroittimiin. Ymp\u00e4rist\u00f6yst\u00e4v\u00e4llinen nappiparisto on tehokas ja soveltuu erinomaisesti my\u00f6s ammattik\u00e4ytt\u00f6\u00f6n. Suorituskykyiset CR2032-litiumnappiparistot ovat energiatiiviit\u00e4 ja pystyv\u00e4t tuottamaan 30 % enemm\u00e4n virtaa* pienikokoisille erikoislaitteillesi, kuten autonavaimille, kaukos\u00e4\u00e4timille, \u00e4lykelloille, verensokerimittareille, \u00e4lykk\u00e4ille kodin laitteille, leluille, IoT-laitteille sek\u00e4 ovi- ja ikkuna-antureille. Paristo on tehty&hellip;","_links":{"self":[{"href":"https:\/\/safetypartners.fi\/kauppa\/wp-json\/wp\/v2\/product\/2097","targetHints":{"allow":["GET"]}}],"collection":[{"href":"https:\/\/safetypartners.fi\/kauppa\/wp-json\/wp\/v2\/product"}],"about":[{"href":"https:\/\/safetypartners.fi\/kauppa\/wp-json\/wp\/v2\/types\/product"}],"replies":[{"embeddable":true,"href":"https:\/\/safetypartners.fi\/kauppa\/wp-json\/wp\/v2\/comments?post=2097"}],"version-history":[{"count":3,"href":"https:\/\/safetypartners.fi\/kauppa\/wp-json\/wp\/v2\/product\/2097\/revisions"}],"predecessor-version":[{"id":3329,"href":"https:\/\/safetypartners.fi\/kauppa\/wp-json\/wp\/v2\/product\/2097\/revisions\/3329"}],"wp:featuredmedia":[{"embeddable":true,"href":"https:\/\/safetypartners.fi\/kauppa\/wp-json\/wp\/v2\/media\/2101"}],"wp:attachment":[{"href":"https:\/\/safetypartners.fi\/kauppa\/wp-json\/wp\/v2\/media?parent=2097"}],"wp:term":[{"taxonomy":"product_brand","embeddable":true,"href":"https:\/\/safetypartners.fi\/kauppa\/wp-json\/wp\/v2\/product_brand?post=2097"},{"taxonomy":"product_cat","embeddable":true,"href":"https:\/\/safetypartners.fi\/kauppa\/wp-json\/wp\/v2\/product_cat?post=2097"},{"taxonomy":"product_tag","embeddable":true,"href":"https:\/\/safetypartners.fi\/kauppa\/wp-json\/wp\/v2\/product_tag?post=2097"}],"curies":[{"name":"wp","href":"https:\/\/api.w.org\/{rel}","templated":true}]}}