{"id":2183,"date":"2024-10-22T11:23:55","date_gmt":"2024-10-22T08:23:55","guid":{"rendered":"https:\/\/safetypartners.fi\/kauppa\/?post_type=product&#038;p=2183"},"modified":"2026-02-02T11:07:09","modified_gmt":"2026-02-02T09:07:09","slug":"braun-exactfit-5-connect-verenpainemittari","status":"publish","type":"product","link":"https:\/\/safetypartners.fi\/kauppa\/tuote\/braun-exactfit-5-connect-verenpainemittari","title":{"rendered":"Braun ExactFit\u2122 5 Connect verenpainemittari"},"content":{"rendered":"<ul>\n<li>Olkavarresta mittaava verenpainemittari<\/li>\n<li>Helppok\u00e4ytt\u00f6inen ja ergonominen<\/li>\n<li>Tunnistaa ep\u00e4s\u00e4\u00e4nn\u00f6llisen sykkeen<\/li>\n<li>Tasainen ja miellytt\u00e4v\u00e4 t\u00e4ytt\u00f6<\/li>\n<li>V\u00e4lit\u00f6n tiedontulkinta<\/li>\n<li>Bluetooth-yhteys \u00e4lypuhelimeen, johon saa ladattua sovelluksen<\/li>\n<li>Soveltuu kahdelle k\u00e4ytt\u00e4j\u00e4lle, muistissa 2 x 60 tallennuspaikkaa<\/li>\n<li>XL-kokoinen n\u00e4ytt\u00f6<\/li>\n<li>CE-merkitty l\u00e4\u00e4kinn\u00e4llinen laite<\/li>\n<li>Takuu 2 vuotta<\/li>\n<\/ul>\n<p>Pakkauksen sis\u00e4lt\u00f6:<\/p>\n<p>Braun ExactFit\u2122 5 Connect -mittari<br \/>\nKaksi mansettia (S\/M &amp; L\/XL)<br \/>\nS\u00e4ilytyspussi<br \/>\nK\u00e4ytt\u00f6ohjeet<br \/>\nPikaopas<br \/>\n4 x AAA-paristo<\/p>\n","protected":false},"excerpt":{"rendered":"<p><strong>Braun ExactFit\u2122 5<\/strong> mittaa olkavarresta verenpainetta. ExactFit\u2122 5 on k\u00e4tev\u00e4 ja tarkka verenpainemittari omatoimiseen verenpaineen seuraamiseen.<\/p>\n<p>Laitteessa on kaksi mansetin kokoa &#8211; paras istuvuus varmistaa suurimman tarkkuuden. Keskiarvotoiminto kertoo lukemat viimeisten seitsem\u00e4n p\u00e4iv\u00e4n ajalta ja auttaa sinua saamaan paremman kuvan syd\u00e4mesi terveydest\u00e4 pidemm\u00e4ll\u00e4 ajanjaksolla. Verenpaineen lukemia voidaan seurata Bluetoothin avulla my\u00f6s \u00e4lypuhelunsovelluksesta. Sovellus n\u00e4ytt\u00e4\u00e4 lukemien trendin pidemm\u00e4ll\u00e4 aikav\u00e4lill\u00e4 ja mittausp\u00e4iv\u00e4t kalenterissa.<\/p>\n","protected":false},"featured_media":2184,"comment_status":"open","ping_status":"closed","template":"","meta":{"_uag_custom_page_level_css":"","site-sidebar-layout":"default","site-content-layout":"","ast-site-content-layout":"default","site-content-style":"default","site-sidebar-style":"default","ast-global-header-display":"","ast-banner-title-visibility":"","ast-main-header-display":"","ast-hfb-above-header-display":"","ast-hfb-below-header-display":"","ast-hfb-mobile-header-display":"","site-post-title":"","ast-breadcrumbs-content":"","ast-featured-img":"","footer-sml-layout":"","ast-disable-related-posts":"","theme-transparent-header-meta":"default","adv-header-id-meta":"","stick-header-meta":"default","header-above-stick-meta":"","header-main-stick-meta":"","header-below-stick-meta":"","astra-migrate-meta-layouts":"set","ast-page-background-enabled":"default","ast-page-background-meta":{"desktop":{"background-color":"","background-image":"","background-repeat":"repeat","background-position":"center center","background-size":"auto","background-attachment":"scroll","background-type":"","background-media":"","overlay-type":"","overlay-color":"","overlay-opacity":"","overlay-gradient":""},"tablet":{"background-color":"","background-image":"","background-repeat":"repeat","background-position":"center center","background-size":"auto","background-attachment":"scroll","background-type":"","background-media":"","overlay-type":"","overlay-color":"","overlay-opacity":"","overlay-gradient":""},"mobile":{"background-color":"","background-image":"","background-repeat":"repeat","background-position":"center center","background-size":"auto","background-attachment":"scroll","background-type":"","background-media":"","overlay-type":"","overlay-color":"","overlay-opacity":"","overlay-gradient":""}},"ast-content-background-meta":{"desktop":{"background-color":"var(--ast-global-color-5)","background-image":"","background-repeat":"repeat","background-position":"center center","background-size":"auto","background-attachment":"scroll","background-type":"","background-media":"","overlay-type":"","overlay-color":"","overlay-opacity":"","overlay-gradient":""},"tablet":{"background-color":"var(--ast-global-color-5)","background-image":"","background-repeat":"repeat","background-position":"center center","background-size":"auto","background-attachment":"scroll","background-type":"","background-media":"","overlay-type":"","overlay-color":"","overlay-opacity":"","overlay-gradient":""},"mobile":{"background-color":"var(--ast-global-color-5)","background-image":"","background-repeat":"repeat","background-position":"center center","background-size":"auto","background-attachment":"scroll","background-type":"","background-media":"","overlay-type":"","overlay-color":"","overlay-opacity":"","overlay-gradient":""}}},"product_brand":[],"product_cat":[42,15],"product_tag":[1201,1200,845,1202,846,850,849,851,702,847,1243,848,844],"class_list":{"0":"post-2183","1":"product","2":"type-product","3":"status-publish","4":"has-post-thumbnail","6":"product_cat-ensiapu","7":"product_cat-yleinen","8":"product_tag-app","9":"product_tag-bluetooth","10":"product_tag-braun","11":"product_tag-connect","12":"product_tag-exactfit-5","13":"product_tag-iso-naytto","14":"product_tag-keskiarvotoiminto","15":"product_tag-paristokayttoinen","16":"product_tag-sovellus","17":"product_tag-tarkka","18":"product_tag-varautuminen","19":"product_tag-verenpaine","20":"product_tag-verenpainemittari","21":"product_shipping_class-suomi","22":"desktop-align-center","23":"tablet-align-center","24":"mobile-align-center","25":"ast-product-gallery-layout-horizontal-slider","26":"ast-product-tabs-layout-horizontal","28":"first","29":"instock","30":"sale","31":"taxable","32":"shipping-taxable","33":"purchasable","34":"product-type-simple"},"yoast_head":"<!-- This site is optimized with the Yoast SEO plugin v27.3 - https:\/\/yoast.com\/product\/yoast-seo-wordpress\/ -->\n<title>Braun ExactFit\u2122 5 Connect verenpainemittari - Safety Partners<\/title>\n<meta name=\"description\" content=\"K\u00e4tev\u00e4 ja tarkka verenpainemittari omatoimiseen verenpaineen seuraamiseen. Kaksi mansetin kokoa ja keskiarvotoiminto. XL-kokoinen n\u00e4ytt\u00f6. Seurantasovellus.\" \/>\n<meta name=\"robots\" content=\"index, follow, max-snippet:-1, max-image-preview:large, max-video-preview:-1\" \/>\n<link rel=\"canonical\" href=\"https:\/\/safetypartners.fi\/kauppa\/tuote\/braun-exactfit-5-connect-verenpainemittari\" \/>\n<meta property=\"og:locale\" content=\"fi_FI\" \/>\n<meta property=\"og:type\" content=\"article\" \/>\n<meta property=\"og:title\" content=\"Braun ExactFit\u2122 5 Connect verenpainemittari - Safety Partners\" \/>\n<meta property=\"og:description\" content=\"K\u00e4tev\u00e4 ja tarkka verenpainemittari omatoimiseen verenpaineen seuraamiseen. Kaksi mansetin kokoa ja keskiarvotoiminto. XL-kokoinen n\u00e4ytt\u00f6. Seurantasovellus.\" \/>\n<meta property=\"og:url\" content=\"https:\/\/safetypartners.fi\/kauppa\/tuote\/braun-exactfit-5-connect-verenpainemittari\" \/>\n<meta property=\"og:site_name\" content=\"Safety Partners\" \/>\n<meta property=\"article:modified_time\" content=\"2026-02-02T09:07:09+00:00\" \/>\n<meta property=\"og:image\" content=\"https:\/\/safetypartners.fi\/kauppa\/wp-content\/uploads\/2024\/10\/Braun-verenpainemittari.webp\" \/>\n\t<meta property=\"og:image:width\" content=\"600\" \/>\n\t<meta property=\"og:image:height\" content=\"600\" \/>\n\t<meta property=\"og:image:type\" content=\"image\/webp\" \/>\n<meta name=\"twitter:card\" content=\"summary_large_image\" \/>\n<meta name=\"twitter:label1\" content=\"Arvioitu lukuaika\" \/>\n\t<meta name=\"twitter:data1\" content=\"1 minuutti\" \/>\n<script type=\"application\/ld+json\" class=\"yoast-schema-graph\">{\"@context\":\"https:\\\/\\\/schema.org\",\"@graph\":[{\"@type\":\"WebPage\",\"@id\":\"https:\\\/\\\/safetypartners.fi\\\/kauppa\\\/tuote\\\/braun-exactfit-5-connect-verenpainemittari\",\"url\":\"https:\\\/\\\/safetypartners.fi\\\/kauppa\\\/tuote\\\/braun-exactfit-5-connect-verenpainemittari\",\"name\":\"Braun ExactFit\u2122 5 Connect verenpainemittari - Safety Partners\",\"isPartOf\":{\"@id\":\"https:\\\/\\\/safetypartners.fi\\\/kauppa\\\/#website\"},\"primaryImageOfPage\":{\"@id\":\"https:\\\/\\\/safetypartners.fi\\\/kauppa\\\/tuote\\\/braun-exactfit-5-connect-verenpainemittari#primaryimage\"},\"image\":{\"@id\":\"https:\\\/\\\/safetypartners.fi\\\/kauppa\\\/tuote\\\/braun-exactfit-5-connect-verenpainemittari#primaryimage\"},\"thumbnailUrl\":\"https:\\\/\\\/safetypartners.fi\\\/kauppa\\\/wp-content\\\/uploads\\\/2024\\\/10\\\/Braun-verenpainemittari.webp\",\"datePublished\":\"2024-10-22T08:23:55+00:00\",\"dateModified\":\"2026-02-02T09:07:09+00:00\",\"description\":\"K\u00e4tev\u00e4 ja tarkka verenpainemittari omatoimiseen verenpaineen seuraamiseen. Kaksi mansetin kokoa ja keskiarvotoiminto. XL-kokoinen n\u00e4ytt\u00f6. Seurantasovellus.\",\"breadcrumb\":{\"@id\":\"https:\\\/\\\/safetypartners.fi\\\/kauppa\\\/tuote\\\/braun-exactfit-5-connect-verenpainemittari#breadcrumb\"},\"inLanguage\":\"fi\",\"potentialAction\":[{\"@type\":\"ReadAction\",\"target\":[\"https:\\\/\\\/safetypartners.fi\\\/kauppa\\\/tuote\\\/braun-exactfit-5-connect-verenpainemittari\"]}]},{\"@type\":\"ImageObject\",\"inLanguage\":\"fi\",\"@id\":\"https:\\\/\\\/safetypartners.fi\\\/kauppa\\\/tuote\\\/braun-exactfit-5-connect-verenpainemittari#primaryimage\",\"url\":\"https:\\\/\\\/safetypartners.fi\\\/kauppa\\\/wp-content\\\/uploads\\\/2024\\\/10\\\/Braun-verenpainemittari.webp\",\"contentUrl\":\"https:\\\/\\\/safetypartners.fi\\\/kauppa\\\/wp-content\\\/uploads\\\/2024\\\/10\\\/Braun-verenpainemittari.webp\",\"width\":600,\"height\":600,\"caption\":\"ExactFit\u2122 5 Connect verenpainemittari Braunilta\"},{\"@type\":\"BreadcrumbList\",\"@id\":\"https:\\\/\\\/safetypartners.fi\\\/kauppa\\\/tuote\\\/braun-exactfit-5-connect-verenpainemittari#breadcrumb\",\"itemListElement\":[{\"@type\":\"ListItem\",\"position\":1,\"name\":\"Home\",\"item\":\"https:\\\/\\\/safetypartners.fi\\\/kauppa\\\/\"},{\"@type\":\"ListItem\",\"position\":2,\"name\":\"Kauppa\",\"item\":\"https:\\\/\\\/safetypartners.fi\\\/kauppa\\\/kauppa\"},{\"@type\":\"ListItem\",\"position\":3,\"name\":\"Braun ExactFit\u2122 5 Connect verenpainemittari\"}]},{\"@type\":\"WebSite\",\"@id\":\"https:\\\/\\\/safetypartners.fi\\\/kauppa\\\/#website\",\"url\":\"https:\\\/\\\/safetypartners.fi\\\/kauppa\\\/\",\"name\":\"Safety Partners\",\"description\":\"Safety Partners turvakauppa palvelee verkossa 24\\\/7!\",\"publisher\":{\"@id\":\"https:\\\/\\\/safetypartners.fi\\\/kauppa\\\/#organization\"},\"potentialAction\":[{\"@type\":\"SearchAction\",\"target\":{\"@type\":\"EntryPoint\",\"urlTemplate\":\"https:\\\/\\\/safetypartners.fi\\\/kauppa\\\/?s={search_term_string}\"},\"query-input\":{\"@type\":\"PropertyValueSpecification\",\"valueRequired\":true,\"valueName\":\"search_term_string\"}}],\"inLanguage\":\"fi\"},{\"@type\":\"Organization\",\"@id\":\"https:\\\/\\\/safetypartners.fi\\\/kauppa\\\/#organization\",\"name\":\"Safety Partners | Suomen Sammutinpalvelu\",\"url\":\"https:\\\/\\\/safetypartners.fi\\\/kauppa\\\/\",\"logo\":{\"@type\":\"ImageObject\",\"inLanguage\":\"fi\",\"@id\":\"https:\\\/\\\/safetypartners.fi\\\/kauppa\\\/#\\\/schema\\\/logo\\\/image\\\/\",\"url\":\"https:\\\/\\\/safetypartners.fi\\\/kauppa\\\/wp-content\\\/uploads\\\/2020\\\/05\\\/cropped-Logoke-1.jpg\",\"contentUrl\":\"https:\\\/\\\/safetypartners.fi\\\/kauppa\\\/wp-content\\\/uploads\\\/2020\\\/05\\\/cropped-Logoke-1.jpg\",\"width\":847,\"height\":717,\"caption\":\"Safety Partners | Suomen Sammutinpalvelu\"},\"image\":{\"@id\":\"https:\\\/\\\/safetypartners.fi\\\/kauppa\\\/#\\\/schema\\\/logo\\\/image\\\/\"}}]}<\/script>\n<!-- \/ Yoast SEO plugin. -->","yoast_head_json":{"title":"Braun ExactFit\u2122 5 Connect verenpainemittari - Safety Partners","description":"K\u00e4tev\u00e4 ja tarkka verenpainemittari omatoimiseen verenpaineen seuraamiseen. Kaksi mansetin kokoa ja keskiarvotoiminto. XL-kokoinen n\u00e4ytt\u00f6. Seurantasovellus.","robots":{"index":"index","follow":"follow","max-snippet":"max-snippet:-1","max-image-preview":"max-image-preview:large","max-video-preview":"max-video-preview:-1"},"canonical":"https:\/\/safetypartners.fi\/kauppa\/tuote\/braun-exactfit-5-connect-verenpainemittari","og_locale":"fi_FI","og_type":"article","og_title":"Braun ExactFit\u2122 5 Connect verenpainemittari - Safety Partners","og_description":"K\u00e4tev\u00e4 ja tarkka verenpainemittari omatoimiseen verenpaineen seuraamiseen. Kaksi mansetin kokoa ja keskiarvotoiminto. XL-kokoinen n\u00e4ytt\u00f6. Seurantasovellus.","og_url":"https:\/\/safetypartners.fi\/kauppa\/tuote\/braun-exactfit-5-connect-verenpainemittari","og_site_name":"Safety Partners","article_modified_time":"2026-02-02T09:07:09+00:00","og_image":[{"width":600,"height":600,"url":"https:\/\/safetypartners.fi\/kauppa\/wp-content\/uploads\/2024\/10\/Braun-verenpainemittari.webp","type":"image\/webp"}],"twitter_card":"summary_large_image","twitter_misc":{"Arvioitu lukuaika":"1 minuutti"},"schema":{"@context":"https:\/\/schema.org","@graph":[{"@type":"WebPage","@id":"https:\/\/safetypartners.fi\/kauppa\/tuote\/braun-exactfit-5-connect-verenpainemittari","url":"https:\/\/safetypartners.fi\/kauppa\/tuote\/braun-exactfit-5-connect-verenpainemittari","name":"Braun ExactFit\u2122 5 Connect verenpainemittari - Safety Partners","isPartOf":{"@id":"https:\/\/safetypartners.fi\/kauppa\/#website"},"primaryImageOfPage":{"@id":"https:\/\/safetypartners.fi\/kauppa\/tuote\/braun-exactfit-5-connect-verenpainemittari#primaryimage"},"image":{"@id":"https:\/\/safetypartners.fi\/kauppa\/tuote\/braun-exactfit-5-connect-verenpainemittari#primaryimage"},"thumbnailUrl":"https:\/\/safetypartners.fi\/kauppa\/wp-content\/uploads\/2024\/10\/Braun-verenpainemittari.webp","datePublished":"2024-10-22T08:23:55+00:00","dateModified":"2026-02-02T09:07:09+00:00","description":"K\u00e4tev\u00e4 ja tarkka verenpainemittari omatoimiseen verenpaineen seuraamiseen. Kaksi mansetin kokoa ja keskiarvotoiminto. XL-kokoinen n\u00e4ytt\u00f6. Seurantasovellus.","breadcrumb":{"@id":"https:\/\/safetypartners.fi\/kauppa\/tuote\/braun-exactfit-5-connect-verenpainemittari#breadcrumb"},"inLanguage":"fi","potentialAction":[{"@type":"ReadAction","target":["https:\/\/safetypartners.fi\/kauppa\/tuote\/braun-exactfit-5-connect-verenpainemittari"]}]},{"@type":"ImageObject","inLanguage":"fi","@id":"https:\/\/safetypartners.fi\/kauppa\/tuote\/braun-exactfit-5-connect-verenpainemittari#primaryimage","url":"https:\/\/safetypartners.fi\/kauppa\/wp-content\/uploads\/2024\/10\/Braun-verenpainemittari.webp","contentUrl":"https:\/\/safetypartners.fi\/kauppa\/wp-content\/uploads\/2024\/10\/Braun-verenpainemittari.webp","width":600,"height":600,"caption":"ExactFit\u2122 5 Connect verenpainemittari Braunilta"},{"@type":"BreadcrumbList","@id":"https:\/\/safetypartners.fi\/kauppa\/tuote\/braun-exactfit-5-connect-verenpainemittari#breadcrumb","itemListElement":[{"@type":"ListItem","position":1,"name":"Home","item":"https:\/\/safetypartners.fi\/kauppa\/"},{"@type":"ListItem","position":2,"name":"Kauppa","item":"https:\/\/safetypartners.fi\/kauppa\/kauppa"},{"@type":"ListItem","position":3,"name":"Braun ExactFit\u2122 5 Connect verenpainemittari"}]},{"@type":"WebSite","@id":"https:\/\/safetypartners.fi\/kauppa\/#website","url":"https:\/\/safetypartners.fi\/kauppa\/","name":"Safety Partners","description":"Safety Partners turvakauppa palvelee verkossa 24\/7!","publisher":{"@id":"https:\/\/safetypartners.fi\/kauppa\/#organization"},"potentialAction":[{"@type":"SearchAction","target":{"@type":"EntryPoint","urlTemplate":"https:\/\/safetypartners.fi\/kauppa\/?s={search_term_string}"},"query-input":{"@type":"PropertyValueSpecification","valueRequired":true,"valueName":"search_term_string"}}],"inLanguage":"fi"},{"@type":"Organization","@id":"https:\/\/safetypartners.fi\/kauppa\/#organization","name":"Safety Partners | Suomen Sammutinpalvelu","url":"https:\/\/safetypartners.fi\/kauppa\/","logo":{"@type":"ImageObject","inLanguage":"fi","@id":"https:\/\/safetypartners.fi\/kauppa\/#\/schema\/logo\/image\/","url":"https:\/\/safetypartners.fi\/kauppa\/wp-content\/uploads\/2020\/05\/cropped-Logoke-1.jpg","contentUrl":"https:\/\/safetypartners.fi\/kauppa\/wp-content\/uploads\/2020\/05\/cropped-Logoke-1.jpg","width":847,"height":717,"caption":"Safety Partners | Suomen Sammutinpalvelu"},"image":{"@id":"https:\/\/safetypartners.fi\/kauppa\/#\/schema\/logo\/image\/"}}]}},"uagb_featured_image_src":{"full":["https:\/\/safetypartners.fi\/kauppa\/wp-content\/uploads\/2024\/10\/Braun-verenpainemittari.webp",600,600,false],"thumbnail":["https:\/\/safetypartners.fi\/kauppa\/wp-content\/uploads\/2024\/10\/Braun-verenpainemittari-150x150.webp",150,150,true],"medium":["https:\/\/safetypartners.fi\/kauppa\/wp-content\/uploads\/2024\/10\/Braun-verenpainemittari-300x300.webp",300,300,true],"medium_large":["https:\/\/safetypartners.fi\/kauppa\/wp-content\/uploads\/2024\/10\/Braun-verenpainemittari.webp",600,600,false],"large":["https:\/\/safetypartners.fi\/kauppa\/wp-content\/uploads\/2024\/10\/Braun-verenpainemittari.webp",600,600,false],"1536x1536":["https:\/\/safetypartners.fi\/kauppa\/wp-content\/uploads\/2024\/10\/Braun-verenpainemittari.webp",600,600,false],"2048x2048":["https:\/\/safetypartners.fi\/kauppa\/wp-content\/uploads\/2024\/10\/Braun-verenpainemittari.webp",600,600,false],"woocommerce_thumbnail":["https:\/\/safetypartners.fi\/kauppa\/wp-content\/uploads\/2024\/10\/Braun-verenpainemittari-300x300.webp",300,300,true],"woocommerce_single":["https:\/\/safetypartners.fi\/kauppa\/wp-content\/uploads\/2024\/10\/Braun-verenpainemittari.webp",600,600,false],"woocommerce_gallery_thumbnail":["https:\/\/safetypartners.fi\/kauppa\/wp-content\/uploads\/2024\/10\/Braun-verenpainemittari-100x100.webp",100,100,true]},"uagb_author_info":{"display_name":"Anu Lehto","author_link":"https:\/\/safetypartners.fi\/kauppa\/author"},"uagb_comment_info":2,"uagb_excerpt":"Braun ExactFit\u2122 5 mittaa olkavarresta verenpainetta. ExactFit\u2122 5 on k\u00e4tev\u00e4 ja tarkka verenpainemittari omatoimiseen verenpaineen seuraamiseen. Laitteessa on kaksi mansetin kokoa - paras istuvuus varmistaa suurimman tarkkuuden. Keskiarvotoiminto kertoo lukemat viimeisten seitsem\u00e4n p\u00e4iv\u00e4n ajalta ja auttaa sinua saamaan paremman kuvan syd\u00e4mesi terveydest\u00e4 pidemm\u00e4ll\u00e4 ajanjaksolla. Verenpaineen lukemia voidaan seurata Bluetoothin avulla my\u00f6s \u00e4lypuhelunsovelluksesta. Sovellus n\u00e4ytt\u00e4\u00e4 lukemien&hellip;","_links":{"self":[{"href":"https:\/\/safetypartners.fi\/kauppa\/wp-json\/wp\/v2\/product\/2183","targetHints":{"allow":["GET"]}}],"collection":[{"href":"https:\/\/safetypartners.fi\/kauppa\/wp-json\/wp\/v2\/product"}],"about":[{"href":"https:\/\/safetypartners.fi\/kauppa\/wp-json\/wp\/v2\/types\/product"}],"replies":[{"embeddable":true,"href":"https:\/\/safetypartners.fi\/kauppa\/wp-json\/wp\/v2\/comments?post=2183"}],"version-history":[{"count":4,"href":"https:\/\/safetypartners.fi\/kauppa\/wp-json\/wp\/v2\/product\/2183\/revisions"}],"predecessor-version":[{"id":2936,"href":"https:\/\/safetypartners.fi\/kauppa\/wp-json\/wp\/v2\/product\/2183\/revisions\/2936"}],"wp:featuredmedia":[{"embeddable":true,"href":"https:\/\/safetypartners.fi\/kauppa\/wp-json\/wp\/v2\/media\/2184"}],"wp:attachment":[{"href":"https:\/\/safetypartners.fi\/kauppa\/wp-json\/wp\/v2\/media?parent=2183"}],"wp:term":[{"taxonomy":"product_brand","embeddable":true,"href":"https:\/\/safetypartners.fi\/kauppa\/wp-json\/wp\/v2\/product_brand?post=2183"},{"taxonomy":"product_cat","embeddable":true,"href":"https:\/\/safetypartners.fi\/kauppa\/wp-json\/wp\/v2\/product_cat?post=2183"},{"taxonomy":"product_tag","embeddable":true,"href":"https:\/\/safetypartners.fi\/kauppa\/wp-json\/wp\/v2\/product_tag?post=2183"}],"curies":[{"name":"wp","href":"https:\/\/api.w.org\/{rel}","templated":true}]}}