{"id":2820,"date":"2025-07-11T15:03:05","date_gmt":"2025-07-11T12:03:05","guid":{"rendered":"https:\/\/safetypartners.fi\/kauppa\/?post_type=product&#038;p=2820"},"modified":"2026-02-02T10:46:57","modified_gmt":"2026-02-02T08:46:57","slug":"plus-ensiapulaukku-housegard","status":"publish","type":"product","link":"https:\/\/safetypartners.fi\/kauppa\/tuote\/plus-ensiapulaukku-housegard","title":{"rendered":"Plus ensiapulaukku, Housegard"},"content":{"rendered":"<h5>74-osainen ensiapulaukku pienten ja suurempien ruhjeiden, palovammojen sek\u00e4 akuuttien hengitys- ja verenkierto-ongelmien hoitoon.<\/h5>\n<h5><\/h5>\n<h5>Sis\u00e4lt\u00f6<\/h5>\n<p><strong><br \/>\nPieniin haavoihin:<\/strong><\/p>\n<ul>\n<li>1 rulla teippi\u00e4 (1,25 cm x 5 m)<\/li>\n<li>6 kpl ihon puhdistuspyyhkeit\u00e4<\/li>\n<li>4 NaCl 0,9% puhdistuspyyhett\u00e4<\/li>\n<li>30 kpl vett\u00e4hylkivi\u00e4 laastareita (72 x 19 mm)<\/li>\n<li>2 rakkolaastaria (37 x 55 mm)<\/li>\n<\/ul>\n<p><strong>Keskikokoisiin haavoihin:<\/strong><\/p>\n<ul>\n<li>1 itsekiinnittyv\u00e4 side (10 x 6 cm)<\/li>\n<li>8 painesidett\u00e4 (5 x 5 cm)<\/li>\n<li>1 kolmioliina (136 x 96 x 96 cm)<\/li>\n<li>1 keskikokoinen kylm\u00e4pakkaus (100 g)<\/li>\n<li>2 kpl palovammageeli\u00e4 (3,5 g)<\/li>\n<li>2 steriili\u00e4 haavasidosta (17 x 17 cm)<\/li>\n<li>2 rullaa sideharsoa (8 cm x 3 m)<\/li>\n<\/ul>\n<p><strong>Suurempiin haavoihin:\u00a0<\/strong><\/p>\n<ul>\n<li>hengityssuoja suusta suuhun -elvytykseen<\/li>\n<li>ensiapuavaruuspeitto<\/li>\n<\/ul>\n<p><strong>Tarvikkeet:\u00a0<\/strong><\/p>\n<ul>\n<li>4 paria lateksittomia hanskoja<\/li>\n<li>sakset (12,7 cm)<\/li>\n<li>metallipinsetit (8,8 cm)<\/li>\n<li>2 turvaneulaa<\/li>\n<\/ul>\n<p>&nbsp;<\/p>\n<p><a href=\"https:\/\/safetypartners.fi\/turvallisuusblogi\/\" target=\"_blank\" rel=\"noopener\"><em>Huomioi turvallisuus \u2013 Lue artikkeleja kodin, vapaa-ajan ja ty\u00f6paikan turvallisuuteen liittyen.<\/em><\/a><\/p>\n","protected":false},"excerpt":{"rendered":"<p><strong>Housegard Plus on huolellisesti varusteltu ensiapulaukku<\/strong>, joka kattaa monenlaiset h\u00e4t\u00e4tilanteet. Pienet ja suuret ruhjeet, palovammat sek\u00e4 akuutit hengitys- ja verenkierto-ongelmat ovat hoidettavissa Plus EA-laukun apuv\u00e4lineill\u00e4.<\/p>\n<p>74-osainen ensiapulaukku sopii t\u00e4ydellisesti kotiin, m\u00f6kille, matkoille ja vapaa-ajan aktiviteetteihin, joissa nopea hoito oikeilla v\u00e4lineill\u00e4 voi olla ratkaisevaa. Kest\u00e4v\u00e4 ja tarkasti jaoteltu rakenne takaa sen, ett\u00e4 ensiapuv\u00e4lineet ovat heti k\u00e4siesi ulottuvilla.<\/p>\n","protected":false},"featured_media":2821,"comment_status":"open","ping_status":"closed","template":"","meta":{"_uag_custom_page_level_css":"","site-sidebar-layout":"default","site-content-layout":"default","ast-site-content-layout":"default","site-content-style":"default","site-sidebar-style":"default","ast-global-header-display":"","ast-banner-title-visibility":"","ast-main-header-display":"","ast-hfb-above-header-display":"","ast-hfb-below-header-display":"","ast-hfb-mobile-header-display":"","site-post-title":"","ast-breadcrumbs-content":"","ast-featured-img":"","footer-sml-layout":"","ast-disable-related-posts":"","theme-transparent-header-meta":"default","adv-header-id-meta":"","stick-header-meta":"default","header-above-stick-meta":"","header-main-stick-meta":"","header-below-stick-meta":"","astra-migrate-meta-layouts":"set","ast-page-background-enabled":"default","ast-page-background-meta":{"desktop":{"background-color":"","background-image":"","background-repeat":"repeat","background-position":"center center","background-size":"auto","background-attachment":"scroll","background-type":"","background-media":"","overlay-type":"","overlay-color":"","overlay-opacity":"","overlay-gradient":""},"tablet":{"background-color":"","background-image":"","background-repeat":"repeat","background-position":"center center","background-size":"auto","background-attachment":"scroll","background-type":"","background-media":"","overlay-type":"","overlay-color":"","overlay-opacity":"","overlay-gradient":""},"mobile":{"background-color":"","background-image":"","background-repeat":"repeat","background-position":"center center","background-size":"auto","background-attachment":"scroll","background-type":"","background-media":"","overlay-type":"","overlay-color":"","overlay-opacity":"","overlay-gradient":""}},"ast-content-background-meta":{"desktop":{"background-color":"var(--ast-global-color-5)","background-image":"","background-repeat":"repeat","background-position":"center center","background-size":"auto","background-attachment":"scroll","background-type":"","background-media":"","overlay-type":"","overlay-color":"","overlay-opacity":"","overlay-gradient":""},"tablet":{"background-color":"var(--ast-global-color-5)","background-image":"","background-repeat":"repeat","background-position":"center center","background-size":"auto","background-attachment":"scroll","background-type":"","background-media":"","overlay-type":"","overlay-color":"","overlay-opacity":"","overlay-gradient":""},"mobile":{"background-color":"var(--ast-global-color-5)","background-image":"","background-repeat":"repeat","background-position":"center center","background-size":"auto","background-attachment":"scroll","background-type":"","background-media":"","overlay-type":"","overlay-color":"","overlay-opacity":"","overlay-gradient":""}}},"product_brand":[],"product_cat":[42,15,41],"product_tag":[1187,1180,120,570,574,90,1185,987,1186,113,1183,1126,1184],"class_list":{"0":"post-2820","1":"product","2":"type-product","3":"status-publish","4":"has-post-thumbnail","6":"product_cat-ensiapu","7":"product_cat-yleinen","8":"product_cat-koti-vapaa-aika","9":"product_tag-avaruuslakana","10":"product_tag-ea-pakkaus","11":"product_tag-ensiapu","12":"product_tag-ensiapulaukku","13":"product_tag-ensiapuopas","14":"product_tag-ensiapupakkaus","15":"product_tag-ensihoito","16":"product_tag-haavanhoito","17":"product_tag-hengityssuoja","18":"product_tag-housegard","19":"product_tag-palovammat","20":"product_tag-plus","21":"product_tag-verenvuoto","22":"product_shipping_class-suomi","23":"desktop-align-center","24":"tablet-align-center","25":"mobile-align-center","26":"ast-product-gallery-layout-horizontal-slider","27":"ast-product-tabs-layout-horizontal","29":"first","30":"instock","31":"taxable","32":"shipping-taxable","33":"purchasable","34":"product-type-simple"},"yoast_head":"<!-- This site is optimized with the Yoast SEO plugin v27.3 - https:\/\/yoast.com\/product\/yoast-seo-wordpress\/ -->\n<title>Plus ensiapulaukku, Housegard - Safety Partners<\/title>\n<meta name=\"description\" content=\"Plus ensiapulaukku | Kattava, 74-osainen ensiapupakkaus haavojen ja palovammojen hoitoon sek\u00e4 hengityksen tukemiseen ja verenkiertoh\u00e4iri\u00f6iden avuksi.\" \/>\n<meta name=\"robots\" content=\"index, follow, max-snippet:-1, max-image-preview:large, max-video-preview:-1\" \/>\n<link rel=\"canonical\" href=\"https:\/\/safetypartners.fi\/kauppa\/tuote\/plus-ensiapulaukku-housegard\" \/>\n<meta property=\"og:locale\" content=\"fi_FI\" \/>\n<meta property=\"og:type\" content=\"article\" \/>\n<meta property=\"og:title\" content=\"Plus ensiapulaukku, Housegard - Safety Partners\" \/>\n<meta property=\"og:description\" content=\"Plus ensiapulaukku | Kattava, 74-osainen ensiapupakkaus haavojen ja palovammojen hoitoon sek\u00e4 hengityksen tukemiseen ja verenkiertoh\u00e4iri\u00f6iden avuksi.\" \/>\n<meta property=\"og:url\" content=\"https:\/\/safetypartners.fi\/kauppa\/tuote\/plus-ensiapulaukku-housegard\" \/>\n<meta property=\"og:site_name\" content=\"Safety Partners\" \/>\n<meta property=\"article:modified_time\" content=\"2026-02-02T08:46:57+00:00\" \/>\n<meta property=\"og:image\" content=\"https:\/\/safetypartners.fi\/kauppa\/wp-content\/uploads\/2025\/07\/Plus-ensiapulaukku-Housegard.png\" \/>\n\t<meta property=\"og:image:width\" content=\"1230\" \/>\n\t<meta property=\"og:image:height\" content=\"1230\" \/>\n\t<meta property=\"og:image:type\" content=\"image\/png\" \/>\n<meta name=\"twitter:card\" content=\"summary_large_image\" \/>\n<meta name=\"twitter:label1\" content=\"Arvioitu lukuaika\" \/>\n\t<meta name=\"twitter:data1\" content=\"1 minuutti\" \/>\n<script type=\"application\/ld+json\" class=\"yoast-schema-graph\">{\"@context\":\"https:\\\/\\\/schema.org\",\"@graph\":[{\"@type\":\"WebPage\",\"@id\":\"https:\\\/\\\/safetypartners.fi\\\/kauppa\\\/tuote\\\/plus-ensiapulaukku-housegard\",\"url\":\"https:\\\/\\\/safetypartners.fi\\\/kauppa\\\/tuote\\\/plus-ensiapulaukku-housegard\",\"name\":\"Plus ensiapulaukku, Housegard - Safety Partners\",\"isPartOf\":{\"@id\":\"https:\\\/\\\/safetypartners.fi\\\/kauppa\\\/#website\"},\"primaryImageOfPage\":{\"@id\":\"https:\\\/\\\/safetypartners.fi\\\/kauppa\\\/tuote\\\/plus-ensiapulaukku-housegard#primaryimage\"},\"image\":{\"@id\":\"https:\\\/\\\/safetypartners.fi\\\/kauppa\\\/tuote\\\/plus-ensiapulaukku-housegard#primaryimage\"},\"thumbnailUrl\":\"https:\\\/\\\/safetypartners.fi\\\/kauppa\\\/wp-content\\\/uploads\\\/2025\\\/07\\\/Plus-ensiapulaukku-Housegard.png\",\"datePublished\":\"2025-07-11T12:03:05+00:00\",\"dateModified\":\"2026-02-02T08:46:57+00:00\",\"description\":\"Plus ensiapulaukku | Kattava, 74-osainen ensiapupakkaus haavojen ja palovammojen hoitoon sek\u00e4 hengityksen tukemiseen ja verenkiertoh\u00e4iri\u00f6iden avuksi.\",\"breadcrumb\":{\"@id\":\"https:\\\/\\\/safetypartners.fi\\\/kauppa\\\/tuote\\\/plus-ensiapulaukku-housegard#breadcrumb\"},\"inLanguage\":\"fi\",\"potentialAction\":[{\"@type\":\"ReadAction\",\"target\":[\"https:\\\/\\\/safetypartners.fi\\\/kauppa\\\/tuote\\\/plus-ensiapulaukku-housegard\"]}]},{\"@type\":\"ImageObject\",\"inLanguage\":\"fi\",\"@id\":\"https:\\\/\\\/safetypartners.fi\\\/kauppa\\\/tuote\\\/plus-ensiapulaukku-housegard#primaryimage\",\"url\":\"https:\\\/\\\/safetypartners.fi\\\/kauppa\\\/wp-content\\\/uploads\\\/2025\\\/07\\\/Plus-ensiapulaukku-Housegard.png\",\"contentUrl\":\"https:\\\/\\\/safetypartners.fi\\\/kauppa\\\/wp-content\\\/uploads\\\/2025\\\/07\\\/Plus-ensiapulaukku-Housegard.png\",\"width\":1230,\"height\":1230,\"caption\":\"Kattava ensiapupakkaus\"},{\"@type\":\"BreadcrumbList\",\"@id\":\"https:\\\/\\\/safetypartners.fi\\\/kauppa\\\/tuote\\\/plus-ensiapulaukku-housegard#breadcrumb\",\"itemListElement\":[{\"@type\":\"ListItem\",\"position\":1,\"name\":\"Home\",\"item\":\"https:\\\/\\\/safetypartners.fi\\\/kauppa\\\/\"},{\"@type\":\"ListItem\",\"position\":2,\"name\":\"Kauppa\",\"item\":\"https:\\\/\\\/safetypartners.fi\\\/kauppa\\\/kauppa\"},{\"@type\":\"ListItem\",\"position\":3,\"name\":\"Plus ensiapulaukku, Housegard\"}]},{\"@type\":\"WebSite\",\"@id\":\"https:\\\/\\\/safetypartners.fi\\\/kauppa\\\/#website\",\"url\":\"https:\\\/\\\/safetypartners.fi\\\/kauppa\\\/\",\"name\":\"Safety Partners\",\"description\":\"Safety Partners turvakauppa palvelee verkossa 24\\\/7!\",\"publisher\":{\"@id\":\"https:\\\/\\\/safetypartners.fi\\\/kauppa\\\/#organization\"},\"potentialAction\":[{\"@type\":\"SearchAction\",\"target\":{\"@type\":\"EntryPoint\",\"urlTemplate\":\"https:\\\/\\\/safetypartners.fi\\\/kauppa\\\/?s={search_term_string}\"},\"query-input\":{\"@type\":\"PropertyValueSpecification\",\"valueRequired\":true,\"valueName\":\"search_term_string\"}}],\"inLanguage\":\"fi\"},{\"@type\":\"Organization\",\"@id\":\"https:\\\/\\\/safetypartners.fi\\\/kauppa\\\/#organization\",\"name\":\"Safety Partners | Suomen Sammutinpalvelu\",\"url\":\"https:\\\/\\\/safetypartners.fi\\\/kauppa\\\/\",\"logo\":{\"@type\":\"ImageObject\",\"inLanguage\":\"fi\",\"@id\":\"https:\\\/\\\/safetypartners.fi\\\/kauppa\\\/#\\\/schema\\\/logo\\\/image\\\/\",\"url\":\"https:\\\/\\\/safetypartners.fi\\\/kauppa\\\/wp-content\\\/uploads\\\/2020\\\/05\\\/cropped-Logoke-1.jpg\",\"contentUrl\":\"https:\\\/\\\/safetypartners.fi\\\/kauppa\\\/wp-content\\\/uploads\\\/2020\\\/05\\\/cropped-Logoke-1.jpg\",\"width\":847,\"height\":717,\"caption\":\"Safety Partners | Suomen Sammutinpalvelu\"},\"image\":{\"@id\":\"https:\\\/\\\/safetypartners.fi\\\/kauppa\\\/#\\\/schema\\\/logo\\\/image\\\/\"}}]}<\/script>\n<!-- \/ Yoast SEO plugin. -->","yoast_head_json":{"title":"Plus ensiapulaukku, Housegard - Safety Partners","description":"Plus ensiapulaukku | Kattava, 74-osainen ensiapupakkaus haavojen ja palovammojen hoitoon sek\u00e4 hengityksen tukemiseen ja verenkiertoh\u00e4iri\u00f6iden avuksi.","robots":{"index":"index","follow":"follow","max-snippet":"max-snippet:-1","max-image-preview":"max-image-preview:large","max-video-preview":"max-video-preview:-1"},"canonical":"https:\/\/safetypartners.fi\/kauppa\/tuote\/plus-ensiapulaukku-housegard","og_locale":"fi_FI","og_type":"article","og_title":"Plus ensiapulaukku, Housegard - Safety Partners","og_description":"Plus ensiapulaukku | Kattava, 74-osainen ensiapupakkaus haavojen ja palovammojen hoitoon sek\u00e4 hengityksen tukemiseen ja verenkiertoh\u00e4iri\u00f6iden avuksi.","og_url":"https:\/\/safetypartners.fi\/kauppa\/tuote\/plus-ensiapulaukku-housegard","og_site_name":"Safety Partners","article_modified_time":"2026-02-02T08:46:57+00:00","og_image":[{"width":1230,"height":1230,"url":"https:\/\/safetypartners.fi\/kauppa\/wp-content\/uploads\/2025\/07\/Plus-ensiapulaukku-Housegard.png","type":"image\/png"}],"twitter_card":"summary_large_image","twitter_misc":{"Arvioitu lukuaika":"1 minuutti"},"schema":{"@context":"https:\/\/schema.org","@graph":[{"@type":"WebPage","@id":"https:\/\/safetypartners.fi\/kauppa\/tuote\/plus-ensiapulaukku-housegard","url":"https:\/\/safetypartners.fi\/kauppa\/tuote\/plus-ensiapulaukku-housegard","name":"Plus ensiapulaukku, Housegard - Safety Partners","isPartOf":{"@id":"https:\/\/safetypartners.fi\/kauppa\/#website"},"primaryImageOfPage":{"@id":"https:\/\/safetypartners.fi\/kauppa\/tuote\/plus-ensiapulaukku-housegard#primaryimage"},"image":{"@id":"https:\/\/safetypartners.fi\/kauppa\/tuote\/plus-ensiapulaukku-housegard#primaryimage"},"thumbnailUrl":"https:\/\/safetypartners.fi\/kauppa\/wp-content\/uploads\/2025\/07\/Plus-ensiapulaukku-Housegard.png","datePublished":"2025-07-11T12:03:05+00:00","dateModified":"2026-02-02T08:46:57+00:00","description":"Plus ensiapulaukku | Kattava, 74-osainen ensiapupakkaus haavojen ja palovammojen hoitoon sek\u00e4 hengityksen tukemiseen ja verenkiertoh\u00e4iri\u00f6iden avuksi.","breadcrumb":{"@id":"https:\/\/safetypartners.fi\/kauppa\/tuote\/plus-ensiapulaukku-housegard#breadcrumb"},"inLanguage":"fi","potentialAction":[{"@type":"ReadAction","target":["https:\/\/safetypartners.fi\/kauppa\/tuote\/plus-ensiapulaukku-housegard"]}]},{"@type":"ImageObject","inLanguage":"fi","@id":"https:\/\/safetypartners.fi\/kauppa\/tuote\/plus-ensiapulaukku-housegard#primaryimage","url":"https:\/\/safetypartners.fi\/kauppa\/wp-content\/uploads\/2025\/07\/Plus-ensiapulaukku-Housegard.png","contentUrl":"https:\/\/safetypartners.fi\/kauppa\/wp-content\/uploads\/2025\/07\/Plus-ensiapulaukku-Housegard.png","width":1230,"height":1230,"caption":"Kattava ensiapupakkaus"},{"@type":"BreadcrumbList","@id":"https:\/\/safetypartners.fi\/kauppa\/tuote\/plus-ensiapulaukku-housegard#breadcrumb","itemListElement":[{"@type":"ListItem","position":1,"name":"Home","item":"https:\/\/safetypartners.fi\/kauppa\/"},{"@type":"ListItem","position":2,"name":"Kauppa","item":"https:\/\/safetypartners.fi\/kauppa\/kauppa"},{"@type":"ListItem","position":3,"name":"Plus ensiapulaukku, Housegard"}]},{"@type":"WebSite","@id":"https:\/\/safetypartners.fi\/kauppa\/#website","url":"https:\/\/safetypartners.fi\/kauppa\/","name":"Safety Partners","description":"Safety Partners turvakauppa palvelee verkossa 24\/7!","publisher":{"@id":"https:\/\/safetypartners.fi\/kauppa\/#organization"},"potentialAction":[{"@type":"SearchAction","target":{"@type":"EntryPoint","urlTemplate":"https:\/\/safetypartners.fi\/kauppa\/?s={search_term_string}"},"query-input":{"@type":"PropertyValueSpecification","valueRequired":true,"valueName":"search_term_string"}}],"inLanguage":"fi"},{"@type":"Organization","@id":"https:\/\/safetypartners.fi\/kauppa\/#organization","name":"Safety Partners | Suomen Sammutinpalvelu","url":"https:\/\/safetypartners.fi\/kauppa\/","logo":{"@type":"ImageObject","inLanguage":"fi","@id":"https:\/\/safetypartners.fi\/kauppa\/#\/schema\/logo\/image\/","url":"https:\/\/safetypartners.fi\/kauppa\/wp-content\/uploads\/2020\/05\/cropped-Logoke-1.jpg","contentUrl":"https:\/\/safetypartners.fi\/kauppa\/wp-content\/uploads\/2020\/05\/cropped-Logoke-1.jpg","width":847,"height":717,"caption":"Safety Partners | Suomen Sammutinpalvelu"},"image":{"@id":"https:\/\/safetypartners.fi\/kauppa\/#\/schema\/logo\/image\/"}}]}},"uagb_featured_image_src":{"full":["https:\/\/safetypartners.fi\/kauppa\/wp-content\/uploads\/2025\/07\/Plus-ensiapulaukku-Housegard.png",1230,1230,false],"thumbnail":["https:\/\/safetypartners.fi\/kauppa\/wp-content\/uploads\/2025\/07\/Plus-ensiapulaukku-Housegard-150x150.png",150,150,true],"medium":["https:\/\/safetypartners.fi\/kauppa\/wp-content\/uploads\/2025\/07\/Plus-ensiapulaukku-Housegard-300x300.png",300,300,true],"medium_large":["https:\/\/safetypartners.fi\/kauppa\/wp-content\/uploads\/2025\/07\/Plus-ensiapulaukku-Housegard-768x768.png",768,768,true],"large":["https:\/\/safetypartners.fi\/kauppa\/wp-content\/uploads\/2025\/07\/Plus-ensiapulaukku-Housegard-1024x1024.png",1024,1024,true],"1536x1536":["https:\/\/safetypartners.fi\/kauppa\/wp-content\/uploads\/2025\/07\/Plus-ensiapulaukku-Housegard.png",1230,1230,false],"2048x2048":["https:\/\/safetypartners.fi\/kauppa\/wp-content\/uploads\/2025\/07\/Plus-ensiapulaukku-Housegard.png",1230,1230,false],"woocommerce_thumbnail":["https:\/\/safetypartners.fi\/kauppa\/wp-content\/uploads\/2025\/07\/Plus-ensiapulaukku-Housegard-300x300.png",300,300,true],"woocommerce_single":["https:\/\/safetypartners.fi\/kauppa\/wp-content\/uploads\/2025\/07\/Plus-ensiapulaukku-Housegard-600x600.png",600,600,true],"woocommerce_gallery_thumbnail":["https:\/\/safetypartners.fi\/kauppa\/wp-content\/uploads\/2025\/07\/Plus-ensiapulaukku-Housegard-100x100.png",100,100,true]},"uagb_author_info":{"display_name":"Anu Lehto","author_link":"https:\/\/safetypartners.fi\/kauppa\/author"},"uagb_comment_info":0,"uagb_excerpt":"Housegard Plus on huolellisesti varusteltu ensiapulaukku, joka kattaa monenlaiset h\u00e4t\u00e4tilanteet. Pienet ja suuret ruhjeet, palovammat sek\u00e4 akuutit hengitys- ja verenkierto-ongelmat ovat hoidettavissa Plus EA-laukun apuv\u00e4lineill\u00e4. 74-osainen ensiapulaukku sopii t\u00e4ydellisesti kotiin, m\u00f6kille, matkoille ja vapaa-ajan aktiviteetteihin, joissa nopea hoito oikeilla v\u00e4lineill\u00e4 voi olla ratkaisevaa. Kest\u00e4v\u00e4 ja tarkasti jaoteltu rakenne takaa sen, ett\u00e4 ensiapuv\u00e4lineet ovat heti k\u00e4siesi&hellip;","_links":{"self":[{"href":"https:\/\/safetypartners.fi\/kauppa\/wp-json\/wp\/v2\/product\/2820","targetHints":{"allow":["GET"]}}],"collection":[{"href":"https:\/\/safetypartners.fi\/kauppa\/wp-json\/wp\/v2\/product"}],"about":[{"href":"https:\/\/safetypartners.fi\/kauppa\/wp-json\/wp\/v2\/types\/product"}],"replies":[{"embeddable":true,"href":"https:\/\/safetypartners.fi\/kauppa\/wp-json\/wp\/v2\/comments?post=2820"}],"version-history":[{"count":8,"href":"https:\/\/safetypartners.fi\/kauppa\/wp-json\/wp\/v2\/product\/2820\/revisions"}],"predecessor-version":[{"id":2966,"href":"https:\/\/safetypartners.fi\/kauppa\/wp-json\/wp\/v2\/product\/2820\/revisions\/2966"}],"wp:featuredmedia":[{"embeddable":true,"href":"https:\/\/safetypartners.fi\/kauppa\/wp-json\/wp\/v2\/media\/2821"}],"wp:attachment":[{"href":"https:\/\/safetypartners.fi\/kauppa\/wp-json\/wp\/v2\/media?parent=2820"}],"wp:term":[{"taxonomy":"product_brand","embeddable":true,"href":"https:\/\/safetypartners.fi\/kauppa\/wp-json\/wp\/v2\/product_brand?post=2820"},{"taxonomy":"product_cat","embeddable":true,"href":"https:\/\/safetypartners.fi\/kauppa\/wp-json\/wp\/v2\/product_cat?post=2820"},{"taxonomy":"product_tag","embeddable":true,"href":"https:\/\/safetypartners.fi\/kauppa\/wp-json\/wp\/v2\/product_tag?post=2820"}],"curies":[{"name":"wp","href":"https:\/\/api.w.org\/{rel}","templated":true}]}}