{"id":284,"date":"2022-06-30T16:33:27","date_gmt":"2022-06-30T13:33:27","guid":{"rendered":"https:\/\/safetypartners.fi\/kauppa\/?post_type=product&#038;p=284"},"modified":"2026-01-27T02:28:18","modified_gmt":"2026-01-27T00:28:18","slug":"turvavyoleikkuri","status":"publish","type":"product","link":"https:\/\/safetypartners.fi\/kauppa\/tuote\/turvavyoleikkuri","title":{"rendered":"Turvavy\u00f6leikkuri"},"content":{"rendered":"<p>Tuotteen valmistaja on suomalainen Illby Plast Oy.<br \/>\nLeikkurin ter\u00e4 on laadukasta englantilaista alkuper\u00e4\u00e4.<\/p>\n","protected":false},"excerpt":{"rendered":"<p><strong>Pienikokoinen turvavy\u00f6leikkuri<\/strong> on t\u00e4rke\u00e4 apuv\u00e4line autoilijalle onnettomuuksien varalta. Kolarin my\u00f6t\u00e4 turvavy\u00f6t saa nopeasti leikattua irti, kunhan leikkuri on k\u00e4den ulottuvilla. T\u00e4m\u00e4n t\u00e4hden turvavy\u00f6leikkuria tulisi s\u00e4ilytt\u00e4\u00e4 autossa aurinkolipan takana, keskikonsolin sis\u00e4ll\u00e4 tai vaikkapa ovitaskussa kuskin puolella.<\/p>\n<p>Leikkuria ei suositella s\u00e4ilytett\u00e4v\u00e4n ensiapulaukussa silloin, kun laukku on sijoitettu auton takaluukkuun tai muualle vaikeammin tavoiteltavaan paikkaan.<\/p>\n<p>N\u00e4ps\u00e4kk\u00e4 leikkuri on mit\u00e4 mainioin apuv\u00e4line my\u00f6s esimerkiksi festivaality\u00f6ntekij\u00f6ille, joiden toimenkuvaan kuuluu rannekkeiden leikkaaminen ja lyhent\u00e4minen.<\/p>\n","protected":false},"featured_media":1044,"comment_status":"open","ping_status":"closed","template":"","meta":{"_uag_custom_page_level_css":"","site-sidebar-layout":"default","site-content-layout":"default","ast-site-content-layout":"default","site-content-style":"default","site-sidebar-style":"default","ast-global-header-display":"","ast-banner-title-visibility":"","ast-main-header-display":"","ast-hfb-above-header-display":"","ast-hfb-below-header-display":"","ast-hfb-mobile-header-display":"","site-post-title":"","ast-breadcrumbs-content":"","ast-featured-img":"","footer-sml-layout":"","ast-disable-related-posts":"","theme-transparent-header-meta":"default","adv-header-id-meta":"","stick-header-meta":"default","header-above-stick-meta":"","header-main-stick-meta":"","header-below-stick-meta":"","astra-migrate-meta-layouts":"set","ast-page-background-enabled":"default","ast-page-background-meta":{"desktop":{"background-color":"","background-image":"","background-repeat":"repeat","background-position":"center center","background-size":"auto","background-attachment":"scroll","background-type":"","background-media":"","overlay-type":"","overlay-color":"","overlay-opacity":"","overlay-gradient":""},"tablet":{"background-color":"","background-image":"","background-repeat":"repeat","background-position":"center center","background-size":"auto","background-attachment":"scroll","background-type":"","background-media":"","overlay-type":"","overlay-color":"","overlay-opacity":"","overlay-gradient":""},"mobile":{"background-color":"","background-image":"","background-repeat":"repeat","background-position":"center center","background-size":"auto","background-attachment":"scroll","background-type":"","background-media":"","overlay-type":"","overlay-color":"","overlay-opacity":"","overlay-gradient":""}},"ast-content-background-meta":{"desktop":{"background-color":"var(--ast-global-color-5)","background-image":"","background-repeat":"repeat","background-position":"center center","background-size":"auto","background-attachment":"scroll","background-type":"","background-media":"","overlay-type":"","overlay-color":"","overlay-opacity":"","overlay-gradient":""},"tablet":{"background-color":"var(--ast-global-color-5)","background-image":"","background-repeat":"repeat","background-position":"center center","background-size":"auto","background-attachment":"scroll","background-type":"","background-media":"","overlay-type":"","overlay-color":"","overlay-opacity":"","overlay-gradient":""},"mobile":{"background-color":"var(--ast-global-color-5)","background-image":"","background-repeat":"repeat","background-position":"center center","background-size":"auto","background-attachment":"scroll","background-type":"","background-media":"","overlay-type":"","overlay-color":"","overlay-opacity":"","overlay-gradient":""}}},"product_brand":[],"product_cat":[15,41],"product_tag":[87,83,120,86,1138,1137,975,1136],"class_list":{"0":"post-284","1":"product","2":"type-product","3":"status-publish","4":"has-post-thumbnail","6":"product_cat-yleinen","7":"product_cat-koti-vapaa-aika","8":"product_tag-apuvaline","9":"product_tag-autoon","10":"product_tag-ensiapu","11":"product_tag-kolari","12":"product_tag-leikkaaja","13":"product_tag-leikkuri","14":"product_tag-turvavyo","15":"product_tag-turvavyoleikkuri","16":"product_shipping_class-suomi","17":"desktop-align-center","18":"tablet-align-center","19":"mobile-align-center","20":"ast-product-gallery-layout-horizontal-slider","21":"ast-product-gallery-with-no-image","22":"ast-product-tabs-layout-horizontal","24":"first","25":"instock","26":"taxable","27":"shipping-taxable","28":"purchasable","29":"product-type-simple"},"yoast_head":"<!-- This site is optimized with the Yoast SEO plugin v27.3 - https:\/\/yoast.com\/product\/yoast-seo-wordpress\/ -->\n<title>Turvavy\u00f6leikkuri - Safety Partners<\/title>\n<meta name=\"description\" content=\"Pienikokoinen turvavy\u00f6leikkuri pelastaa sinut turvav\u00f6ist\u00e4 kolarin satuttua. N\u00e4ps\u00e4kk\u00e4 ja t\u00e4rke\u00e4 apuv\u00e4line jokaiselle autoilijalle!\" \/>\n<meta name=\"robots\" content=\"index, follow, max-snippet:-1, max-image-preview:large, max-video-preview:-1\" \/>\n<link rel=\"canonical\" href=\"https:\/\/safetypartners.fi\/kauppa\/tuote\/turvavyoleikkuri\" \/>\n<meta property=\"og:locale\" content=\"fi_FI\" \/>\n<meta property=\"og:type\" content=\"article\" \/>\n<meta property=\"og:title\" content=\"Turvavy\u00f6leikkuri - Safety Partners\" \/>\n<meta property=\"og:description\" content=\"Pienikokoinen turvavy\u00f6leikkuri pelastaa sinut turvav\u00f6ist\u00e4 kolarin satuttua. N\u00e4ps\u00e4kk\u00e4 ja t\u00e4rke\u00e4 apuv\u00e4line jokaiselle autoilijalle!\" \/>\n<meta property=\"og:url\" content=\"https:\/\/safetypartners.fi\/kauppa\/tuote\/turvavyoleikkuri\" \/>\n<meta property=\"og:site_name\" content=\"Safety Partners\" \/>\n<meta property=\"article:modified_time\" content=\"2026-01-27T00:28:18+00:00\" \/>\n<meta property=\"og:image\" content=\"https:\/\/safetypartners.fi\/kauppa\/wp-content\/uploads\/2022\/06\/Turvavyoleikkuri.png\" \/>\n\t<meta property=\"og:image:width\" content=\"861\" \/>\n\t<meta property=\"og:image:height\" content=\"717\" \/>\n\t<meta property=\"og:image:type\" content=\"image\/png\" \/>\n<meta name=\"twitter:card\" content=\"summary_large_image\" \/>\n<meta name=\"twitter:label1\" content=\"Arvioitu lukuaika\" \/>\n\t<meta name=\"twitter:data1\" content=\"1 minuutti\" \/>\n<script type=\"application\/ld+json\" class=\"yoast-schema-graph\">{\"@context\":\"https:\\\/\\\/schema.org\",\"@graph\":[{\"@type\":\"WebPage\",\"@id\":\"https:\\\/\\\/safetypartners.fi\\\/kauppa\\\/tuote\\\/turvavyoleikkuri\",\"url\":\"https:\\\/\\\/safetypartners.fi\\\/kauppa\\\/tuote\\\/turvavyoleikkuri\",\"name\":\"Turvavy\u00f6leikkuri - Safety Partners\",\"isPartOf\":{\"@id\":\"https:\\\/\\\/safetypartners.fi\\\/kauppa\\\/#website\"},\"primaryImageOfPage\":{\"@id\":\"https:\\\/\\\/safetypartners.fi\\\/kauppa\\\/tuote\\\/turvavyoleikkuri#primaryimage\"},\"image\":{\"@id\":\"https:\\\/\\\/safetypartners.fi\\\/kauppa\\\/tuote\\\/turvavyoleikkuri#primaryimage\"},\"thumbnailUrl\":\"https:\\\/\\\/safetypartners.fi\\\/kauppa\\\/wp-content\\\/uploads\\\/2022\\\/06\\\/Turvavyoleikkuri.png\",\"datePublished\":\"2022-06-30T13:33:27+00:00\",\"dateModified\":\"2026-01-27T00:28:18+00:00\",\"description\":\"Pienikokoinen turvavy\u00f6leikkuri pelastaa sinut turvav\u00f6ist\u00e4 kolarin satuttua. N\u00e4ps\u00e4kk\u00e4 ja t\u00e4rke\u00e4 apuv\u00e4line jokaiselle autoilijalle!\",\"breadcrumb\":{\"@id\":\"https:\\\/\\\/safetypartners.fi\\\/kauppa\\\/tuote\\\/turvavyoleikkuri#breadcrumb\"},\"inLanguage\":\"fi\",\"potentialAction\":[{\"@type\":\"ReadAction\",\"target\":[\"https:\\\/\\\/safetypartners.fi\\\/kauppa\\\/tuote\\\/turvavyoleikkuri\"]}]},{\"@type\":\"ImageObject\",\"inLanguage\":\"fi\",\"@id\":\"https:\\\/\\\/safetypartners.fi\\\/kauppa\\\/tuote\\\/turvavyoleikkuri#primaryimage\",\"url\":\"https:\\\/\\\/safetypartners.fi\\\/kauppa\\\/wp-content\\\/uploads\\\/2022\\\/06\\\/Turvavyoleikkuri.png\",\"contentUrl\":\"https:\\\/\\\/safetypartners.fi\\\/kauppa\\\/wp-content\\\/uploads\\\/2022\\\/06\\\/Turvavyoleikkuri.png\",\"width\":861,\"height\":717},{\"@type\":\"BreadcrumbList\",\"@id\":\"https:\\\/\\\/safetypartners.fi\\\/kauppa\\\/tuote\\\/turvavyoleikkuri#breadcrumb\",\"itemListElement\":[{\"@type\":\"ListItem\",\"position\":1,\"name\":\"Home\",\"item\":\"https:\\\/\\\/safetypartners.fi\\\/kauppa\\\/\"},{\"@type\":\"ListItem\",\"position\":2,\"name\":\"Kauppa\",\"item\":\"https:\\\/\\\/safetypartners.fi\\\/kauppa\\\/kauppa\"},{\"@type\":\"ListItem\",\"position\":3,\"name\":\"Turvavy\u00f6leikkuri\"}]},{\"@type\":\"WebSite\",\"@id\":\"https:\\\/\\\/safetypartners.fi\\\/kauppa\\\/#website\",\"url\":\"https:\\\/\\\/safetypartners.fi\\\/kauppa\\\/\",\"name\":\"Safety Partners\",\"description\":\"Safety Partners turvakauppa palvelee verkossa 24\\\/7!\",\"publisher\":{\"@id\":\"https:\\\/\\\/safetypartners.fi\\\/kauppa\\\/#organization\"},\"potentialAction\":[{\"@type\":\"SearchAction\",\"target\":{\"@type\":\"EntryPoint\",\"urlTemplate\":\"https:\\\/\\\/safetypartners.fi\\\/kauppa\\\/?s={search_term_string}\"},\"query-input\":{\"@type\":\"PropertyValueSpecification\",\"valueRequired\":true,\"valueName\":\"search_term_string\"}}],\"inLanguage\":\"fi\"},{\"@type\":\"Organization\",\"@id\":\"https:\\\/\\\/safetypartners.fi\\\/kauppa\\\/#organization\",\"name\":\"Safety Partners | Suomen Sammutinpalvelu\",\"url\":\"https:\\\/\\\/safetypartners.fi\\\/kauppa\\\/\",\"logo\":{\"@type\":\"ImageObject\",\"inLanguage\":\"fi\",\"@id\":\"https:\\\/\\\/safetypartners.fi\\\/kauppa\\\/#\\\/schema\\\/logo\\\/image\\\/\",\"url\":\"https:\\\/\\\/safetypartners.fi\\\/kauppa\\\/wp-content\\\/uploads\\\/2020\\\/05\\\/cropped-Logoke-1.jpg\",\"contentUrl\":\"https:\\\/\\\/safetypartners.fi\\\/kauppa\\\/wp-content\\\/uploads\\\/2020\\\/05\\\/cropped-Logoke-1.jpg\",\"width\":847,\"height\":717,\"caption\":\"Safety Partners | Suomen Sammutinpalvelu\"},\"image\":{\"@id\":\"https:\\\/\\\/safetypartners.fi\\\/kauppa\\\/#\\\/schema\\\/logo\\\/image\\\/\"}}]}<\/script>\n<!-- \/ Yoast SEO plugin. -->","yoast_head_json":{"title":"Turvavy\u00f6leikkuri - Safety Partners","description":"Pienikokoinen turvavy\u00f6leikkuri pelastaa sinut turvav\u00f6ist\u00e4 kolarin satuttua. N\u00e4ps\u00e4kk\u00e4 ja t\u00e4rke\u00e4 apuv\u00e4line jokaiselle autoilijalle!","robots":{"index":"index","follow":"follow","max-snippet":"max-snippet:-1","max-image-preview":"max-image-preview:large","max-video-preview":"max-video-preview:-1"},"canonical":"https:\/\/safetypartners.fi\/kauppa\/tuote\/turvavyoleikkuri","og_locale":"fi_FI","og_type":"article","og_title":"Turvavy\u00f6leikkuri - Safety Partners","og_description":"Pienikokoinen turvavy\u00f6leikkuri pelastaa sinut turvav\u00f6ist\u00e4 kolarin satuttua. N\u00e4ps\u00e4kk\u00e4 ja t\u00e4rke\u00e4 apuv\u00e4line jokaiselle autoilijalle!","og_url":"https:\/\/safetypartners.fi\/kauppa\/tuote\/turvavyoleikkuri","og_site_name":"Safety Partners","article_modified_time":"2026-01-27T00:28:18+00:00","og_image":[{"width":861,"height":717,"url":"https:\/\/safetypartners.fi\/kauppa\/wp-content\/uploads\/2022\/06\/Turvavyoleikkuri.png","type":"image\/png"}],"twitter_card":"summary_large_image","twitter_misc":{"Arvioitu lukuaika":"1 minuutti"},"schema":{"@context":"https:\/\/schema.org","@graph":[{"@type":"WebPage","@id":"https:\/\/safetypartners.fi\/kauppa\/tuote\/turvavyoleikkuri","url":"https:\/\/safetypartners.fi\/kauppa\/tuote\/turvavyoleikkuri","name":"Turvavy\u00f6leikkuri - Safety Partners","isPartOf":{"@id":"https:\/\/safetypartners.fi\/kauppa\/#website"},"primaryImageOfPage":{"@id":"https:\/\/safetypartners.fi\/kauppa\/tuote\/turvavyoleikkuri#primaryimage"},"image":{"@id":"https:\/\/safetypartners.fi\/kauppa\/tuote\/turvavyoleikkuri#primaryimage"},"thumbnailUrl":"https:\/\/safetypartners.fi\/kauppa\/wp-content\/uploads\/2022\/06\/Turvavyoleikkuri.png","datePublished":"2022-06-30T13:33:27+00:00","dateModified":"2026-01-27T00:28:18+00:00","description":"Pienikokoinen turvavy\u00f6leikkuri pelastaa sinut turvav\u00f6ist\u00e4 kolarin satuttua. N\u00e4ps\u00e4kk\u00e4 ja t\u00e4rke\u00e4 apuv\u00e4line jokaiselle autoilijalle!","breadcrumb":{"@id":"https:\/\/safetypartners.fi\/kauppa\/tuote\/turvavyoleikkuri#breadcrumb"},"inLanguage":"fi","potentialAction":[{"@type":"ReadAction","target":["https:\/\/safetypartners.fi\/kauppa\/tuote\/turvavyoleikkuri"]}]},{"@type":"ImageObject","inLanguage":"fi","@id":"https:\/\/safetypartners.fi\/kauppa\/tuote\/turvavyoleikkuri#primaryimage","url":"https:\/\/safetypartners.fi\/kauppa\/wp-content\/uploads\/2022\/06\/Turvavyoleikkuri.png","contentUrl":"https:\/\/safetypartners.fi\/kauppa\/wp-content\/uploads\/2022\/06\/Turvavyoleikkuri.png","width":861,"height":717},{"@type":"BreadcrumbList","@id":"https:\/\/safetypartners.fi\/kauppa\/tuote\/turvavyoleikkuri#breadcrumb","itemListElement":[{"@type":"ListItem","position":1,"name":"Home","item":"https:\/\/safetypartners.fi\/kauppa\/"},{"@type":"ListItem","position":2,"name":"Kauppa","item":"https:\/\/safetypartners.fi\/kauppa\/kauppa"},{"@type":"ListItem","position":3,"name":"Turvavy\u00f6leikkuri"}]},{"@type":"WebSite","@id":"https:\/\/safetypartners.fi\/kauppa\/#website","url":"https:\/\/safetypartners.fi\/kauppa\/","name":"Safety Partners","description":"Safety Partners turvakauppa palvelee verkossa 24\/7!","publisher":{"@id":"https:\/\/safetypartners.fi\/kauppa\/#organization"},"potentialAction":[{"@type":"SearchAction","target":{"@type":"EntryPoint","urlTemplate":"https:\/\/safetypartners.fi\/kauppa\/?s={search_term_string}"},"query-input":{"@type":"PropertyValueSpecification","valueRequired":true,"valueName":"search_term_string"}}],"inLanguage":"fi"},{"@type":"Organization","@id":"https:\/\/safetypartners.fi\/kauppa\/#organization","name":"Safety Partners | Suomen Sammutinpalvelu","url":"https:\/\/safetypartners.fi\/kauppa\/","logo":{"@type":"ImageObject","inLanguage":"fi","@id":"https:\/\/safetypartners.fi\/kauppa\/#\/schema\/logo\/image\/","url":"https:\/\/safetypartners.fi\/kauppa\/wp-content\/uploads\/2020\/05\/cropped-Logoke-1.jpg","contentUrl":"https:\/\/safetypartners.fi\/kauppa\/wp-content\/uploads\/2020\/05\/cropped-Logoke-1.jpg","width":847,"height":717,"caption":"Safety Partners | Suomen Sammutinpalvelu"},"image":{"@id":"https:\/\/safetypartners.fi\/kauppa\/#\/schema\/logo\/image\/"}}]}},"uagb_featured_image_src":{"full":["https:\/\/safetypartners.fi\/kauppa\/wp-content\/uploads\/2022\/06\/Turvavyoleikkuri.png",861,717,false],"thumbnail":["https:\/\/safetypartners.fi\/kauppa\/wp-content\/uploads\/2022\/06\/Turvavyoleikkuri-150x150.png",150,150,true],"medium":["https:\/\/safetypartners.fi\/kauppa\/wp-content\/uploads\/2022\/06\/Turvavyoleikkuri-300x250.png",300,250,true],"medium_large":["https:\/\/safetypartners.fi\/kauppa\/wp-content\/uploads\/2022\/06\/Turvavyoleikkuri-768x640.png",768,640,true],"large":["https:\/\/safetypartners.fi\/kauppa\/wp-content\/uploads\/2022\/06\/Turvavyoleikkuri.png",861,717,false],"1536x1536":["https:\/\/safetypartners.fi\/kauppa\/wp-content\/uploads\/2022\/06\/Turvavyoleikkuri.png",861,717,false],"2048x2048":["https:\/\/safetypartners.fi\/kauppa\/wp-content\/uploads\/2022\/06\/Turvavyoleikkuri.png",861,717,false],"woocommerce_thumbnail":["https:\/\/safetypartners.fi\/kauppa\/wp-content\/uploads\/2022\/06\/Turvavyoleikkuri-300x300.png",300,300,true],"woocommerce_single":["https:\/\/safetypartners.fi\/kauppa\/wp-content\/uploads\/2022\/06\/Turvavyoleikkuri-600x500.png",600,500,true],"woocommerce_gallery_thumbnail":["https:\/\/safetypartners.fi\/kauppa\/wp-content\/uploads\/2022\/06\/Turvavyoleikkuri-100x100.png",100,100,true]},"uagb_author_info":{"display_name":"Anu Lehto","author_link":"https:\/\/safetypartners.fi\/kauppa\/author"},"uagb_comment_info":0,"uagb_excerpt":"Pienikokoinen turvavy\u00f6leikkuri on t\u00e4rke\u00e4 apuv\u00e4line autoilijalle onnettomuuksien varalta. Kolarin my\u00f6t\u00e4 turvavy\u00f6t saa nopeasti leikattua irti, kunhan leikkuri on k\u00e4den ulottuvilla. T\u00e4m\u00e4n t\u00e4hden turvavy\u00f6leikkuria tulisi s\u00e4ilytt\u00e4\u00e4 autossa aurinkolipan takana, keskikonsolin sis\u00e4ll\u00e4 tai vaikkapa ovitaskussa kuskin puolella. Leikkuria ei suositella s\u00e4ilytett\u00e4v\u00e4n ensiapulaukussa silloin, kun laukku on sijoitettu auton takaluukkuun tai muualle vaikeammin tavoiteltavaan paikkaan. N\u00e4ps\u00e4kk\u00e4 leikkuri on&hellip;","_links":{"self":[{"href":"https:\/\/safetypartners.fi\/kauppa\/wp-json\/wp\/v2\/product\/284","targetHints":{"allow":["GET"]}}],"collection":[{"href":"https:\/\/safetypartners.fi\/kauppa\/wp-json\/wp\/v2\/product"}],"about":[{"href":"https:\/\/safetypartners.fi\/kauppa\/wp-json\/wp\/v2\/types\/product"}],"replies":[{"embeddable":true,"href":"https:\/\/safetypartners.fi\/kauppa\/wp-json\/wp\/v2\/comments?post=284"}],"version-history":[{"count":2,"href":"https:\/\/safetypartners.fi\/kauppa\/wp-json\/wp\/v2\/product\/284\/revisions"}],"predecessor-version":[{"id":2628,"href":"https:\/\/safetypartners.fi\/kauppa\/wp-json\/wp\/v2\/product\/284\/revisions\/2628"}],"wp:featuredmedia":[{"embeddable":true,"href":"https:\/\/safetypartners.fi\/kauppa\/wp-json\/wp\/v2\/media\/1044"}],"wp:attachment":[{"href":"https:\/\/safetypartners.fi\/kauppa\/wp-json\/wp\/v2\/media?parent=284"}],"wp:term":[{"taxonomy":"product_brand","embeddable":true,"href":"https:\/\/safetypartners.fi\/kauppa\/wp-json\/wp\/v2\/product_brand?post=284"},{"taxonomy":"product_cat","embeddable":true,"href":"https:\/\/safetypartners.fi\/kauppa\/wp-json\/wp\/v2\/product_cat?post=284"},{"taxonomy":"product_tag","embeddable":true,"href":"https:\/\/safetypartners.fi\/kauppa\/wp-json\/wp\/v2\/product_tag?post=284"}],"curies":[{"name":"wp","href":"https:\/\/api.w.org\/{rel}","templated":true}]}}