{"id":286,"date":"2022-06-30T16:54:55","date_gmt":"2022-06-30T13:54:55","guid":{"rendered":"https:\/\/safetypartners.fi\/kauppa\/?post_type=product&#038;p=286"},"modified":"2026-02-02T10:56:58","modified_gmt":"2026-02-02T08:56:58","slug":"taskukokoinen-ensiapupakkaus","status":"publish","type":"product","link":"https:\/\/safetypartners.fi\/kauppa\/tuote\/taskukokoinen-ensiapupakkaus","title":{"rendered":"Taskukokoinen First Aid Kit -ensiapupakkaus, Cederroth"},"content":{"rendered":"<p>Ensiapupakkauksen kuorimateriaali on kest\u00e4v\u00e4\u00e4 nylonkangasta, joka suojaa tuotteet lialta ja p\u00f6lylt\u00e4. K\u00e4yt\u00e4nn\u00f6llinen tarrakiinnitys auttaa avaamaan laukun nopeasti.<\/p>\n<p>\u2022 Helposti kiinnitett\u00e4viss\u00e4 vy\u00f6h\u00f6n<br \/>\n\u2022 Kevyt kantaa mukana<br \/>\n\u2022 Helppo k\u00e4ytt\u00e4\u00e4<br \/>\n\u2022 Tukeva kangas kest\u00e4\u00e4 kulutusta<\/p>\n<p>Pakkaus sis\u00e4lt\u00e4\u00e4<\/p>\n<p>1 kpl Cederroth 4-in-1 Iso Ensiapuside<br \/>\n6 kpl Salvequick Laastarit<br \/>\n2 kpl Salvequick Maxi Cover Laastarit<br \/>\n2 kpl Salvequick Haavapyyhe<\/p>\n<p>Tuote on varustettu selkeill\u00e4 kuvallisilla ohjeilla. Vihre\u00e4n ja keltaisen huomiov\u00e4rins\u00e4 ansiosta laukku on helppo havaita kaukaa.<\/p>\n<p>Mitat: L 145 x K 74 x S 51mm<\/p>\n","protected":false},"excerpt":{"rendered":"<p><strong>Cederroth First Aid Kit -taskukokoinen ensiapupakkaus<\/strong> on aina k\u00e4den ulottuvilla ja valmiina k\u00e4ytt\u00f6\u00f6n. Pienen koonsa ansiosta kompakti ensiapupakkaus sopii mukaan retkelle, reissuun, veneeseen, m\u00f6kille, juoksulenkille ja vaikkapa festarireppuun!<\/p>\n<p>K\u00e4tevien kiinnityslenkkien ansiosta pakkauksen voi ripustaa vy\u00f6lle tai esimerkiksi maastopy\u00f6r\u00e4n runkoputkeen. First Aid Kit on tulee tarpeeseen my\u00f6s muun muassa kotipalveluhenkil\u00f6st\u00f6lle, metsurille, vartijoille, hirvenmets\u00e4st\u00e4jille sek\u00e4 vapaa-ajan kalastajille.<\/p>\n","protected":false},"featured_media":287,"comment_status":"open","ping_status":"closed","template":"","meta":{"_uag_custom_page_level_css":"","site-sidebar-layout":"default","site-content-layout":"default","ast-site-content-layout":"default","site-content-style":"default","site-sidebar-style":"default","ast-global-header-display":"","ast-banner-title-visibility":"","ast-main-header-display":"","ast-hfb-above-header-display":"","ast-hfb-below-header-display":"","ast-hfb-mobile-header-display":"","site-post-title":"","ast-breadcrumbs-content":"","ast-featured-img":"","footer-sml-layout":"","ast-disable-related-posts":"","theme-transparent-header-meta":"default","adv-header-id-meta":"","stick-header-meta":"default","header-above-stick-meta":"","header-main-stick-meta":"","header-below-stick-meta":"","astra-migrate-meta-layouts":"set","ast-page-background-enabled":"default","ast-page-background-meta":{"desktop":{"background-color":"","background-image":"","background-repeat":"repeat","background-position":"center center","background-size":"auto","background-attachment":"scroll","background-type":"","background-media":"","overlay-type":"","overlay-color":"","overlay-opacity":"","overlay-gradient":""},"tablet":{"background-color":"","background-image":"","background-repeat":"repeat","background-position":"center center","background-size":"auto","background-attachment":"scroll","background-type":"","background-media":"","overlay-type":"","overlay-color":"","overlay-opacity":"","overlay-gradient":""},"mobile":{"background-color":"","background-image":"","background-repeat":"repeat","background-position":"center center","background-size":"auto","background-attachment":"scroll","background-type":"","background-media":"","overlay-type":"","overlay-color":"","overlay-opacity":"","overlay-gradient":""}},"ast-content-background-meta":{"desktop":{"background-color":"var(--ast-global-color-5)","background-image":"","background-repeat":"repeat","background-position":"center center","background-size":"auto","background-attachment":"scroll","background-type":"","background-media":"","overlay-type":"","overlay-color":"","overlay-opacity":"","overlay-gradient":""},"tablet":{"background-color":"var(--ast-global-color-5)","background-image":"","background-repeat":"repeat","background-position":"center center","background-size":"auto","background-attachment":"scroll","background-type":"","background-media":"","overlay-type":"","overlay-color":"","overlay-opacity":"","overlay-gradient":""},"mobile":{"background-color":"var(--ast-global-color-5)","background-image":"","background-repeat":"repeat","background-position":"center center","background-size":"auto","background-attachment":"scroll","background-type":"","background-media":"","overlay-type":"","overlay-color":"","overlay-opacity":"","overlay-gradient":""}}},"product_brand":[],"product_cat":[42,15],"product_tag":[93,94,570,90,92,52,97,151,96,1135,152],"class_list":{"0":"post-286","1":"product","2":"type-product","3":"status-publish","4":"has-post-thumbnail","6":"product_cat-ensiapu","7":"product_cat-yleinen","8":"product_tag-cederroth","9":"product_tag-ensi-apu","10":"product_tag-ensiapulaukku","11":"product_tag-ensiapupakkaus","12":"product_tag-first-aid-kit","13":"product_tag-kevyt","14":"product_tag-kiinni-vyohon","15":"product_tag-laastarit","16":"product_tag-laukku","17":"product_tag-pieni-ensiapupakkaus","18":"product_tag-side","19":"product_shipping_class-suomi","20":"desktop-align-center","21":"tablet-align-center","22":"mobile-align-center","23":"ast-product-gallery-layout-horizontal-slider","24":"ast-product-tabs-layout-horizontal","26":"first","27":"instock","28":"taxable","29":"shipping-taxable","30":"purchasable","31":"product-type-simple"},"yoast_head":"<!-- This site is optimized with the Yoast SEO plugin v27.3 - https:\/\/yoast.com\/product\/yoast-seo-wordpress\/ -->\n<title>Taskukokoinen First Aid Kit -ensiapupakkaus, Cederroth - Safety Partners<\/title>\n<meta name=\"description\" content=\"Taskukokoisessa ensiapupakkauksessa on tarrakiinnitys k\u00e4tev\u00e4t kiinnityslenkit. Saat sen n\u00e4in ripustettua vy\u00f6h\u00f6n tai vaikkapa py\u00f6r\u00e4n tankoon.\" \/>\n<meta name=\"robots\" content=\"index, follow, max-snippet:-1, max-image-preview:large, max-video-preview:-1\" \/>\n<link rel=\"canonical\" href=\"https:\/\/safetypartners.fi\/kauppa\/tuote\/taskukokoinen-ensiapupakkaus\" \/>\n<meta property=\"og:locale\" content=\"fi_FI\" \/>\n<meta property=\"og:type\" content=\"article\" \/>\n<meta property=\"og:title\" content=\"Taskukokoinen First Aid Kit -ensiapupakkaus, Cederroth - Safety Partners\" \/>\n<meta property=\"og:description\" content=\"Taskukokoisessa ensiapupakkauksessa on tarrakiinnitys k\u00e4tev\u00e4t kiinnityslenkit. Saat sen n\u00e4in ripustettua vy\u00f6h\u00f6n tai vaikkapa py\u00f6r\u00e4n tankoon.\" \/>\n<meta property=\"og:url\" content=\"https:\/\/safetypartners.fi\/kauppa\/tuote\/taskukokoinen-ensiapupakkaus\" \/>\n<meta property=\"og:site_name\" content=\"Safety Partners\" \/>\n<meta property=\"article:modified_time\" content=\"2026-02-02T08:56:58+00:00\" \/>\n<meta property=\"og:image\" content=\"https:\/\/safetypartners.fi\/kauppa\/wp-content\/uploads\/2022\/06\/cederroth-ensiapu-s-pakkaus1.jpg\" \/>\n\t<meta property=\"og:image:width\" content=\"650\" \/>\n\t<meta property=\"og:image:height\" content=\"473\" \/>\n\t<meta property=\"og:image:type\" content=\"image\/jpeg\" \/>\n<meta name=\"twitter:card\" content=\"summary_large_image\" \/>\n<meta name=\"twitter:label1\" content=\"Arvioitu lukuaika\" \/>\n\t<meta name=\"twitter:data1\" content=\"1 minuutti\" \/>\n<script type=\"application\/ld+json\" class=\"yoast-schema-graph\">{\"@context\":\"https:\\\/\\\/schema.org\",\"@graph\":[{\"@type\":\"WebPage\",\"@id\":\"https:\\\/\\\/safetypartners.fi\\\/kauppa\\\/tuote\\\/taskukokoinen-ensiapupakkaus\",\"url\":\"https:\\\/\\\/safetypartners.fi\\\/kauppa\\\/tuote\\\/taskukokoinen-ensiapupakkaus\",\"name\":\"Taskukokoinen First Aid Kit -ensiapupakkaus, Cederroth - Safety Partners\",\"isPartOf\":{\"@id\":\"https:\\\/\\\/safetypartners.fi\\\/kauppa\\\/#website\"},\"primaryImageOfPage\":{\"@id\":\"https:\\\/\\\/safetypartners.fi\\\/kauppa\\\/tuote\\\/taskukokoinen-ensiapupakkaus#primaryimage\"},\"image\":{\"@id\":\"https:\\\/\\\/safetypartners.fi\\\/kauppa\\\/tuote\\\/taskukokoinen-ensiapupakkaus#primaryimage\"},\"thumbnailUrl\":\"https:\\\/\\\/safetypartners.fi\\\/kauppa\\\/wp-content\\\/uploads\\\/2022\\\/06\\\/cederroth-ensiapu-s-pakkaus1.jpg\",\"datePublished\":\"2022-06-30T13:54:55+00:00\",\"dateModified\":\"2026-02-02T08:56:58+00:00\",\"description\":\"Taskukokoisessa ensiapupakkauksessa on tarrakiinnitys k\u00e4tev\u00e4t kiinnityslenkit. Saat sen n\u00e4in ripustettua vy\u00f6h\u00f6n tai vaikkapa py\u00f6r\u00e4n tankoon.\",\"breadcrumb\":{\"@id\":\"https:\\\/\\\/safetypartners.fi\\\/kauppa\\\/tuote\\\/taskukokoinen-ensiapupakkaus#breadcrumb\"},\"inLanguage\":\"fi\",\"potentialAction\":[{\"@type\":\"ReadAction\",\"target\":[\"https:\\\/\\\/safetypartners.fi\\\/kauppa\\\/tuote\\\/taskukokoinen-ensiapupakkaus\"]}]},{\"@type\":\"ImageObject\",\"inLanguage\":\"fi\",\"@id\":\"https:\\\/\\\/safetypartners.fi\\\/kauppa\\\/tuote\\\/taskukokoinen-ensiapupakkaus#primaryimage\",\"url\":\"https:\\\/\\\/safetypartners.fi\\\/kauppa\\\/wp-content\\\/uploads\\\/2022\\\/06\\\/cederroth-ensiapu-s-pakkaus1.jpg\",\"contentUrl\":\"https:\\\/\\\/safetypartners.fi\\\/kauppa\\\/wp-content\\\/uploads\\\/2022\\\/06\\\/cederroth-ensiapu-s-pakkaus1.jpg\",\"width\":650,\"height\":473},{\"@type\":\"BreadcrumbList\",\"@id\":\"https:\\\/\\\/safetypartners.fi\\\/kauppa\\\/tuote\\\/taskukokoinen-ensiapupakkaus#breadcrumb\",\"itemListElement\":[{\"@type\":\"ListItem\",\"position\":1,\"name\":\"Home\",\"item\":\"https:\\\/\\\/safetypartners.fi\\\/kauppa\\\/\"},{\"@type\":\"ListItem\",\"position\":2,\"name\":\"Kauppa\",\"item\":\"https:\\\/\\\/safetypartners.fi\\\/kauppa\\\/kauppa\"},{\"@type\":\"ListItem\",\"position\":3,\"name\":\"Taskukokoinen First Aid Kit -ensiapupakkaus, Cederroth\"}]},{\"@type\":\"WebSite\",\"@id\":\"https:\\\/\\\/safetypartners.fi\\\/kauppa\\\/#website\",\"url\":\"https:\\\/\\\/safetypartners.fi\\\/kauppa\\\/\",\"name\":\"Safety Partners\",\"description\":\"Safety Partners turvakauppa palvelee verkossa 24\\\/7!\",\"publisher\":{\"@id\":\"https:\\\/\\\/safetypartners.fi\\\/kauppa\\\/#organization\"},\"potentialAction\":[{\"@type\":\"SearchAction\",\"target\":{\"@type\":\"EntryPoint\",\"urlTemplate\":\"https:\\\/\\\/safetypartners.fi\\\/kauppa\\\/?s={search_term_string}\"},\"query-input\":{\"@type\":\"PropertyValueSpecification\",\"valueRequired\":true,\"valueName\":\"search_term_string\"}}],\"inLanguage\":\"fi\"},{\"@type\":\"Organization\",\"@id\":\"https:\\\/\\\/safetypartners.fi\\\/kauppa\\\/#organization\",\"name\":\"Safety Partners | Suomen Sammutinpalvelu\",\"url\":\"https:\\\/\\\/safetypartners.fi\\\/kauppa\\\/\",\"logo\":{\"@type\":\"ImageObject\",\"inLanguage\":\"fi\",\"@id\":\"https:\\\/\\\/safetypartners.fi\\\/kauppa\\\/#\\\/schema\\\/logo\\\/image\\\/\",\"url\":\"https:\\\/\\\/safetypartners.fi\\\/kauppa\\\/wp-content\\\/uploads\\\/2020\\\/05\\\/cropped-Logoke-1.jpg\",\"contentUrl\":\"https:\\\/\\\/safetypartners.fi\\\/kauppa\\\/wp-content\\\/uploads\\\/2020\\\/05\\\/cropped-Logoke-1.jpg\",\"width\":847,\"height\":717,\"caption\":\"Safety Partners | Suomen Sammutinpalvelu\"},\"image\":{\"@id\":\"https:\\\/\\\/safetypartners.fi\\\/kauppa\\\/#\\\/schema\\\/logo\\\/image\\\/\"}}]}<\/script>\n<!-- \/ Yoast SEO plugin. -->","yoast_head_json":{"title":"Taskukokoinen First Aid Kit -ensiapupakkaus, Cederroth - Safety Partners","description":"Taskukokoisessa ensiapupakkauksessa on tarrakiinnitys k\u00e4tev\u00e4t kiinnityslenkit. Saat sen n\u00e4in ripustettua vy\u00f6h\u00f6n tai vaikkapa py\u00f6r\u00e4n tankoon.","robots":{"index":"index","follow":"follow","max-snippet":"max-snippet:-1","max-image-preview":"max-image-preview:large","max-video-preview":"max-video-preview:-1"},"canonical":"https:\/\/safetypartners.fi\/kauppa\/tuote\/taskukokoinen-ensiapupakkaus","og_locale":"fi_FI","og_type":"article","og_title":"Taskukokoinen First Aid Kit -ensiapupakkaus, Cederroth - Safety Partners","og_description":"Taskukokoisessa ensiapupakkauksessa on tarrakiinnitys k\u00e4tev\u00e4t kiinnityslenkit. Saat sen n\u00e4in ripustettua vy\u00f6h\u00f6n tai vaikkapa py\u00f6r\u00e4n tankoon.","og_url":"https:\/\/safetypartners.fi\/kauppa\/tuote\/taskukokoinen-ensiapupakkaus","og_site_name":"Safety Partners","article_modified_time":"2026-02-02T08:56:58+00:00","og_image":[{"width":650,"height":473,"url":"https:\/\/safetypartners.fi\/kauppa\/wp-content\/uploads\/2022\/06\/cederroth-ensiapu-s-pakkaus1.jpg","type":"image\/jpeg"}],"twitter_card":"summary_large_image","twitter_misc":{"Arvioitu lukuaika":"1 minuutti"},"schema":{"@context":"https:\/\/schema.org","@graph":[{"@type":"WebPage","@id":"https:\/\/safetypartners.fi\/kauppa\/tuote\/taskukokoinen-ensiapupakkaus","url":"https:\/\/safetypartners.fi\/kauppa\/tuote\/taskukokoinen-ensiapupakkaus","name":"Taskukokoinen First Aid Kit -ensiapupakkaus, Cederroth - Safety Partners","isPartOf":{"@id":"https:\/\/safetypartners.fi\/kauppa\/#website"},"primaryImageOfPage":{"@id":"https:\/\/safetypartners.fi\/kauppa\/tuote\/taskukokoinen-ensiapupakkaus#primaryimage"},"image":{"@id":"https:\/\/safetypartners.fi\/kauppa\/tuote\/taskukokoinen-ensiapupakkaus#primaryimage"},"thumbnailUrl":"https:\/\/safetypartners.fi\/kauppa\/wp-content\/uploads\/2022\/06\/cederroth-ensiapu-s-pakkaus1.jpg","datePublished":"2022-06-30T13:54:55+00:00","dateModified":"2026-02-02T08:56:58+00:00","description":"Taskukokoisessa ensiapupakkauksessa on tarrakiinnitys k\u00e4tev\u00e4t kiinnityslenkit. Saat sen n\u00e4in ripustettua vy\u00f6h\u00f6n tai vaikkapa py\u00f6r\u00e4n tankoon.","breadcrumb":{"@id":"https:\/\/safetypartners.fi\/kauppa\/tuote\/taskukokoinen-ensiapupakkaus#breadcrumb"},"inLanguage":"fi","potentialAction":[{"@type":"ReadAction","target":["https:\/\/safetypartners.fi\/kauppa\/tuote\/taskukokoinen-ensiapupakkaus"]}]},{"@type":"ImageObject","inLanguage":"fi","@id":"https:\/\/safetypartners.fi\/kauppa\/tuote\/taskukokoinen-ensiapupakkaus#primaryimage","url":"https:\/\/safetypartners.fi\/kauppa\/wp-content\/uploads\/2022\/06\/cederroth-ensiapu-s-pakkaus1.jpg","contentUrl":"https:\/\/safetypartners.fi\/kauppa\/wp-content\/uploads\/2022\/06\/cederroth-ensiapu-s-pakkaus1.jpg","width":650,"height":473},{"@type":"BreadcrumbList","@id":"https:\/\/safetypartners.fi\/kauppa\/tuote\/taskukokoinen-ensiapupakkaus#breadcrumb","itemListElement":[{"@type":"ListItem","position":1,"name":"Home","item":"https:\/\/safetypartners.fi\/kauppa\/"},{"@type":"ListItem","position":2,"name":"Kauppa","item":"https:\/\/safetypartners.fi\/kauppa\/kauppa"},{"@type":"ListItem","position":3,"name":"Taskukokoinen First Aid Kit -ensiapupakkaus, Cederroth"}]},{"@type":"WebSite","@id":"https:\/\/safetypartners.fi\/kauppa\/#website","url":"https:\/\/safetypartners.fi\/kauppa\/","name":"Safety Partners","description":"Safety Partners turvakauppa palvelee verkossa 24\/7!","publisher":{"@id":"https:\/\/safetypartners.fi\/kauppa\/#organization"},"potentialAction":[{"@type":"SearchAction","target":{"@type":"EntryPoint","urlTemplate":"https:\/\/safetypartners.fi\/kauppa\/?s={search_term_string}"},"query-input":{"@type":"PropertyValueSpecification","valueRequired":true,"valueName":"search_term_string"}}],"inLanguage":"fi"},{"@type":"Organization","@id":"https:\/\/safetypartners.fi\/kauppa\/#organization","name":"Safety Partners | Suomen Sammutinpalvelu","url":"https:\/\/safetypartners.fi\/kauppa\/","logo":{"@type":"ImageObject","inLanguage":"fi","@id":"https:\/\/safetypartners.fi\/kauppa\/#\/schema\/logo\/image\/","url":"https:\/\/safetypartners.fi\/kauppa\/wp-content\/uploads\/2020\/05\/cropped-Logoke-1.jpg","contentUrl":"https:\/\/safetypartners.fi\/kauppa\/wp-content\/uploads\/2020\/05\/cropped-Logoke-1.jpg","width":847,"height":717,"caption":"Safety Partners | Suomen Sammutinpalvelu"},"image":{"@id":"https:\/\/safetypartners.fi\/kauppa\/#\/schema\/logo\/image\/"}}]}},"uagb_featured_image_src":{"full":["https:\/\/safetypartners.fi\/kauppa\/wp-content\/uploads\/2022\/06\/cederroth-ensiapu-s-pakkaus1.jpg",650,473,false],"thumbnail":["https:\/\/safetypartners.fi\/kauppa\/wp-content\/uploads\/2022\/06\/cederroth-ensiapu-s-pakkaus1-150x150.jpg",150,150,true],"medium":["https:\/\/safetypartners.fi\/kauppa\/wp-content\/uploads\/2022\/06\/cederroth-ensiapu-s-pakkaus1-300x218.jpg",300,218,true],"medium_large":["https:\/\/safetypartners.fi\/kauppa\/wp-content\/uploads\/2022\/06\/cederroth-ensiapu-s-pakkaus1.jpg",650,473,false],"large":["https:\/\/safetypartners.fi\/kauppa\/wp-content\/uploads\/2022\/06\/cederroth-ensiapu-s-pakkaus1.jpg",650,473,false],"1536x1536":["https:\/\/safetypartners.fi\/kauppa\/wp-content\/uploads\/2022\/06\/cederroth-ensiapu-s-pakkaus1.jpg",650,473,false],"2048x2048":["https:\/\/safetypartners.fi\/kauppa\/wp-content\/uploads\/2022\/06\/cederroth-ensiapu-s-pakkaus1.jpg",650,473,false],"woocommerce_thumbnail":["https:\/\/safetypartners.fi\/kauppa\/wp-content\/uploads\/2022\/06\/cederroth-ensiapu-s-pakkaus1-300x300.jpg",300,300,true],"woocommerce_single":["https:\/\/safetypartners.fi\/kauppa\/wp-content\/uploads\/2022\/06\/cederroth-ensiapu-s-pakkaus1-600x437.jpg",600,437,true],"woocommerce_gallery_thumbnail":["https:\/\/safetypartners.fi\/kauppa\/wp-content\/uploads\/2022\/06\/cederroth-ensiapu-s-pakkaus1-100x100.jpg",100,100,true]},"uagb_author_info":{"display_name":"Anu Lehto","author_link":"https:\/\/safetypartners.fi\/kauppa\/author"},"uagb_comment_info":0,"uagb_excerpt":"Cederroth First Aid Kit -taskukokoinen ensiapupakkaus on aina k\u00e4den ulottuvilla ja valmiina k\u00e4ytt\u00f6\u00f6n. Pienen koonsa ansiosta kompakti ensiapupakkaus sopii mukaan retkelle, reissuun, veneeseen, m\u00f6kille, juoksulenkille ja vaikkapa festarireppuun! K\u00e4tevien kiinnityslenkkien ansiosta pakkauksen voi ripustaa vy\u00f6lle tai esimerkiksi maastopy\u00f6r\u00e4n runkoputkeen. First Aid Kit on tulee tarpeeseen my\u00f6s muun muassa kotipalveluhenkil\u00f6st\u00f6lle, metsurille, vartijoille, hirvenmets\u00e4st\u00e4jille sek\u00e4 vapaa-ajan kalastajille.","_links":{"self":[{"href":"https:\/\/safetypartners.fi\/kauppa\/wp-json\/wp\/v2\/product\/286","targetHints":{"allow":["GET"]}}],"collection":[{"href":"https:\/\/safetypartners.fi\/kauppa\/wp-json\/wp\/v2\/product"}],"about":[{"href":"https:\/\/safetypartners.fi\/kauppa\/wp-json\/wp\/v2\/types\/product"}],"replies":[{"embeddable":true,"href":"https:\/\/safetypartners.fi\/kauppa\/wp-json\/wp\/v2\/comments?post=286"}],"version-history":[{"count":2,"href":"https:\/\/safetypartners.fi\/kauppa\/wp-json\/wp\/v2\/product\/286\/revisions"}],"predecessor-version":[{"id":2627,"href":"https:\/\/safetypartners.fi\/kauppa\/wp-json\/wp\/v2\/product\/286\/revisions\/2627"}],"wp:featuredmedia":[{"embeddable":true,"href":"https:\/\/safetypartners.fi\/kauppa\/wp-json\/wp\/v2\/media\/287"}],"wp:attachment":[{"href":"https:\/\/safetypartners.fi\/kauppa\/wp-json\/wp\/v2\/media?parent=286"}],"wp:term":[{"taxonomy":"product_brand","embeddable":true,"href":"https:\/\/safetypartners.fi\/kauppa\/wp-json\/wp\/v2\/product_brand?post=286"},{"taxonomy":"product_cat","embeddable":true,"href":"https:\/\/safetypartners.fi\/kauppa\/wp-json\/wp\/v2\/product_cat?post=286"},{"taxonomy":"product_tag","embeddable":true,"href":"https:\/\/safetypartners.fi\/kauppa\/wp-json\/wp\/v2\/product_tag?post=286"}],"curies":[{"name":"wp","href":"https:\/\/api.w.org\/{rel}","templated":true}]}}