{"id":2977,"date":"2025-09-23T14:55:31","date_gmt":"2025-09-23T11:55:31","guid":{"rendered":"https:\/\/safetypartners.fi\/kauppa\/?post_type=product&#038;p=2977"},"modified":"2026-04-09T14:40:48","modified_gmt":"2026-04-09T11:40:48","slug":"jauhesammutin-6kg-koeponnistettu-43a","status":"publish","type":"product","link":"https:\/\/safetypartners.fi\/kauppa\/tuote\/jauhesammutin-6kg-koeponnistettu-43a","title":{"rendered":"Jauhesammutin 6kg, koeponnistettu 34A"},"content":{"rendered":"<h2><b><strong>Kierr\u00e4tetty, koeponnistettu jauhesammutin<\/strong> <\/b><\/h2>\n<p><b>34A-teholuokan jauhesammutin sammuttaa palot kaikista materiaaleista:<\/b><br \/>\n&#8211; Orgaaniset materiaalit (paperi, puu, kangas jne.)<br \/>\n&#8211; Palavat nesteet<br \/>\n&#8211; Kaasu<br \/>\n&#8211; S\u00e4hk\u00f6laitteistot 1000V asti<\/p>\n<p><b>K\u00e4ytt\u00f6alueet:<\/b><br \/>\n&#8211; Talot<br \/>\n&#8211; Asunnot<br \/>\n&#8211; Vapaa-ajan asunnot<br \/>\n&#8211; Toimistot<br \/>\n&#8211; Teollisuus<\/p>\n<p><b>Teholuokka: <\/b>v\u00e4hint\u00e4\u00e4n 34A 183B C<br \/>\nPakkaukseen sis\u00e4ltyy sein\u00e4teline<br \/>\nPaloluokat: ABC<br \/>\nToimintal\u00e4mp\u00f6tila: -30\u00b0C \/ +60\u00b0C<br \/>\nSammuttimet ovat EN-3 -standardin mukaisia<\/p>\n<p><strong>HUOM<\/strong>: Mik\u00e4li tilaat yhden sammuttimen lis\u00e4ksi jonkin muun tuotteen, tilaus on yleens\u00e4 toimitettava monipakettil\u00e4hetyksen\u00e4. Matkahuollon pakettiautomaattiin ei voi ohjata usean paketin l\u00e4hetyst\u00e4, joten huomioithan t\u00e4m\u00e4n noutopistett\u00e4 valitessasi.<\/p>\n","protected":false},"excerpt":{"rendered":"<p><strong>Kierr\u00e4tetty, koeponnistettu jauhesammutin<\/strong> s\u00e4\u00e4st\u00e4\u00e4 kukkaroa ja ymp\u00e4rist\u00f6\u00e4! 34A ja 43A -teholuokan jauhesammuttimilla alkusammutat tulipalot kotona, m\u00f6kill\u00e4, ty\u00f6paikalla ja teollisuudessa. ABC-sammutejauhe tehoaa jokaisen palotyypin torjuntaan orgaanisista materiaaleista kaasuihin, palaviin nesteisiin ja s\u00e4hk\u00f6laitteisiin. Paineastia jauheineen kest\u00e4\u00e4 my\u00f6s pakkasia aina -30c asti, ja l\u00e4mp\u00f6\u00e4 +60c asti, joten sit\u00e4 voi s\u00e4ilytt\u00e4\u00e4 vaihtelevissa olosuhteissa.<\/p>\n<p>Tiesitk\u00f6, ett\u00e4 paineistetut k\u00e4sisammuttimet tulevat koeponnistusik\u00e4\u00e4n 10-vuotiaina? T\u00e4ll\u00f6in jauhesammutin tyhjennet\u00e4\u00e4n ja sammuteaineen eli jauheen kunto tarkistetaan, ja tarvittaessa vaihdetaan. Sammuttimelle suoritetaan painekoe, jonka j\u00e4lkeen se uudelleent\u00e4ytet\u00e4\u00e4n ja paineistetaan. Sammuttimen letku, sokka ja suomen- sek\u00e4 ruotsinkieliset ohjetarrat perustarkastetaan ja puhdistetaan, tarpeen mukaan. Koeponnistuksen my\u00f6t\u00e4 sammutin saa 10 vuotta uutta el\u00e4m\u00e4\u00e4.<\/p>\n<p>Kierr\u00e4tetyn, koeponnistettuna ostetun sammuttimen merkki voi olla esimerkiksi: Housegard, NSG, Gloria, Patu, Presto, Fire 24, Euro, Nordsafe&#8230; Takaamme sammuttimelle v\u00e4hint\u00e4\u00e4n 34A-teholuokan.<\/p>\n<p><strong>Huom: Kaikki sammuttimemme saapuvat meilt\u00e4 sinulle tarkastustarroilla varustettuina.<\/strong><\/p>\n","protected":false},"featured_media":2985,"comment_status":"open","ping_status":"closed","template":"","meta":{"_uag_custom_page_level_css":"","site-sidebar-layout":"default","site-content-layout":"default","ast-site-content-layout":"default","site-content-style":"default","site-sidebar-style":"default","ast-global-header-display":"","ast-banner-title-visibility":"","ast-main-header-display":"","ast-hfb-above-header-display":"","ast-hfb-below-header-display":"","ast-hfb-mobile-header-display":"","site-post-title":"","ast-breadcrumbs-content":"","ast-featured-img":"","footer-sml-layout":"","ast-disable-related-posts":"","theme-transparent-header-meta":"default","adv-header-id-meta":"","stick-header-meta":"default","header-above-stick-meta":"","header-main-stick-meta":"","header-below-stick-meta":"","astra-migrate-meta-layouts":"set","ast-page-background-enabled":"default","ast-page-background-meta":{"desktop":{"background-color":"","background-image":"","background-repeat":"repeat","background-position":"center center","background-size":"auto","background-attachment":"scroll","background-type":"","background-media":"","overlay-type":"","overlay-color":"","overlay-opacity":"","overlay-gradient":""},"tablet":{"background-color":"","background-image":"","background-repeat":"repeat","background-position":"center center","background-size":"auto","background-attachment":"scroll","background-type":"","background-media":"","overlay-type":"","overlay-color":"","overlay-opacity":"","overlay-gradient":""},"mobile":{"background-color":"","background-image":"","background-repeat":"repeat","background-position":"center center","background-size":"auto","background-attachment":"scroll","background-type":"","background-media":"","overlay-type":"","overlay-color":"","overlay-opacity":"","overlay-gradient":""}},"ast-content-background-meta":{"desktop":{"background-color":"var(--ast-global-color-5)","background-image":"","background-repeat":"repeat","background-position":"center center","background-size":"auto","background-attachment":"scroll","background-type":"","background-media":"","overlay-type":"","overlay-color":"","overlay-opacity":"","overlay-gradient":""},"tablet":{"background-color":"var(--ast-global-color-5)","background-image":"","background-repeat":"repeat","background-position":"center center","background-size":"auto","background-attachment":"scroll","background-type":"","background-media":"","overlay-type":"","overlay-color":"","overlay-opacity":"","overlay-gradient":""},"mobile":{"background-color":"var(--ast-global-color-5)","background-image":"","background-repeat":"repeat","background-position":"center center","background-size":"auto","background-attachment":"scroll","background-type":"","background-media":"","overlay-type":"","overlay-color":"","overlay-opacity":"","overlay-gradient":""}}},"product_brand":[],"product_cat":[15,30,217],"product_tag":[1211,1210,377,251,248,117,1209,1207,1208,1206,252,1228,109,1022],"class_list":{"0":"post-2977","1":"product","2":"type-product","3":"status-publish","4":"has-post-thumbnail","6":"product_cat-yleinen","7":"product_cat-paloturvallisuus","8":"product_cat-sammuttimet","9":"product_tag-34a","10":"product_tag-43a","11":"product_tag-6kg","12":"product_tag-abc","13":"product_tag-jauhesammutin","14":"product_tag-kasisammutin","15":"product_tag-kierratetty","16":"product_tag-kierratys","17":"product_tag-koeponnistettu","18":"product_tag-koeponnistus","19":"product_tag-kuuden-kilon-sammutin","20":"product_tag-palosammutin","21":"product_tag-sammutin","22":"product_tag-tarkastettu","23":"product_shipping_class-suomi","24":"desktop-align-center","25":"tablet-align-center","26":"mobile-align-center","27":"ast-product-gallery-layout-horizontal-slider","28":"ast-product-gallery-with-no-image","29":"ast-product-tabs-layout-horizontal","31":"first","32":"instock","33":"taxable","34":"shipping-taxable","35":"purchasable","36":"product-type-simple"},"yoast_head":"<!-- This site is optimized with the Yoast SEO plugin v27.3 - https:\/\/yoast.com\/product\/yoast-seo-wordpress\/ -->\n<title>Koeponnistettu jauhesammutin 6 kg<\/title>\n<meta name=\"description\" content=\"Koeponnistettu jauhesammutin | 34A-teholuokalla alkusammutat kaikentyyppiset pikkupalot kotona, toimistolla ja teollisuudessa.\" \/>\n<meta name=\"robots\" content=\"index, follow, max-snippet:-1, max-image-preview:large, max-video-preview:-1\" \/>\n<link rel=\"canonical\" href=\"https:\/\/safetypartners.fi\/kauppa\/tuote\/jauhesammutin-6kg-koeponnistettu-43a\" \/>\n<meta property=\"og:locale\" content=\"fi_FI\" \/>\n<meta property=\"og:type\" content=\"article\" \/>\n<meta property=\"og:title\" content=\"Koeponnistettu jauhesammutin 6 kg\" \/>\n<meta property=\"og:description\" content=\"Koeponnistettu jauhesammutin | 34A-teholuokalla alkusammutat kaikentyyppiset pikkupalot kotona, toimistolla ja teollisuudessa.\" \/>\n<meta property=\"og:url\" content=\"https:\/\/safetypartners.fi\/kauppa\/tuote\/jauhesammutin-6kg-koeponnistettu-43a\" \/>\n<meta property=\"og:site_name\" content=\"Safety Partners\" \/>\n<meta property=\"article:modified_time\" content=\"2026-04-09T11:40:48+00:00\" \/>\n<meta property=\"og:image\" content=\"https:\/\/safetypartners.fi\/kauppa\/wp-content\/uploads\/2025\/09\/Koeponnistetut-sammuttimet_jauhe-ABC_taustaton.png\" \/>\n\t<meta property=\"og:image:width\" content=\"1112\" \/>\n\t<meta property=\"og:image:height\" content=\"1419\" \/>\n\t<meta property=\"og:image:type\" content=\"image\/png\" \/>\n<meta name=\"twitter:card\" content=\"summary_large_image\" \/>\n<meta name=\"twitter:label1\" content=\"Arvioitu lukuaika\" \/>\n\t<meta name=\"twitter:data1\" content=\"1 minuutti\" \/>\n<script type=\"application\/ld+json\" class=\"yoast-schema-graph\">{\"@context\":\"https:\\\/\\\/schema.org\",\"@graph\":[{\"@type\":\"WebPage\",\"@id\":\"https:\\\/\\\/safetypartners.fi\\\/kauppa\\\/tuote\\\/jauhesammutin-6kg-koeponnistettu-43a\",\"url\":\"https:\\\/\\\/safetypartners.fi\\\/kauppa\\\/tuote\\\/jauhesammutin-6kg-koeponnistettu-43a\",\"name\":\"Koeponnistettu jauhesammutin 6 kg\",\"isPartOf\":{\"@id\":\"https:\\\/\\\/safetypartners.fi\\\/kauppa\\\/#website\"},\"primaryImageOfPage\":{\"@id\":\"https:\\\/\\\/safetypartners.fi\\\/kauppa\\\/tuote\\\/jauhesammutin-6kg-koeponnistettu-43a#primaryimage\"},\"image\":{\"@id\":\"https:\\\/\\\/safetypartners.fi\\\/kauppa\\\/tuote\\\/jauhesammutin-6kg-koeponnistettu-43a#primaryimage\"},\"thumbnailUrl\":\"https:\\\/\\\/safetypartners.fi\\\/kauppa\\\/wp-content\\\/uploads\\\/2025\\\/09\\\/Koeponnistetut-sammuttimet_jauhe-ABC_taustaton.png\",\"datePublished\":\"2025-09-23T11:55:31+00:00\",\"dateModified\":\"2026-04-09T11:40:48+00:00\",\"description\":\"Koeponnistettu jauhesammutin | 34A-teholuokalla alkusammutat kaikentyyppiset pikkupalot kotona, toimistolla ja teollisuudessa.\",\"breadcrumb\":{\"@id\":\"https:\\\/\\\/safetypartners.fi\\\/kauppa\\\/tuote\\\/jauhesammutin-6kg-koeponnistettu-43a#breadcrumb\"},\"inLanguage\":\"fi\",\"potentialAction\":[{\"@type\":\"ReadAction\",\"target\":[\"https:\\\/\\\/safetypartners.fi\\\/kauppa\\\/tuote\\\/jauhesammutin-6kg-koeponnistettu-43a\"]}]},{\"@type\":\"ImageObject\",\"inLanguage\":\"fi\",\"@id\":\"https:\\\/\\\/safetypartners.fi\\\/kauppa\\\/tuote\\\/jauhesammutin-6kg-koeponnistettu-43a#primaryimage\",\"url\":\"https:\\\/\\\/safetypartners.fi\\\/kauppa\\\/wp-content\\\/uploads\\\/2025\\\/09\\\/Koeponnistetut-sammuttimet_jauhe-ABC_taustaton.png\",\"contentUrl\":\"https:\\\/\\\/safetypartners.fi\\\/kauppa\\\/wp-content\\\/uploads\\\/2025\\\/09\\\/Koeponnistetut-sammuttimet_jauhe-ABC_taustaton.png\",\"width\":1112,\"height\":1419,\"caption\":\"Kierr\u00e4tetty sammutin\"},{\"@type\":\"BreadcrumbList\",\"@id\":\"https:\\\/\\\/safetypartners.fi\\\/kauppa\\\/tuote\\\/jauhesammutin-6kg-koeponnistettu-43a#breadcrumb\",\"itemListElement\":[{\"@type\":\"ListItem\",\"position\":1,\"name\":\"Home\",\"item\":\"https:\\\/\\\/safetypartners.fi\\\/kauppa\\\/\"},{\"@type\":\"ListItem\",\"position\":2,\"name\":\"Kauppa\",\"item\":\"https:\\\/\\\/safetypartners.fi\\\/kauppa\\\/kauppa\"},{\"@type\":\"ListItem\",\"position\":3,\"name\":\"Jauhesammutin 6kg, koeponnistettu 34A\"}]},{\"@type\":\"WebSite\",\"@id\":\"https:\\\/\\\/safetypartners.fi\\\/kauppa\\\/#website\",\"url\":\"https:\\\/\\\/safetypartners.fi\\\/kauppa\\\/\",\"name\":\"Safety Partners\",\"description\":\"Safety Partners turvakauppa palvelee verkossa 24\\\/7!\",\"publisher\":{\"@id\":\"https:\\\/\\\/safetypartners.fi\\\/kauppa\\\/#organization\"},\"potentialAction\":[{\"@type\":\"SearchAction\",\"target\":{\"@type\":\"EntryPoint\",\"urlTemplate\":\"https:\\\/\\\/safetypartners.fi\\\/kauppa\\\/?s={search_term_string}\"},\"query-input\":{\"@type\":\"PropertyValueSpecification\",\"valueRequired\":true,\"valueName\":\"search_term_string\"}}],\"inLanguage\":\"fi\"},{\"@type\":\"Organization\",\"@id\":\"https:\\\/\\\/safetypartners.fi\\\/kauppa\\\/#organization\",\"name\":\"Safety Partners | Suomen Sammutinpalvelu\",\"url\":\"https:\\\/\\\/safetypartners.fi\\\/kauppa\\\/\",\"logo\":{\"@type\":\"ImageObject\",\"inLanguage\":\"fi\",\"@id\":\"https:\\\/\\\/safetypartners.fi\\\/kauppa\\\/#\\\/schema\\\/logo\\\/image\\\/\",\"url\":\"https:\\\/\\\/safetypartners.fi\\\/kauppa\\\/wp-content\\\/uploads\\\/2020\\\/05\\\/cropped-Logoke-1.jpg\",\"contentUrl\":\"https:\\\/\\\/safetypartners.fi\\\/kauppa\\\/wp-content\\\/uploads\\\/2020\\\/05\\\/cropped-Logoke-1.jpg\",\"width\":847,\"height\":717,\"caption\":\"Safety Partners | Suomen Sammutinpalvelu\"},\"image\":{\"@id\":\"https:\\\/\\\/safetypartners.fi\\\/kauppa\\\/#\\\/schema\\\/logo\\\/image\\\/\"}}]}<\/script>\n<!-- \/ Yoast SEO plugin. -->","yoast_head_json":{"title":"Koeponnistettu jauhesammutin 6 kg","description":"Koeponnistettu jauhesammutin | 34A-teholuokalla alkusammutat kaikentyyppiset pikkupalot kotona, toimistolla ja teollisuudessa.","robots":{"index":"index","follow":"follow","max-snippet":"max-snippet:-1","max-image-preview":"max-image-preview:large","max-video-preview":"max-video-preview:-1"},"canonical":"https:\/\/safetypartners.fi\/kauppa\/tuote\/jauhesammutin-6kg-koeponnistettu-43a","og_locale":"fi_FI","og_type":"article","og_title":"Koeponnistettu jauhesammutin 6 kg","og_description":"Koeponnistettu jauhesammutin | 34A-teholuokalla alkusammutat kaikentyyppiset pikkupalot kotona, toimistolla ja teollisuudessa.","og_url":"https:\/\/safetypartners.fi\/kauppa\/tuote\/jauhesammutin-6kg-koeponnistettu-43a","og_site_name":"Safety Partners","article_modified_time":"2026-04-09T11:40:48+00:00","og_image":[{"width":1112,"height":1419,"url":"https:\/\/safetypartners.fi\/kauppa\/wp-content\/uploads\/2025\/09\/Koeponnistetut-sammuttimet_jauhe-ABC_taustaton.png","type":"image\/png"}],"twitter_card":"summary_large_image","twitter_misc":{"Arvioitu lukuaika":"1 minuutti"},"schema":{"@context":"https:\/\/schema.org","@graph":[{"@type":"WebPage","@id":"https:\/\/safetypartners.fi\/kauppa\/tuote\/jauhesammutin-6kg-koeponnistettu-43a","url":"https:\/\/safetypartners.fi\/kauppa\/tuote\/jauhesammutin-6kg-koeponnistettu-43a","name":"Koeponnistettu jauhesammutin 6 kg","isPartOf":{"@id":"https:\/\/safetypartners.fi\/kauppa\/#website"},"primaryImageOfPage":{"@id":"https:\/\/safetypartners.fi\/kauppa\/tuote\/jauhesammutin-6kg-koeponnistettu-43a#primaryimage"},"image":{"@id":"https:\/\/safetypartners.fi\/kauppa\/tuote\/jauhesammutin-6kg-koeponnistettu-43a#primaryimage"},"thumbnailUrl":"https:\/\/safetypartners.fi\/kauppa\/wp-content\/uploads\/2025\/09\/Koeponnistetut-sammuttimet_jauhe-ABC_taustaton.png","datePublished":"2025-09-23T11:55:31+00:00","dateModified":"2026-04-09T11:40:48+00:00","description":"Koeponnistettu jauhesammutin | 34A-teholuokalla alkusammutat kaikentyyppiset pikkupalot kotona, toimistolla ja teollisuudessa.","breadcrumb":{"@id":"https:\/\/safetypartners.fi\/kauppa\/tuote\/jauhesammutin-6kg-koeponnistettu-43a#breadcrumb"},"inLanguage":"fi","potentialAction":[{"@type":"ReadAction","target":["https:\/\/safetypartners.fi\/kauppa\/tuote\/jauhesammutin-6kg-koeponnistettu-43a"]}]},{"@type":"ImageObject","inLanguage":"fi","@id":"https:\/\/safetypartners.fi\/kauppa\/tuote\/jauhesammutin-6kg-koeponnistettu-43a#primaryimage","url":"https:\/\/safetypartners.fi\/kauppa\/wp-content\/uploads\/2025\/09\/Koeponnistetut-sammuttimet_jauhe-ABC_taustaton.png","contentUrl":"https:\/\/safetypartners.fi\/kauppa\/wp-content\/uploads\/2025\/09\/Koeponnistetut-sammuttimet_jauhe-ABC_taustaton.png","width":1112,"height":1419,"caption":"Kierr\u00e4tetty sammutin"},{"@type":"BreadcrumbList","@id":"https:\/\/safetypartners.fi\/kauppa\/tuote\/jauhesammutin-6kg-koeponnistettu-43a#breadcrumb","itemListElement":[{"@type":"ListItem","position":1,"name":"Home","item":"https:\/\/safetypartners.fi\/kauppa\/"},{"@type":"ListItem","position":2,"name":"Kauppa","item":"https:\/\/safetypartners.fi\/kauppa\/kauppa"},{"@type":"ListItem","position":3,"name":"Jauhesammutin 6kg, koeponnistettu 34A"}]},{"@type":"WebSite","@id":"https:\/\/safetypartners.fi\/kauppa\/#website","url":"https:\/\/safetypartners.fi\/kauppa\/","name":"Safety Partners","description":"Safety Partners turvakauppa palvelee verkossa 24\/7!","publisher":{"@id":"https:\/\/safetypartners.fi\/kauppa\/#organization"},"potentialAction":[{"@type":"SearchAction","target":{"@type":"EntryPoint","urlTemplate":"https:\/\/safetypartners.fi\/kauppa\/?s={search_term_string}"},"query-input":{"@type":"PropertyValueSpecification","valueRequired":true,"valueName":"search_term_string"}}],"inLanguage":"fi"},{"@type":"Organization","@id":"https:\/\/safetypartners.fi\/kauppa\/#organization","name":"Safety Partners | Suomen Sammutinpalvelu","url":"https:\/\/safetypartners.fi\/kauppa\/","logo":{"@type":"ImageObject","inLanguage":"fi","@id":"https:\/\/safetypartners.fi\/kauppa\/#\/schema\/logo\/image\/","url":"https:\/\/safetypartners.fi\/kauppa\/wp-content\/uploads\/2020\/05\/cropped-Logoke-1.jpg","contentUrl":"https:\/\/safetypartners.fi\/kauppa\/wp-content\/uploads\/2020\/05\/cropped-Logoke-1.jpg","width":847,"height":717,"caption":"Safety Partners | Suomen Sammutinpalvelu"},"image":{"@id":"https:\/\/safetypartners.fi\/kauppa\/#\/schema\/logo\/image\/"}}]}},"uagb_featured_image_src":{"full":["https:\/\/safetypartners.fi\/kauppa\/wp-content\/uploads\/2025\/09\/Koeponnistetut-sammuttimet_jauhe-ABC_taustaton.png",1112,1419,false],"thumbnail":["https:\/\/safetypartners.fi\/kauppa\/wp-content\/uploads\/2025\/09\/Koeponnistetut-sammuttimet_jauhe-ABC_taustaton-150x150.png",150,150,true],"medium":["https:\/\/safetypartners.fi\/kauppa\/wp-content\/uploads\/2025\/09\/Koeponnistetut-sammuttimet_jauhe-ABC_taustaton-235x300.png",235,300,true],"medium_large":["https:\/\/safetypartners.fi\/kauppa\/wp-content\/uploads\/2025\/09\/Koeponnistetut-sammuttimet_jauhe-ABC_taustaton-768x980.png",768,980,true],"large":["https:\/\/safetypartners.fi\/kauppa\/wp-content\/uploads\/2025\/09\/Koeponnistetut-sammuttimet_jauhe-ABC_taustaton-802x1024.png",802,1024,true],"1536x1536":["https:\/\/safetypartners.fi\/kauppa\/wp-content\/uploads\/2025\/09\/Koeponnistetut-sammuttimet_jauhe-ABC_taustaton.png",1112,1419,false],"2048x2048":["https:\/\/safetypartners.fi\/kauppa\/wp-content\/uploads\/2025\/09\/Koeponnistetut-sammuttimet_jauhe-ABC_taustaton.png",1112,1419,false],"woocommerce_thumbnail":["https:\/\/safetypartners.fi\/kauppa\/wp-content\/uploads\/2025\/09\/Koeponnistetut-sammuttimet_jauhe-ABC_taustaton-300x300.png",300,300,true],"woocommerce_single":["https:\/\/safetypartners.fi\/kauppa\/wp-content\/uploads\/2025\/09\/Koeponnistetut-sammuttimet_jauhe-ABC_taustaton-600x766.png",600,766,true],"woocommerce_gallery_thumbnail":["https:\/\/safetypartners.fi\/kauppa\/wp-content\/uploads\/2025\/09\/Koeponnistetut-sammuttimet_jauhe-ABC_taustaton-100x100.png",100,100,true]},"uagb_author_info":{"display_name":"Anu Lehto","author_link":"https:\/\/safetypartners.fi\/kauppa\/author"},"uagb_comment_info":0,"uagb_excerpt":"Kierr\u00e4tetty, koeponnistettu jauhesammutin s\u00e4\u00e4st\u00e4\u00e4 kukkaroa ja ymp\u00e4rist\u00f6\u00e4! 34A ja 43A -teholuokan jauhesammuttimilla alkusammutat tulipalot kotona, m\u00f6kill\u00e4, ty\u00f6paikalla ja teollisuudessa. ABC-sammutejauhe tehoaa jokaisen palotyypin torjuntaan orgaanisista materiaaleista kaasuihin, palaviin nesteisiin ja s\u00e4hk\u00f6laitteisiin. Paineastia jauheineen kest\u00e4\u00e4 my\u00f6s pakkasia aina -30c asti, ja l\u00e4mp\u00f6\u00e4 +60c asti, joten sit\u00e4 voi s\u00e4ilytt\u00e4\u00e4 vaihtelevissa olosuhteissa. Tiesitk\u00f6, ett\u00e4 paineistetut k\u00e4sisammuttimet tulevat koeponnistusik\u00e4\u00e4n&hellip;","_links":{"self":[{"href":"https:\/\/safetypartners.fi\/kauppa\/wp-json\/wp\/v2\/product\/2977","targetHints":{"allow":["GET"]}}],"collection":[{"href":"https:\/\/safetypartners.fi\/kauppa\/wp-json\/wp\/v2\/product"}],"about":[{"href":"https:\/\/safetypartners.fi\/kauppa\/wp-json\/wp\/v2\/types\/product"}],"replies":[{"embeddable":true,"href":"https:\/\/safetypartners.fi\/kauppa\/wp-json\/wp\/v2\/comments?post=2977"}],"version-history":[{"count":7,"href":"https:\/\/safetypartners.fi\/kauppa\/wp-json\/wp\/v2\/product\/2977\/revisions"}],"predecessor-version":[{"id":3138,"href":"https:\/\/safetypartners.fi\/kauppa\/wp-json\/wp\/v2\/product\/2977\/revisions\/3138"}],"wp:featuredmedia":[{"embeddable":true,"href":"https:\/\/safetypartners.fi\/kauppa\/wp-json\/wp\/v2\/media\/2985"}],"wp:attachment":[{"href":"https:\/\/safetypartners.fi\/kauppa\/wp-json\/wp\/v2\/media?parent=2977"}],"wp:term":[{"taxonomy":"product_brand","embeddable":true,"href":"https:\/\/safetypartners.fi\/kauppa\/wp-json\/wp\/v2\/product_brand?post=2977"},{"taxonomy":"product_cat","embeddable":true,"href":"https:\/\/safetypartners.fi\/kauppa\/wp-json\/wp\/v2\/product_cat?post=2977"},{"taxonomy":"product_tag","embeddable":true,"href":"https:\/\/safetypartners.fi\/kauppa\/wp-json\/wp\/v2\/product_tag?post=2977"}],"curies":[{"name":"wp","href":"https:\/\/api.w.org\/{rel}","templated":true}]}}