{"id":488,"date":"2022-08-01T17:22:22","date_gmt":"2022-08-01T14:22:22","guid":{"rendered":"https:\/\/safetypartners.fi\/kauppa\/?post_type=product&#038;p=488"},"modified":"2026-01-02T13:19:44","modified_gmt":"2026-01-02T11:19:44","slug":"laastariautomaatti-salvequick","status":"publish","type":"product","link":"https:\/\/safetypartners.fi\/kauppa\/tuote\/laastariautomaatti-salvequick","title":{"rendered":"Laastariautomaatti Salvequick"},"content":{"rendered":"<p>K\u00c4YTT\u00d6OHJE<br \/>\nVaihda laastari yht\u00e4 k\u00e4tt\u00e4 k\u00e4ytt\u00e4en. Kun laastari vedet\u00e4\u00e4n laastariautomaatista on toinen tarrapinnoista heti valmis kiinnitett\u00e4v\u00e4ksi. Laastarin asettaminen paikoilleen yhdell\u00e4 k\u00e4dell\u00e4 on helppoa. Puhdista kuitenkin ensin haava ja varmista, ettei se ole tulehtunut. Vaihda laastari p\u00e4ivitt\u00e4in.<\/p>\n<p><strong>Sis\u00e4lt\u00f6<\/strong><\/p>\n<p>40kpl kangaslaastareita ja 45kpl muovilaastareita.<\/p>\n<p>Molemmat kasetit sis\u00e4lt\u00e4v\u00e4t laastareita kahdessa koossa: 72 x 19 mm ja 72 x 25 mm.<\/p>\n","protected":false},"excerpt":{"rendered":"<p><strong>Salvequickin laastariautomaatista<\/strong> on helppo ottaa laastareita alasp\u00e4in vet\u00e4m\u00e4ll\u00e4. N\u00e4in automaattiin j\u00e4\u00e4v\u00e4t laastarit s\u00e4\u00e4styv\u00e4t likaantumiselta ja kastumiselta, ja s\u00e4ilyv\u00e4t hyvin\u00e4 my\u00f6hemp\u00e4\u00e4 k\u00e4ytt\u00f6\u00e4 varten. Salvequick laastariautomaatti on k\u00e4tev\u00e4 ratkaisu erityisesti ty\u00f6paikoille, p\u00e4iv\u00e4koteihin, kouluihin, jne.<\/p>\n<p>Laastarit\u00e4ytt\u00f6pakkaukset l\u00f6yd\u00e4t <a href=\"https:\/\/safetypartners.fi\/kauppa\/?s=Salvequick+6+x+45+kpl&amp;post_type=product&amp;type_aws=true\">t\u00e4\u00e4lt\u00e4<\/a>.<\/p>\n","protected":false},"featured_media":720,"comment_status":"open","ping_status":"closed","template":"","meta":{"_uag_custom_page_level_css":"","site-sidebar-layout":"default","site-content-layout":"default","ast-site-content-layout":"default","site-content-style":"default","site-sidebar-style":"default","ast-global-header-display":"","ast-banner-title-visibility":"","ast-main-header-display":"","ast-hfb-above-header-display":"","ast-hfb-below-header-display":"","ast-hfb-mobile-header-display":"","site-post-title":"","ast-breadcrumbs-content":"","ast-featured-img":"","footer-sml-layout":"","ast-disable-related-posts":"","theme-transparent-header-meta":"default","adv-header-id-meta":"","stick-header-meta":"default","header-above-stick-meta":"","header-main-stick-meta":"","header-below-stick-meta":"","astra-migrate-meta-layouts":"set","ast-page-background-enabled":"default","ast-page-background-meta":{"desktop":{"background-color":"","background-image":"","background-repeat":"repeat","background-position":"center center","background-size":"auto","background-attachment":"scroll","background-type":"","background-media":"","overlay-type":"","overlay-color":"","overlay-opacity":"","overlay-gradient":""},"tablet":{"background-color":"","background-image":"","background-repeat":"repeat","background-position":"center center","background-size":"auto","background-attachment":"scroll","background-type":"","background-media":"","overlay-type":"","overlay-color":"","overlay-opacity":"","overlay-gradient":""},"mobile":{"background-color":"","background-image":"","background-repeat":"repeat","background-position":"center center","background-size":"auto","background-attachment":"scroll","background-type":"","background-media":"","overlay-type":"","overlay-color":"","overlay-opacity":"","overlay-gradient":""}},"ast-content-background-meta":{"desktop":{"background-color":"var(--ast-global-color-5)","background-image":"","background-repeat":"repeat","background-position":"center center","background-size":"auto","background-attachment":"scroll","background-type":"","background-media":"","overlay-type":"","overlay-color":"","overlay-opacity":"","overlay-gradient":""},"tablet":{"background-color":"var(--ast-global-color-5)","background-image":"","background-repeat":"repeat","background-position":"center center","background-size":"auto","background-attachment":"scroll","background-type":"","background-media":"","overlay-type":"","overlay-color":"","overlay-opacity":"","overlay-gradient":""},"mobile":{"background-color":"var(--ast-global-color-5)","background-image":"","background-repeat":"repeat","background-position":"center center","background-size":"auto","background-attachment":"scroll","background-type":"","background-media":"","overlay-type":"","overlay-color":"","overlay-opacity":"","overlay-gradient":""}}},"product_brand":[],"product_cat":[42,15],"product_tag":[93,120,205,203,202,151,206,150,155],"class_list":{"0":"post-488","1":"product","2":"type-product","3":"status-publish","4":"has-post-thumbnail","6":"product_cat-ensiapu","7":"product_cat-yleinen","8":"product_tag-cederroth","9":"product_tag-ensiapu","10":"product_tag-kangaslaastari","11":"product_tag-kouluun","12":"product_tag-laastariautomaatti","13":"product_tag-laastarit","14":"product_tag-muovilaastari","15":"product_tag-salvequick","16":"product_tag-tyopaikalle","17":"product_shipping_class-suomi","18":"desktop-align-center","19":"tablet-align-center","20":"mobile-align-center","21":"ast-product-gallery-layout-horizontal-slider","22":"ast-product-gallery-with-no-image","23":"ast-product-tabs-layout-horizontal","25":"first","26":"instock","27":"taxable","28":"shipping-taxable","29":"purchasable","30":"product-type-simple"},"yoast_head":"<!-- This site is optimized with the Yoast SEO plugin v27.3 - https:\/\/yoast.com\/product\/yoast-seo-wordpress\/ -->\n<title>Laastariautomaatti Salvequick - Safety Partners<\/title>\n<meta name=\"description\" content=\"Laastariautomaatista otetaan laastareita vet\u00e4m\u00e4ll\u00e4 alasp\u00e4in. N\u00e4in loput laastarit s\u00e4\u00e4styv\u00e4t hyv\u00e4n\u00e4 my\u00f6hemp\u00e4\u00e4 k\u00e4ytt\u00f6\u00e4 varten.\" \/>\n<meta name=\"robots\" content=\"index, follow, max-snippet:-1, max-image-preview:large, max-video-preview:-1\" \/>\n<link rel=\"canonical\" href=\"https:\/\/safetypartners.fi\/kauppa\/tuote\/laastariautomaatti-salvequick\" \/>\n<meta property=\"og:locale\" content=\"fi_FI\" \/>\n<meta property=\"og:type\" content=\"article\" \/>\n<meta property=\"og:title\" content=\"Laastariautomaatti Salvequick - Safety Partners\" \/>\n<meta property=\"og:description\" content=\"Laastariautomaatista otetaan laastareita vet\u00e4m\u00e4ll\u00e4 alasp\u00e4in. N\u00e4in loput laastarit s\u00e4\u00e4styv\u00e4t hyv\u00e4n\u00e4 my\u00f6hemp\u00e4\u00e4 k\u00e4ytt\u00f6\u00e4 varten.\" \/>\n<meta property=\"og:url\" content=\"https:\/\/safetypartners.fi\/kauppa\/tuote\/laastariautomaatti-salvequick\" \/>\n<meta property=\"og:site_name\" content=\"Safety Partners\" \/>\n<meta property=\"article:modified_time\" content=\"2026-01-02T11:19:44+00:00\" \/>\n<meta property=\"og:image\" content=\"https:\/\/safetypartners.fi\/kauppa\/wp-content\/uploads\/2022\/08\/Laastariautomaatti.png\" \/>\n\t<meta property=\"og:image:width\" content=\"1116\" \/>\n\t<meta property=\"og:image:height\" content=\"783\" \/>\n\t<meta property=\"og:image:type\" content=\"image\/png\" \/>\n<meta name=\"twitter:card\" content=\"summary_large_image\" \/>\n<meta name=\"twitter:label1\" content=\"Arvioitu lukuaika\" \/>\n\t<meta name=\"twitter:data1\" content=\"1 minuutti\" \/>\n<script type=\"application\/ld+json\" class=\"yoast-schema-graph\">{\"@context\":\"https:\\\/\\\/schema.org\",\"@graph\":[{\"@type\":\"WebPage\",\"@id\":\"https:\\\/\\\/safetypartners.fi\\\/kauppa\\\/tuote\\\/laastariautomaatti-salvequick\",\"url\":\"https:\\\/\\\/safetypartners.fi\\\/kauppa\\\/tuote\\\/laastariautomaatti-salvequick\",\"name\":\"Laastariautomaatti Salvequick - Safety Partners\",\"isPartOf\":{\"@id\":\"https:\\\/\\\/safetypartners.fi\\\/kauppa\\\/#website\"},\"primaryImageOfPage\":{\"@id\":\"https:\\\/\\\/safetypartners.fi\\\/kauppa\\\/tuote\\\/laastariautomaatti-salvequick#primaryimage\"},\"image\":{\"@id\":\"https:\\\/\\\/safetypartners.fi\\\/kauppa\\\/tuote\\\/laastariautomaatti-salvequick#primaryimage\"},\"thumbnailUrl\":\"https:\\\/\\\/safetypartners.fi\\\/kauppa\\\/wp-content\\\/uploads\\\/2022\\\/08\\\/Laastariautomaatti.png\",\"datePublished\":\"2022-08-01T14:22:22+00:00\",\"dateModified\":\"2026-01-02T11:19:44+00:00\",\"description\":\"Laastariautomaatista otetaan laastareita vet\u00e4m\u00e4ll\u00e4 alasp\u00e4in. N\u00e4in loput laastarit s\u00e4\u00e4styv\u00e4t hyv\u00e4n\u00e4 my\u00f6hemp\u00e4\u00e4 k\u00e4ytt\u00f6\u00e4 varten.\",\"breadcrumb\":{\"@id\":\"https:\\\/\\\/safetypartners.fi\\\/kauppa\\\/tuote\\\/laastariautomaatti-salvequick#breadcrumb\"},\"inLanguage\":\"fi\",\"potentialAction\":[{\"@type\":\"ReadAction\",\"target\":[\"https:\\\/\\\/safetypartners.fi\\\/kauppa\\\/tuote\\\/laastariautomaatti-salvequick\"]}]},{\"@type\":\"ImageObject\",\"inLanguage\":\"fi\",\"@id\":\"https:\\\/\\\/safetypartners.fi\\\/kauppa\\\/tuote\\\/laastariautomaatti-salvequick#primaryimage\",\"url\":\"https:\\\/\\\/safetypartners.fi\\\/kauppa\\\/wp-content\\\/uploads\\\/2022\\\/08\\\/Laastariautomaatti.png\",\"contentUrl\":\"https:\\\/\\\/safetypartners.fi\\\/kauppa\\\/wp-content\\\/uploads\\\/2022\\\/08\\\/Laastariautomaatti.png\",\"width\":1116,\"height\":783},{\"@type\":\"BreadcrumbList\",\"@id\":\"https:\\\/\\\/safetypartners.fi\\\/kauppa\\\/tuote\\\/laastariautomaatti-salvequick#breadcrumb\",\"itemListElement\":[{\"@type\":\"ListItem\",\"position\":1,\"name\":\"Home\",\"item\":\"https:\\\/\\\/safetypartners.fi\\\/kauppa\\\/\"},{\"@type\":\"ListItem\",\"position\":2,\"name\":\"Kauppa\",\"item\":\"https:\\\/\\\/safetypartners.fi\\\/kauppa\\\/kauppa\"},{\"@type\":\"ListItem\",\"position\":3,\"name\":\"Laastariautomaatti Salvequick\"}]},{\"@type\":\"WebSite\",\"@id\":\"https:\\\/\\\/safetypartners.fi\\\/kauppa\\\/#website\",\"url\":\"https:\\\/\\\/safetypartners.fi\\\/kauppa\\\/\",\"name\":\"Safety Partners\",\"description\":\"Safety Partners turvakauppa palvelee verkossa 24\\\/7!\",\"publisher\":{\"@id\":\"https:\\\/\\\/safetypartners.fi\\\/kauppa\\\/#organization\"},\"potentialAction\":[{\"@type\":\"SearchAction\",\"target\":{\"@type\":\"EntryPoint\",\"urlTemplate\":\"https:\\\/\\\/safetypartners.fi\\\/kauppa\\\/?s={search_term_string}\"},\"query-input\":{\"@type\":\"PropertyValueSpecification\",\"valueRequired\":true,\"valueName\":\"search_term_string\"}}],\"inLanguage\":\"fi\"},{\"@type\":\"Organization\",\"@id\":\"https:\\\/\\\/safetypartners.fi\\\/kauppa\\\/#organization\",\"name\":\"Safety Partners | Suomen Sammutinpalvelu\",\"url\":\"https:\\\/\\\/safetypartners.fi\\\/kauppa\\\/\",\"logo\":{\"@type\":\"ImageObject\",\"inLanguage\":\"fi\",\"@id\":\"https:\\\/\\\/safetypartners.fi\\\/kauppa\\\/#\\\/schema\\\/logo\\\/image\\\/\",\"url\":\"https:\\\/\\\/safetypartners.fi\\\/kauppa\\\/wp-content\\\/uploads\\\/2020\\\/05\\\/cropped-Logoke-1.jpg\",\"contentUrl\":\"https:\\\/\\\/safetypartners.fi\\\/kauppa\\\/wp-content\\\/uploads\\\/2020\\\/05\\\/cropped-Logoke-1.jpg\",\"width\":847,\"height\":717,\"caption\":\"Safety Partners | Suomen Sammutinpalvelu\"},\"image\":{\"@id\":\"https:\\\/\\\/safetypartners.fi\\\/kauppa\\\/#\\\/schema\\\/logo\\\/image\\\/\"}}]}<\/script>\n<!-- \/ Yoast SEO plugin. -->","yoast_head_json":{"title":"Laastariautomaatti Salvequick - Safety Partners","description":"Laastariautomaatista otetaan laastareita vet\u00e4m\u00e4ll\u00e4 alasp\u00e4in. N\u00e4in loput laastarit s\u00e4\u00e4styv\u00e4t hyv\u00e4n\u00e4 my\u00f6hemp\u00e4\u00e4 k\u00e4ytt\u00f6\u00e4 varten.","robots":{"index":"index","follow":"follow","max-snippet":"max-snippet:-1","max-image-preview":"max-image-preview:large","max-video-preview":"max-video-preview:-1"},"canonical":"https:\/\/safetypartners.fi\/kauppa\/tuote\/laastariautomaatti-salvequick","og_locale":"fi_FI","og_type":"article","og_title":"Laastariautomaatti Salvequick - Safety Partners","og_description":"Laastariautomaatista otetaan laastareita vet\u00e4m\u00e4ll\u00e4 alasp\u00e4in. N\u00e4in loput laastarit s\u00e4\u00e4styv\u00e4t hyv\u00e4n\u00e4 my\u00f6hemp\u00e4\u00e4 k\u00e4ytt\u00f6\u00e4 varten.","og_url":"https:\/\/safetypartners.fi\/kauppa\/tuote\/laastariautomaatti-salvequick","og_site_name":"Safety Partners","article_modified_time":"2026-01-02T11:19:44+00:00","og_image":[{"width":1116,"height":783,"url":"https:\/\/safetypartners.fi\/kauppa\/wp-content\/uploads\/2022\/08\/Laastariautomaatti.png","type":"image\/png"}],"twitter_card":"summary_large_image","twitter_misc":{"Arvioitu lukuaika":"1 minuutti"},"schema":{"@context":"https:\/\/schema.org","@graph":[{"@type":"WebPage","@id":"https:\/\/safetypartners.fi\/kauppa\/tuote\/laastariautomaatti-salvequick","url":"https:\/\/safetypartners.fi\/kauppa\/tuote\/laastariautomaatti-salvequick","name":"Laastariautomaatti Salvequick - Safety Partners","isPartOf":{"@id":"https:\/\/safetypartners.fi\/kauppa\/#website"},"primaryImageOfPage":{"@id":"https:\/\/safetypartners.fi\/kauppa\/tuote\/laastariautomaatti-salvequick#primaryimage"},"image":{"@id":"https:\/\/safetypartners.fi\/kauppa\/tuote\/laastariautomaatti-salvequick#primaryimage"},"thumbnailUrl":"https:\/\/safetypartners.fi\/kauppa\/wp-content\/uploads\/2022\/08\/Laastariautomaatti.png","datePublished":"2022-08-01T14:22:22+00:00","dateModified":"2026-01-02T11:19:44+00:00","description":"Laastariautomaatista otetaan laastareita vet\u00e4m\u00e4ll\u00e4 alasp\u00e4in. N\u00e4in loput laastarit s\u00e4\u00e4styv\u00e4t hyv\u00e4n\u00e4 my\u00f6hemp\u00e4\u00e4 k\u00e4ytt\u00f6\u00e4 varten.","breadcrumb":{"@id":"https:\/\/safetypartners.fi\/kauppa\/tuote\/laastariautomaatti-salvequick#breadcrumb"},"inLanguage":"fi","potentialAction":[{"@type":"ReadAction","target":["https:\/\/safetypartners.fi\/kauppa\/tuote\/laastariautomaatti-salvequick"]}]},{"@type":"ImageObject","inLanguage":"fi","@id":"https:\/\/safetypartners.fi\/kauppa\/tuote\/laastariautomaatti-salvequick#primaryimage","url":"https:\/\/safetypartners.fi\/kauppa\/wp-content\/uploads\/2022\/08\/Laastariautomaatti.png","contentUrl":"https:\/\/safetypartners.fi\/kauppa\/wp-content\/uploads\/2022\/08\/Laastariautomaatti.png","width":1116,"height":783},{"@type":"BreadcrumbList","@id":"https:\/\/safetypartners.fi\/kauppa\/tuote\/laastariautomaatti-salvequick#breadcrumb","itemListElement":[{"@type":"ListItem","position":1,"name":"Home","item":"https:\/\/safetypartners.fi\/kauppa\/"},{"@type":"ListItem","position":2,"name":"Kauppa","item":"https:\/\/safetypartners.fi\/kauppa\/kauppa"},{"@type":"ListItem","position":3,"name":"Laastariautomaatti Salvequick"}]},{"@type":"WebSite","@id":"https:\/\/safetypartners.fi\/kauppa\/#website","url":"https:\/\/safetypartners.fi\/kauppa\/","name":"Safety Partners","description":"Safety Partners turvakauppa palvelee verkossa 24\/7!","publisher":{"@id":"https:\/\/safetypartners.fi\/kauppa\/#organization"},"potentialAction":[{"@type":"SearchAction","target":{"@type":"EntryPoint","urlTemplate":"https:\/\/safetypartners.fi\/kauppa\/?s={search_term_string}"},"query-input":{"@type":"PropertyValueSpecification","valueRequired":true,"valueName":"search_term_string"}}],"inLanguage":"fi"},{"@type":"Organization","@id":"https:\/\/safetypartners.fi\/kauppa\/#organization","name":"Safety Partners | Suomen Sammutinpalvelu","url":"https:\/\/safetypartners.fi\/kauppa\/","logo":{"@type":"ImageObject","inLanguage":"fi","@id":"https:\/\/safetypartners.fi\/kauppa\/#\/schema\/logo\/image\/","url":"https:\/\/safetypartners.fi\/kauppa\/wp-content\/uploads\/2020\/05\/cropped-Logoke-1.jpg","contentUrl":"https:\/\/safetypartners.fi\/kauppa\/wp-content\/uploads\/2020\/05\/cropped-Logoke-1.jpg","width":847,"height":717,"caption":"Safety Partners | Suomen Sammutinpalvelu"},"image":{"@id":"https:\/\/safetypartners.fi\/kauppa\/#\/schema\/logo\/image\/"}}]}},"uagb_featured_image_src":{"full":["https:\/\/safetypartners.fi\/kauppa\/wp-content\/uploads\/2022\/08\/Laastariautomaatti.png",1116,783,false],"thumbnail":["https:\/\/safetypartners.fi\/kauppa\/wp-content\/uploads\/2022\/08\/Laastariautomaatti-150x150.png",150,150,true],"medium":["https:\/\/safetypartners.fi\/kauppa\/wp-content\/uploads\/2022\/08\/Laastariautomaatti-300x210.png",300,210,true],"medium_large":["https:\/\/safetypartners.fi\/kauppa\/wp-content\/uploads\/2022\/08\/Laastariautomaatti-768x539.png",768,539,true],"large":["https:\/\/safetypartners.fi\/kauppa\/wp-content\/uploads\/2022\/08\/Laastariautomaatti-1024x718.png",1024,718,true],"1536x1536":["https:\/\/safetypartners.fi\/kauppa\/wp-content\/uploads\/2022\/08\/Laastariautomaatti.png",1116,783,false],"2048x2048":["https:\/\/safetypartners.fi\/kauppa\/wp-content\/uploads\/2022\/08\/Laastariautomaatti.png",1116,783,false],"woocommerce_thumbnail":["https:\/\/safetypartners.fi\/kauppa\/wp-content\/uploads\/2022\/08\/Laastariautomaatti-300x300.png",300,300,true],"woocommerce_single":["https:\/\/safetypartners.fi\/kauppa\/wp-content\/uploads\/2022\/08\/Laastariautomaatti-600x421.png",600,421,true],"woocommerce_gallery_thumbnail":["https:\/\/safetypartners.fi\/kauppa\/wp-content\/uploads\/2022\/08\/Laastariautomaatti-100x100.png",100,100,true]},"uagb_author_info":{"display_name":"Anu Lehto","author_link":"https:\/\/safetypartners.fi\/kauppa\/author"},"uagb_comment_info":0,"uagb_excerpt":"Salvequickin laastariautomaatista on helppo ottaa laastareita alasp\u00e4in vet\u00e4m\u00e4ll\u00e4. N\u00e4in automaattiin j\u00e4\u00e4v\u00e4t laastarit s\u00e4\u00e4styv\u00e4t likaantumiselta ja kastumiselta, ja s\u00e4ilyv\u00e4t hyvin\u00e4 my\u00f6hemp\u00e4\u00e4 k\u00e4ytt\u00f6\u00e4 varten. Salvequick laastariautomaatti on k\u00e4tev\u00e4 ratkaisu erityisesti ty\u00f6paikoille, p\u00e4iv\u00e4koteihin, kouluihin, jne. Laastarit\u00e4ytt\u00f6pakkaukset l\u00f6yd\u00e4t t\u00e4\u00e4lt\u00e4.","_links":{"self":[{"href":"https:\/\/safetypartners.fi\/kauppa\/wp-json\/wp\/v2\/product\/488","targetHints":{"allow":["GET"]}}],"collection":[{"href":"https:\/\/safetypartners.fi\/kauppa\/wp-json\/wp\/v2\/product"}],"about":[{"href":"https:\/\/safetypartners.fi\/kauppa\/wp-json\/wp\/v2\/types\/product"}],"replies":[{"embeddable":true,"href":"https:\/\/safetypartners.fi\/kauppa\/wp-json\/wp\/v2\/comments?post=488"}],"version-history":[{"count":4,"href":"https:\/\/safetypartners.fi\/kauppa\/wp-json\/wp\/v2\/product\/488\/revisions"}],"predecessor-version":[{"id":2635,"href":"https:\/\/safetypartners.fi\/kauppa\/wp-json\/wp\/v2\/product\/488\/revisions\/2635"}],"wp:featuredmedia":[{"embeddable":true,"href":"https:\/\/safetypartners.fi\/kauppa\/wp-json\/wp\/v2\/media\/720"}],"wp:attachment":[{"href":"https:\/\/safetypartners.fi\/kauppa\/wp-json\/wp\/v2\/media?parent=488"}],"wp:term":[{"taxonomy":"product_brand","embeddable":true,"href":"https:\/\/safetypartners.fi\/kauppa\/wp-json\/wp\/v2\/product_brand?post=488"},{"taxonomy":"product_cat","embeddable":true,"href":"https:\/\/safetypartners.fi\/kauppa\/wp-json\/wp\/v2\/product_cat?post=488"},{"taxonomy":"product_tag","embeddable":true,"href":"https:\/\/safetypartners.fi\/kauppa\/wp-json\/wp\/v2\/product_tag?post=488"}],"curies":[{"name":"wp","href":"https:\/\/api.w.org\/{rel}","templated":true}]}}