{"id":790,"date":"2022-08-16T13:36:19","date_gmt":"2022-08-16T10:36:19","guid":{"rendered":"https:\/\/safetypartners.fi\/kauppa\/?post_type=product&#038;p=790"},"modified":"2022-10-27T08:48:59","modified_gmt":"2022-10-27T05:48:59","slug":"cgs-kaappi-6kg-6l-sammuttimelle-pro-ec9pw","status":"publish","type":"product","link":"https:\/\/safetypartners.fi\/kauppa\/tuote\/cgs-kaappi-6kg-6l-sammuttimelle-pro-ec9pw","title":{"rendered":"CGS PRO -kaappi 6kg\/6L sammuttimelle, EC9PW"},"content":{"rendered":"<ul>\n<li>Kaappi voidaan asentaa sis\u00e4lle tai ulos<\/li>\n<li>Kest\u00e4\u00e4 kovia olosuhteita esimerkiksi satamissa, ajoneuvoissa ja teollisuudessa.<\/li>\n<li>Sokat ja kahvat valmistettu nailonista<\/li>\n<li>Tiivis kumitiiviste, kaappi on vesitiivis<\/li>\n<li>Ikkuna painemittaria varten<\/li>\n<\/ul>\n<p>Palokaapit on suunniteltu sammuttimen suojaamiseen s\u00e4\u00e4lt\u00e4, tuulelta, p\u00f6lylt\u00e4 ja lialta. Muun muassa satamat ja suuret rakennukset sek\u00e4 ulkoalueet hy\u00f6tyv\u00e4t kest\u00e4v\u00e4st\u00e4 palokaapista. Kaappi suojaa sammutinta my\u00f6s ilkivallalta esimerkiksi kouluissa ja muissa julkisissa tiloissa.<\/p>\n<p>PRO-palokaapit ovat T\u00dcV Rheinland, Italian testaamia ja sertifioimia.<br \/>\nPalokaappi on hyv\u00e4ksytty seuraavissa testeiss\u00e4:<br \/>\n\u2022 Paloturvallisuus (Renault D451333)<br \/>\n\u2022 IP59K neste- ja p\u00f6lytiiviys (DIN 40050-9)<br \/>\n\u2022 polttoaineiden ja voitelu\u00f6ljyjen kesto (ECE R3)<br \/>\n\u2022 Nopeutettu UV-vanhentamistesti (ISO 4892-2)<br \/>\n\u2022 Dynaaminen kest\u00e4vyys (12000 N A-20 C \u00b0, 20 C \u00b0,50 \u00b0 C)<\/p>\n","protected":false},"excerpt":{"rendered":"<p>Vesitiivis polyeteeni -palokaappi on iskunkest\u00e4v\u00e4 ja vankkaa tekoa. Kaappi suojaa sammutinta p\u00f6lyn, lian ja s\u00e4\u00e4ilmi\u00f6iden lis\u00e4ksi my\u00f6s suurimmalta osalta kemikaaleja. Palokaappi sopii sijoitettavaksi sek\u00e4 sis\u00e4- ett\u00e4 ulkotiloihin, tai raskaampiin ajoneuvoihin. EC9PW-mallin 16 vahvistettua, kaapin takaista kiinnityspistett\u00e4 tarjoavat vaihtoehtoja asennusta varten joko ajoneuvoon tai sein\u00e4\u00e4n.<\/p>\n","protected":false},"featured_media":998,"comment_status":"open","ping_status":"closed","template":"","meta":{"_uag_custom_page_level_css":"","site-sidebar-layout":"default","site-content-layout":"default","ast-site-content-layout":"default","site-content-style":"default","site-sidebar-style":"default","ast-global-header-display":"","ast-banner-title-visibility":"","ast-main-header-display":"","ast-hfb-above-header-display":"","ast-hfb-below-header-display":"","ast-hfb-mobile-header-display":"","site-post-title":"","ast-breadcrumbs-content":null,"ast-featured-img":"","footer-sml-layout":"","ast-disable-related-posts":"","theme-transparent-header-meta":"default","adv-header-id-meta":"","stick-header-meta":"default","header-above-stick-meta":null,"header-main-stick-meta":"","header-below-stick-meta":null,"astra-migrate-meta-layouts":"default","ast-page-background-enabled":"default","ast-page-background-meta":{"desktop":{"background-color":"","background-image":"","background-repeat":"repeat","background-position":"center center","background-size":"auto","background-attachment":"scroll","background-type":"","background-media":"","overlay-type":"","overlay-color":"","overlay-opacity":"","overlay-gradient":""},"tablet":{"background-color":"","background-image":"","background-repeat":"repeat","background-position":"center center","background-size":"auto","background-attachment":"scroll","background-type":"","background-media":"","overlay-type":"","overlay-color":"","overlay-opacity":"","overlay-gradient":""},"mobile":{"background-color":"","background-image":"","background-repeat":"repeat","background-position":"center center","background-size":"auto","background-attachment":"scroll","background-type":"","background-media":"","overlay-type":"","overlay-color":"","overlay-opacity":"","overlay-gradient":""}},"ast-content-background-meta":{"desktop":{"background-color":"var(--ast-global-color-5)","background-image":"","background-repeat":"repeat","background-position":"center center","background-size":"auto","background-attachment":"scroll","background-type":"","background-media":"","overlay-type":"","overlay-color":"","overlay-opacity":"","overlay-gradient":""},"tablet":{"background-color":"var(--ast-global-color-5)","background-image":"","background-repeat":"repeat","background-position":"center center","background-size":"auto","background-attachment":"scroll","background-type":"","background-media":"","overlay-type":"","overlay-color":"","overlay-opacity":"","overlay-gradient":""},"mobile":{"background-color":"var(--ast-global-color-5)","background-image":"","background-repeat":"repeat","background-position":"center center","background-size":"auto","background-attachment":"scroll","background-type":"","background-media":"","overlay-type":"","overlay-color":"","overlay-opacity":"","overlay-gradient":""}}},"product_brand":[],"product_cat":[15,218],"product_tag":[355,396],"class_list":{"0":"post-790","1":"product","2":"type-product","3":"status-publish","4":"has-post-thumbnail","6":"product_cat-yleinen","7":"product_cat-sammutintarvikkeet","8":"product_tag-cgs","9":"product_tag-ec9pw","10":"desktop-align-center","11":"tablet-align-center","12":"mobile-align-center","13":"ast-product-gallery-layout-horizontal-slider","14":"ast-product-gallery-with-no-image","15":"ast-product-tabs-layout-horizontal","17":"first","18":"onbackorder","19":"sold-individually","20":"taxable","21":"shipping-taxable","22":"purchasable","23":"product-type-simple"},"yoast_head":"<!-- This site is optimized with the Yoast SEO plugin v27.3 - https:\/\/yoast.com\/product\/yoast-seo-wordpress\/ -->\n<title>CGS PRO -kaappi 6kg\/6L sammuttimelle, EC9PW - Safety Partners<\/title>\n<meta name=\"description\" content=\"Vesitiivis polyeteeni -palokaappi on iskunkest\u00e4v\u00e4 ja vankkaa tekoa. Kaappi suojaa sammutinta p\u00f6lyn, lian ja s\u00e4\u00e4ilmi\u00f6iden lis\u00e4ksi my\u00f6s kemikaaleilta.\" \/>\n<meta name=\"robots\" content=\"index, follow, max-snippet:-1, max-image-preview:large, max-video-preview:-1\" \/>\n<link rel=\"canonical\" href=\"https:\/\/safetypartners.fi\/kauppa\/tuote\/cgs-kaappi-6kg-6l-sammuttimelle-pro-ec9pw\" \/>\n<meta property=\"og:locale\" content=\"fi_FI\" \/>\n<meta property=\"og:type\" content=\"article\" \/>\n<meta property=\"og:title\" content=\"CGS PRO -kaappi 6kg\/6L sammuttimelle, EC9PW - Safety Partners\" \/>\n<meta property=\"og:description\" content=\"Vesitiivis polyeteeni -palokaappi on iskunkest\u00e4v\u00e4 ja vankkaa tekoa. Kaappi suojaa sammutinta p\u00f6lyn, lian ja s\u00e4\u00e4ilmi\u00f6iden lis\u00e4ksi my\u00f6s kemikaaleilta.\" \/>\n<meta property=\"og:url\" content=\"https:\/\/safetypartners.fi\/kauppa\/tuote\/cgs-kaappi-6kg-6l-sammuttimelle-pro-ec9pw\" \/>\n<meta property=\"og:site_name\" content=\"Safety Partners\" \/>\n<meta property=\"article:modified_time\" content=\"2022-10-27T05:48:59+00:00\" \/>\n<meta property=\"og:image\" content=\"https:\/\/safetypartners.fi\/kauppa\/wp-content\/uploads\/2022\/08\/CGS-kaappi-6-kg6-l-sammuttimelle-PRO-EC9PW.png\" \/>\n\t<meta property=\"og:image:width\" content=\"876\" \/>\n\t<meta property=\"og:image:height\" content=\"848\" \/>\n\t<meta property=\"og:image:type\" content=\"image\/png\" \/>\n<meta name=\"twitter:card\" content=\"summary_large_image\" \/>\n<meta name=\"twitter:label1\" content=\"Arvioitu lukuaika\" \/>\n\t<meta name=\"twitter:data1\" content=\"1 minuutti\" \/>\n<script type=\"application\/ld+json\" class=\"yoast-schema-graph\">{\"@context\":\"https:\\\/\\\/schema.org\",\"@graph\":[{\"@type\":\"WebPage\",\"@id\":\"https:\\\/\\\/safetypartners.fi\\\/kauppa\\\/tuote\\\/cgs-kaappi-6kg-6l-sammuttimelle-pro-ec9pw\",\"url\":\"https:\\\/\\\/safetypartners.fi\\\/kauppa\\\/tuote\\\/cgs-kaappi-6kg-6l-sammuttimelle-pro-ec9pw\",\"name\":\"CGS PRO -kaappi 6kg\\\/6L sammuttimelle, EC9PW - Safety Partners\",\"isPartOf\":{\"@id\":\"https:\\\/\\\/safetypartners.fi\\\/kauppa\\\/#website\"},\"primaryImageOfPage\":{\"@id\":\"https:\\\/\\\/safetypartners.fi\\\/kauppa\\\/tuote\\\/cgs-kaappi-6kg-6l-sammuttimelle-pro-ec9pw#primaryimage\"},\"image\":{\"@id\":\"https:\\\/\\\/safetypartners.fi\\\/kauppa\\\/tuote\\\/cgs-kaappi-6kg-6l-sammuttimelle-pro-ec9pw#primaryimage\"},\"thumbnailUrl\":\"https:\\\/\\\/safetypartners.fi\\\/kauppa\\\/wp-content\\\/uploads\\\/2022\\\/08\\\/CGS-kaappi-6-kg6-l-sammuttimelle-PRO-EC9PW.png\",\"datePublished\":\"2022-08-16T10:36:19+00:00\",\"dateModified\":\"2022-10-27T05:48:59+00:00\",\"description\":\"Vesitiivis polyeteeni -palokaappi on iskunkest\u00e4v\u00e4 ja vankkaa tekoa. Kaappi suojaa sammutinta p\u00f6lyn, lian ja s\u00e4\u00e4ilmi\u00f6iden lis\u00e4ksi my\u00f6s kemikaaleilta.\",\"breadcrumb\":{\"@id\":\"https:\\\/\\\/safetypartners.fi\\\/kauppa\\\/tuote\\\/cgs-kaappi-6kg-6l-sammuttimelle-pro-ec9pw#breadcrumb\"},\"inLanguage\":\"fi\",\"potentialAction\":[{\"@type\":\"ReadAction\",\"target\":[\"https:\\\/\\\/safetypartners.fi\\\/kauppa\\\/tuote\\\/cgs-kaappi-6kg-6l-sammuttimelle-pro-ec9pw\"]}]},{\"@type\":\"ImageObject\",\"inLanguage\":\"fi\",\"@id\":\"https:\\\/\\\/safetypartners.fi\\\/kauppa\\\/tuote\\\/cgs-kaappi-6kg-6l-sammuttimelle-pro-ec9pw#primaryimage\",\"url\":\"https:\\\/\\\/safetypartners.fi\\\/kauppa\\\/wp-content\\\/uploads\\\/2022\\\/08\\\/CGS-kaappi-6-kg6-l-sammuttimelle-PRO-EC9PW.png\",\"contentUrl\":\"https:\\\/\\\/safetypartners.fi\\\/kauppa\\\/wp-content\\\/uploads\\\/2022\\\/08\\\/CGS-kaappi-6-kg6-l-sammuttimelle-PRO-EC9PW.png\",\"width\":876,\"height\":848},{\"@type\":\"BreadcrumbList\",\"@id\":\"https:\\\/\\\/safetypartners.fi\\\/kauppa\\\/tuote\\\/cgs-kaappi-6kg-6l-sammuttimelle-pro-ec9pw#breadcrumb\",\"itemListElement\":[{\"@type\":\"ListItem\",\"position\":1,\"name\":\"Home\",\"item\":\"https:\\\/\\\/safetypartners.fi\\\/kauppa\\\/\"},{\"@type\":\"ListItem\",\"position\":2,\"name\":\"Kauppa\",\"item\":\"https:\\\/\\\/safetypartners.fi\\\/kauppa\\\/kauppa\"},{\"@type\":\"ListItem\",\"position\":3,\"name\":\"CGS PRO -kaappi 6kg\\\/6L sammuttimelle, EC9PW\"}]},{\"@type\":\"WebSite\",\"@id\":\"https:\\\/\\\/safetypartners.fi\\\/kauppa\\\/#website\",\"url\":\"https:\\\/\\\/safetypartners.fi\\\/kauppa\\\/\",\"name\":\"Safety Partners\",\"description\":\"Safety Partners turvakauppa palvelee verkossa 24\\\/7!\",\"publisher\":{\"@id\":\"https:\\\/\\\/safetypartners.fi\\\/kauppa\\\/#organization\"},\"potentialAction\":[{\"@type\":\"SearchAction\",\"target\":{\"@type\":\"EntryPoint\",\"urlTemplate\":\"https:\\\/\\\/safetypartners.fi\\\/kauppa\\\/?s={search_term_string}\"},\"query-input\":{\"@type\":\"PropertyValueSpecification\",\"valueRequired\":true,\"valueName\":\"search_term_string\"}}],\"inLanguage\":\"fi\"},{\"@type\":\"Organization\",\"@id\":\"https:\\\/\\\/safetypartners.fi\\\/kauppa\\\/#organization\",\"name\":\"Safety Partners | Suomen Sammutinpalvelu\",\"url\":\"https:\\\/\\\/safetypartners.fi\\\/kauppa\\\/\",\"logo\":{\"@type\":\"ImageObject\",\"inLanguage\":\"fi\",\"@id\":\"https:\\\/\\\/safetypartners.fi\\\/kauppa\\\/#\\\/schema\\\/logo\\\/image\\\/\",\"url\":\"https:\\\/\\\/safetypartners.fi\\\/kauppa\\\/wp-content\\\/uploads\\\/2020\\\/05\\\/cropped-Logoke-1.jpg\",\"contentUrl\":\"https:\\\/\\\/safetypartners.fi\\\/kauppa\\\/wp-content\\\/uploads\\\/2020\\\/05\\\/cropped-Logoke-1.jpg\",\"width\":847,\"height\":717,\"caption\":\"Safety Partners | Suomen Sammutinpalvelu\"},\"image\":{\"@id\":\"https:\\\/\\\/safetypartners.fi\\\/kauppa\\\/#\\\/schema\\\/logo\\\/image\\\/\"}}]}<\/script>\n<!-- \/ Yoast SEO plugin. -->","yoast_head_json":{"title":"CGS PRO -kaappi 6kg\/6L sammuttimelle, EC9PW - Safety Partners","description":"Vesitiivis polyeteeni -palokaappi on iskunkest\u00e4v\u00e4 ja vankkaa tekoa. Kaappi suojaa sammutinta p\u00f6lyn, lian ja s\u00e4\u00e4ilmi\u00f6iden lis\u00e4ksi my\u00f6s kemikaaleilta.","robots":{"index":"index","follow":"follow","max-snippet":"max-snippet:-1","max-image-preview":"max-image-preview:large","max-video-preview":"max-video-preview:-1"},"canonical":"https:\/\/safetypartners.fi\/kauppa\/tuote\/cgs-kaappi-6kg-6l-sammuttimelle-pro-ec9pw","og_locale":"fi_FI","og_type":"article","og_title":"CGS PRO -kaappi 6kg\/6L sammuttimelle, EC9PW - Safety Partners","og_description":"Vesitiivis polyeteeni -palokaappi on iskunkest\u00e4v\u00e4 ja vankkaa tekoa. Kaappi suojaa sammutinta p\u00f6lyn, lian ja s\u00e4\u00e4ilmi\u00f6iden lis\u00e4ksi my\u00f6s kemikaaleilta.","og_url":"https:\/\/safetypartners.fi\/kauppa\/tuote\/cgs-kaappi-6kg-6l-sammuttimelle-pro-ec9pw","og_site_name":"Safety Partners","article_modified_time":"2022-10-27T05:48:59+00:00","og_image":[{"width":876,"height":848,"url":"https:\/\/safetypartners.fi\/kauppa\/wp-content\/uploads\/2022\/08\/CGS-kaappi-6-kg6-l-sammuttimelle-PRO-EC9PW.png","type":"image\/png"}],"twitter_card":"summary_large_image","twitter_misc":{"Arvioitu lukuaika":"1 minuutti"},"schema":{"@context":"https:\/\/schema.org","@graph":[{"@type":"WebPage","@id":"https:\/\/safetypartners.fi\/kauppa\/tuote\/cgs-kaappi-6kg-6l-sammuttimelle-pro-ec9pw","url":"https:\/\/safetypartners.fi\/kauppa\/tuote\/cgs-kaappi-6kg-6l-sammuttimelle-pro-ec9pw","name":"CGS PRO -kaappi 6kg\/6L sammuttimelle, EC9PW - Safety Partners","isPartOf":{"@id":"https:\/\/safetypartners.fi\/kauppa\/#website"},"primaryImageOfPage":{"@id":"https:\/\/safetypartners.fi\/kauppa\/tuote\/cgs-kaappi-6kg-6l-sammuttimelle-pro-ec9pw#primaryimage"},"image":{"@id":"https:\/\/safetypartners.fi\/kauppa\/tuote\/cgs-kaappi-6kg-6l-sammuttimelle-pro-ec9pw#primaryimage"},"thumbnailUrl":"https:\/\/safetypartners.fi\/kauppa\/wp-content\/uploads\/2022\/08\/CGS-kaappi-6-kg6-l-sammuttimelle-PRO-EC9PW.png","datePublished":"2022-08-16T10:36:19+00:00","dateModified":"2022-10-27T05:48:59+00:00","description":"Vesitiivis polyeteeni -palokaappi on iskunkest\u00e4v\u00e4 ja vankkaa tekoa. Kaappi suojaa sammutinta p\u00f6lyn, lian ja s\u00e4\u00e4ilmi\u00f6iden lis\u00e4ksi my\u00f6s kemikaaleilta.","breadcrumb":{"@id":"https:\/\/safetypartners.fi\/kauppa\/tuote\/cgs-kaappi-6kg-6l-sammuttimelle-pro-ec9pw#breadcrumb"},"inLanguage":"fi","potentialAction":[{"@type":"ReadAction","target":["https:\/\/safetypartners.fi\/kauppa\/tuote\/cgs-kaappi-6kg-6l-sammuttimelle-pro-ec9pw"]}]},{"@type":"ImageObject","inLanguage":"fi","@id":"https:\/\/safetypartners.fi\/kauppa\/tuote\/cgs-kaappi-6kg-6l-sammuttimelle-pro-ec9pw#primaryimage","url":"https:\/\/safetypartners.fi\/kauppa\/wp-content\/uploads\/2022\/08\/CGS-kaappi-6-kg6-l-sammuttimelle-PRO-EC9PW.png","contentUrl":"https:\/\/safetypartners.fi\/kauppa\/wp-content\/uploads\/2022\/08\/CGS-kaappi-6-kg6-l-sammuttimelle-PRO-EC9PW.png","width":876,"height":848},{"@type":"BreadcrumbList","@id":"https:\/\/safetypartners.fi\/kauppa\/tuote\/cgs-kaappi-6kg-6l-sammuttimelle-pro-ec9pw#breadcrumb","itemListElement":[{"@type":"ListItem","position":1,"name":"Home","item":"https:\/\/safetypartners.fi\/kauppa\/"},{"@type":"ListItem","position":2,"name":"Kauppa","item":"https:\/\/safetypartners.fi\/kauppa\/kauppa"},{"@type":"ListItem","position":3,"name":"CGS PRO -kaappi 6kg\/6L sammuttimelle, EC9PW"}]},{"@type":"WebSite","@id":"https:\/\/safetypartners.fi\/kauppa\/#website","url":"https:\/\/safetypartners.fi\/kauppa\/","name":"Safety Partners","description":"Safety Partners turvakauppa palvelee verkossa 24\/7!","publisher":{"@id":"https:\/\/safetypartners.fi\/kauppa\/#organization"},"potentialAction":[{"@type":"SearchAction","target":{"@type":"EntryPoint","urlTemplate":"https:\/\/safetypartners.fi\/kauppa\/?s={search_term_string}"},"query-input":{"@type":"PropertyValueSpecification","valueRequired":true,"valueName":"search_term_string"}}],"inLanguage":"fi"},{"@type":"Organization","@id":"https:\/\/safetypartners.fi\/kauppa\/#organization","name":"Safety Partners | Suomen Sammutinpalvelu","url":"https:\/\/safetypartners.fi\/kauppa\/","logo":{"@type":"ImageObject","inLanguage":"fi","@id":"https:\/\/safetypartners.fi\/kauppa\/#\/schema\/logo\/image\/","url":"https:\/\/safetypartners.fi\/kauppa\/wp-content\/uploads\/2020\/05\/cropped-Logoke-1.jpg","contentUrl":"https:\/\/safetypartners.fi\/kauppa\/wp-content\/uploads\/2020\/05\/cropped-Logoke-1.jpg","width":847,"height":717,"caption":"Safety Partners | Suomen Sammutinpalvelu"},"image":{"@id":"https:\/\/safetypartners.fi\/kauppa\/#\/schema\/logo\/image\/"}}]}},"uagb_featured_image_src":{"full":["https:\/\/safetypartners.fi\/kauppa\/wp-content\/uploads\/2022\/08\/CGS-kaappi-6-kg6-l-sammuttimelle-PRO-EC9PW.png",876,848,false],"thumbnail":["https:\/\/safetypartners.fi\/kauppa\/wp-content\/uploads\/2022\/08\/CGS-kaappi-6-kg6-l-sammuttimelle-PRO-EC9PW-150x150.png",150,150,true],"medium":["https:\/\/safetypartners.fi\/kauppa\/wp-content\/uploads\/2022\/08\/CGS-kaappi-6-kg6-l-sammuttimelle-PRO-EC9PW-300x290.png",300,290,true],"medium_large":["https:\/\/safetypartners.fi\/kauppa\/wp-content\/uploads\/2022\/08\/CGS-kaappi-6-kg6-l-sammuttimelle-PRO-EC9PW-768x743.png",768,743,true],"large":["https:\/\/safetypartners.fi\/kauppa\/wp-content\/uploads\/2022\/08\/CGS-kaappi-6-kg6-l-sammuttimelle-PRO-EC9PW.png",876,848,false],"1536x1536":["https:\/\/safetypartners.fi\/kauppa\/wp-content\/uploads\/2022\/08\/CGS-kaappi-6-kg6-l-sammuttimelle-PRO-EC9PW.png",876,848,false],"2048x2048":["https:\/\/safetypartners.fi\/kauppa\/wp-content\/uploads\/2022\/08\/CGS-kaappi-6-kg6-l-sammuttimelle-PRO-EC9PW.png",876,848,false],"woocommerce_thumbnail":["https:\/\/safetypartners.fi\/kauppa\/wp-content\/uploads\/2022\/08\/CGS-kaappi-6-kg6-l-sammuttimelle-PRO-EC9PW-300x300.png",300,300,true],"woocommerce_single":["https:\/\/safetypartners.fi\/kauppa\/wp-content\/uploads\/2022\/08\/CGS-kaappi-6-kg6-l-sammuttimelle-PRO-EC9PW-600x581.png",600,581,true],"woocommerce_gallery_thumbnail":["https:\/\/safetypartners.fi\/kauppa\/wp-content\/uploads\/2022\/08\/CGS-kaappi-6-kg6-l-sammuttimelle-PRO-EC9PW-100x100.png",100,100,true]},"uagb_author_info":{"display_name":"Anu Lehto","author_link":"https:\/\/safetypartners.fi\/kauppa\/author"},"uagb_comment_info":0,"uagb_excerpt":"Vesitiivis polyeteeni -palokaappi on iskunkest\u00e4v\u00e4 ja vankkaa tekoa. Kaappi suojaa sammutinta p\u00f6lyn, lian ja s\u00e4\u00e4ilmi\u00f6iden lis\u00e4ksi my\u00f6s suurimmalta osalta kemikaaleja. Palokaappi sopii sijoitettavaksi sek\u00e4 sis\u00e4- ett\u00e4 ulkotiloihin, tai raskaampiin ajoneuvoihin. EC9PW-mallin 16 vahvistettua, kaapin takaista kiinnityspistett\u00e4 tarjoavat vaihtoehtoja asennusta varten joko ajoneuvoon tai sein\u00e4\u00e4n.","_links":{"self":[{"href":"https:\/\/safetypartners.fi\/kauppa\/wp-json\/wp\/v2\/product\/790","targetHints":{"allow":["GET"]}}],"collection":[{"href":"https:\/\/safetypartners.fi\/kauppa\/wp-json\/wp\/v2\/product"}],"about":[{"href":"https:\/\/safetypartners.fi\/kauppa\/wp-json\/wp\/v2\/types\/product"}],"replies":[{"embeddable":true,"href":"https:\/\/safetypartners.fi\/kauppa\/wp-json\/wp\/v2\/comments?post=790"}],"version-history":[{"count":2,"href":"https:\/\/safetypartners.fi\/kauppa\/wp-json\/wp\/v2\/product\/790\/revisions"}],"predecessor-version":[{"id":1498,"href":"https:\/\/safetypartners.fi\/kauppa\/wp-json\/wp\/v2\/product\/790\/revisions\/1498"}],"wp:featuredmedia":[{"embeddable":true,"href":"https:\/\/safetypartners.fi\/kauppa\/wp-json\/wp\/v2\/media\/998"}],"wp:attachment":[{"href":"https:\/\/safetypartners.fi\/kauppa\/wp-json\/wp\/v2\/media?parent=790"}],"wp:term":[{"taxonomy":"product_brand","embeddable":true,"href":"https:\/\/safetypartners.fi\/kauppa\/wp-json\/wp\/v2\/product_brand?post=790"},{"taxonomy":"product_cat","embeddable":true,"href":"https:\/\/safetypartners.fi\/kauppa\/wp-json\/wp\/v2\/product_cat?post=790"},{"taxonomy":"product_tag","embeddable":true,"href":"https:\/\/safetypartners.fi\/kauppa\/wp-json\/wp\/v2\/product_tag?post=790"}],"curies":[{"name":"wp","href":"https:\/\/api.w.org\/{rel}","templated":true}]}}