{"id":794,"date":"2022-08-16T13:36:19","date_gmt":"2022-08-16T10:36:19","guid":{"rendered":"https:\/\/safetypartners.fi\/kauppa\/?post_type=product&#038;p=794"},"modified":"2022-10-27T08:45:36","modified_gmt":"2022-10-27T05:45:36","slug":"cgs-paalta-avattava-sammutinkaappi-6kg-ec6tl","status":"publish","type":"product","link":"https:\/\/safetypartners.fi\/kauppa\/tuote\/cgs-paalta-avattava-sammutinkaappi-6kg-ec6tl","title":{"rendered":"CGS P\u00e4\u00e4lt\u00e4avattava sammutinkaappi 6kg sammuttimelle, EC6TL"},"content":{"rendered":"<p><strong>K\u00c4YTT\u00d6KOHTEET<\/strong><br \/>\nKuorma-autot ja muut raskaat ajoneuvot<\/p>\n<ul class=\"disc\">\n<li><strong>Kaapin ulkomitat:<\/strong> 265x280x595 mm<\/li>\n<li><strong>Kaapin sis\u00e4mitat:<\/strong> 205x210x561 mm<\/li>\n<li><strong>Kaapin paino:<\/strong> 2,1 kg<\/li>\n<li><strong>Materiaali:<\/strong> Muotoonvalettu polypropyleeni (kaikki sammutinkaappimme ovat REACH-asetuksen mukaisia ja polypropeeni on n\u00e4in vaaratonta)<\/li>\n<li>Korkea laatu: sertifioitu ja testattu T\u00dcV Rheinland -instituutin toimesta Italiassa.<\/li>\n<\/ul>\n<p>Palokaapit on suunniteltu sammuttimen suojaamiseen s\u00e4\u00e4lt\u00e4, tuulelta, p\u00f6lylt\u00e4 ja lialta. Muun muassa satamat ja suuret rakennukset sek\u00e4 ulkoalueet hy\u00f6tyv\u00e4t kest\u00e4v\u00e4st\u00e4 palokaapista, kuten my\u00f6s kuorma-autot ja muut raskaammat ajoneuvot. Kaappi suojaa sammutinta my\u00f6s ilkivallalta.<\/p>\n","protected":false},"excerpt":{"rendered":"<p>6kg sammuttimelle sopiva, p\u00e4\u00e4lt\u00e4 avattava CGS-sammutinkaappi\/ajoneuvokaappi on suunniteltu erityisesti kuorma-autoille ja muille ajoneuvoille. Kaappi on eritt\u00e4in tukeva ja soveltuu vaativiin olosuhteisiin. Nailonjousi pit\u00e4\u00e4 kuusikiloisen sammuttimen tiukasti paikoillaan. TPE-kumitiivisteell\u00e4 varustettu lukittava kansi on hyvin muotovakaa ja suojaa samalla sammutinta s\u00e4\u00e4n vaihteluilta, p\u00f6lylt\u00e4 ja lialta.<\/p>\n","protected":false},"featured_media":990,"comment_status":"open","ping_status":"closed","template":"","meta":{"_uag_custom_page_level_css":"","site-sidebar-layout":"default","site-content-layout":"default","ast-site-content-layout":"default","site-content-style":"default","site-sidebar-style":"default","ast-global-header-display":"","ast-banner-title-visibility":"","ast-main-header-display":"","ast-hfb-above-header-display":"","ast-hfb-below-header-display":"","ast-hfb-mobile-header-display":"","site-post-title":"","ast-breadcrumbs-content":null,"ast-featured-img":"","footer-sml-layout":"","ast-disable-related-posts":"","theme-transparent-header-meta":"default","adv-header-id-meta":"","stick-header-meta":"default","header-above-stick-meta":null,"header-main-stick-meta":"","header-below-stick-meta":null,"astra-migrate-meta-layouts":"default","ast-page-background-enabled":"default","ast-page-background-meta":{"desktop":{"background-color":"","background-image":"","background-repeat":"repeat","background-position":"center center","background-size":"auto","background-attachment":"scroll","background-type":"","background-media":"","overlay-type":"","overlay-color":"","overlay-opacity":"","overlay-gradient":""},"tablet":{"background-color":"","background-image":"","background-repeat":"repeat","background-position":"center center","background-size":"auto","background-attachment":"scroll","background-type":"","background-media":"","overlay-type":"","overlay-color":"","overlay-opacity":"","overlay-gradient":""},"mobile":{"background-color":"","background-image":"","background-repeat":"repeat","background-position":"center center","background-size":"auto","background-attachment":"scroll","background-type":"","background-media":"","overlay-type":"","overlay-color":"","overlay-opacity":"","overlay-gradient":""}},"ast-content-background-meta":{"desktop":{"background-color":"var(--ast-global-color-5)","background-image":"","background-repeat":"repeat","background-position":"center center","background-size":"auto","background-attachment":"scroll","background-type":"","background-media":"","overlay-type":"","overlay-color":"","overlay-opacity":"","overlay-gradient":""},"tablet":{"background-color":"var(--ast-global-color-5)","background-image":"","background-repeat":"repeat","background-position":"center center","background-size":"auto","background-attachment":"scroll","background-type":"","background-media":"","overlay-type":"","overlay-color":"","overlay-opacity":"","overlay-gradient":""},"mobile":{"background-color":"var(--ast-global-color-5)","background-image":"","background-repeat":"repeat","background-position":"center center","background-size":"auto","background-attachment":"scroll","background-type":"","background-media":"","overlay-type":"","overlay-color":"","overlay-opacity":"","overlay-gradient":""}}},"product_brand":[],"product_cat":[15,218],"product_tag":[377,360,355,376,248,372,359],"class_list":{"0":"post-794","1":"product","2":"type-product","3":"status-publish","4":"has-post-thumbnail","6":"product_cat-yleinen","7":"product_cat-sammutintarvikkeet","8":"product_tag-6kg","9":"product_tag-ajoneuvokaappi","10":"product_tag-cgs","11":"product_tag-ec6tl","12":"product_tag-jauhesammutin","13":"product_tag-kuorma-autoon","14":"product_tag-sammutinkaappi","15":"desktop-align-center","16":"tablet-align-center","17":"mobile-align-center","18":"ast-product-gallery-layout-horizontal-slider","19":"ast-product-tabs-layout-horizontal","21":"first","22":"onbackorder","23":"sold-individually","24":"taxable","25":"shipping-taxable","26":"purchasable","27":"product-type-simple"},"yoast_head":"<!-- This site is optimized with the Yoast SEO plugin v27.3 - https:\/\/yoast.com\/product\/yoast-seo-wordpress\/ -->\n<title>CGS P\u00e4\u00e4lt\u00e4avattava sammutinkaappi 6kg sammuttimelle, EC6TL - Safety Partners<\/title>\n<meta name=\"description\" content=\"P\u00e4\u00e4lt\u00e4avattava sammutin\/ajoneuvokaappi on suunniteltu erityisesti kuorma-autoille ja muille ajoneuvoille. Eritt\u00e4in tukeva kaappi vaativiin olosuhteisiin.\" \/>\n<meta name=\"robots\" content=\"index, follow, max-snippet:-1, max-image-preview:large, max-video-preview:-1\" \/>\n<link rel=\"canonical\" href=\"https:\/\/safetypartners.fi\/kauppa\/tuote\/cgs-paalta-avattava-sammutinkaappi-6kg-ec6tl\" \/>\n<meta property=\"og:locale\" content=\"fi_FI\" \/>\n<meta property=\"og:type\" content=\"article\" \/>\n<meta property=\"og:title\" content=\"CGS P\u00e4\u00e4lt\u00e4avattava sammutinkaappi 6kg sammuttimelle, EC6TL - Safety Partners\" \/>\n<meta property=\"og:description\" content=\"P\u00e4\u00e4lt\u00e4avattava sammutin\/ajoneuvokaappi on suunniteltu erityisesti kuorma-autoille ja muille ajoneuvoille. Eritt\u00e4in tukeva kaappi vaativiin olosuhteisiin.\" \/>\n<meta property=\"og:url\" content=\"https:\/\/safetypartners.fi\/kauppa\/tuote\/cgs-paalta-avattava-sammutinkaappi-6kg-ec6tl\" \/>\n<meta property=\"og:site_name\" content=\"Safety Partners\" \/>\n<meta property=\"article:modified_time\" content=\"2022-10-27T05:45:36+00:00\" \/>\n<meta property=\"og:image\" content=\"https:\/\/safetypartners.fi\/kauppa\/wp-content\/uploads\/2022\/08\/6kg-paaltaavattava-kauempaa.png\" \/>\n\t<meta property=\"og:image:width\" content=\"1139\" \/>\n\t<meta property=\"og:image:height\" content=\"824\" \/>\n\t<meta property=\"og:image:type\" content=\"image\/png\" \/>\n<meta name=\"twitter:card\" content=\"summary_large_image\" \/>\n<meta name=\"twitter:label1\" content=\"Arvioitu lukuaika\" \/>\n\t<meta name=\"twitter:data1\" content=\"1 minuutti\" \/>\n<script type=\"application\/ld+json\" class=\"yoast-schema-graph\">{\"@context\":\"https:\\\/\\\/schema.org\",\"@graph\":[{\"@type\":\"WebPage\",\"@id\":\"https:\\\/\\\/safetypartners.fi\\\/kauppa\\\/tuote\\\/cgs-paalta-avattava-sammutinkaappi-6kg-ec6tl\",\"url\":\"https:\\\/\\\/safetypartners.fi\\\/kauppa\\\/tuote\\\/cgs-paalta-avattava-sammutinkaappi-6kg-ec6tl\",\"name\":\"CGS P\u00e4\u00e4lt\u00e4avattava sammutinkaappi 6kg sammuttimelle, EC6TL - Safety Partners\",\"isPartOf\":{\"@id\":\"https:\\\/\\\/safetypartners.fi\\\/kauppa\\\/#website\"},\"primaryImageOfPage\":{\"@id\":\"https:\\\/\\\/safetypartners.fi\\\/kauppa\\\/tuote\\\/cgs-paalta-avattava-sammutinkaappi-6kg-ec6tl#primaryimage\"},\"image\":{\"@id\":\"https:\\\/\\\/safetypartners.fi\\\/kauppa\\\/tuote\\\/cgs-paalta-avattava-sammutinkaappi-6kg-ec6tl#primaryimage\"},\"thumbnailUrl\":\"https:\\\/\\\/safetypartners.fi\\\/kauppa\\\/wp-content\\\/uploads\\\/2022\\\/08\\\/6kg-paaltaavattava-kauempaa.png\",\"datePublished\":\"2022-08-16T10:36:19+00:00\",\"dateModified\":\"2022-10-27T05:45:36+00:00\",\"description\":\"P\u00e4\u00e4lt\u00e4avattava sammutin\\\/ajoneuvokaappi on suunniteltu erityisesti kuorma-autoille ja muille ajoneuvoille. Eritt\u00e4in tukeva kaappi vaativiin olosuhteisiin.\",\"breadcrumb\":{\"@id\":\"https:\\\/\\\/safetypartners.fi\\\/kauppa\\\/tuote\\\/cgs-paalta-avattava-sammutinkaappi-6kg-ec6tl#breadcrumb\"},\"inLanguage\":\"fi\",\"potentialAction\":[{\"@type\":\"ReadAction\",\"target\":[\"https:\\\/\\\/safetypartners.fi\\\/kauppa\\\/tuote\\\/cgs-paalta-avattava-sammutinkaappi-6kg-ec6tl\"]}]},{\"@type\":\"ImageObject\",\"inLanguage\":\"fi\",\"@id\":\"https:\\\/\\\/safetypartners.fi\\\/kauppa\\\/tuote\\\/cgs-paalta-avattava-sammutinkaappi-6kg-ec6tl#primaryimage\",\"url\":\"https:\\\/\\\/safetypartners.fi\\\/kauppa\\\/wp-content\\\/uploads\\\/2022\\\/08\\\/6kg-paaltaavattava-kauempaa.png\",\"contentUrl\":\"https:\\\/\\\/safetypartners.fi\\\/kauppa\\\/wp-content\\\/uploads\\\/2022\\\/08\\\/6kg-paaltaavattava-kauempaa.png\",\"width\":1139,\"height\":824},{\"@type\":\"BreadcrumbList\",\"@id\":\"https:\\\/\\\/safetypartners.fi\\\/kauppa\\\/tuote\\\/cgs-paalta-avattava-sammutinkaappi-6kg-ec6tl#breadcrumb\",\"itemListElement\":[{\"@type\":\"ListItem\",\"position\":1,\"name\":\"Home\",\"item\":\"https:\\\/\\\/safetypartners.fi\\\/kauppa\\\/\"},{\"@type\":\"ListItem\",\"position\":2,\"name\":\"Kauppa\",\"item\":\"https:\\\/\\\/safetypartners.fi\\\/kauppa\\\/kauppa\"},{\"@type\":\"ListItem\",\"position\":3,\"name\":\"CGS P\u00e4\u00e4lt\u00e4avattava sammutinkaappi 6kg sammuttimelle, EC6TL\"}]},{\"@type\":\"WebSite\",\"@id\":\"https:\\\/\\\/safetypartners.fi\\\/kauppa\\\/#website\",\"url\":\"https:\\\/\\\/safetypartners.fi\\\/kauppa\\\/\",\"name\":\"Safety Partners\",\"description\":\"Safety Partners turvakauppa palvelee verkossa 24\\\/7!\",\"publisher\":{\"@id\":\"https:\\\/\\\/safetypartners.fi\\\/kauppa\\\/#organization\"},\"potentialAction\":[{\"@type\":\"SearchAction\",\"target\":{\"@type\":\"EntryPoint\",\"urlTemplate\":\"https:\\\/\\\/safetypartners.fi\\\/kauppa\\\/?s={search_term_string}\"},\"query-input\":{\"@type\":\"PropertyValueSpecification\",\"valueRequired\":true,\"valueName\":\"search_term_string\"}}],\"inLanguage\":\"fi\"},{\"@type\":\"Organization\",\"@id\":\"https:\\\/\\\/safetypartners.fi\\\/kauppa\\\/#organization\",\"name\":\"Safety Partners | Suomen Sammutinpalvelu\",\"url\":\"https:\\\/\\\/safetypartners.fi\\\/kauppa\\\/\",\"logo\":{\"@type\":\"ImageObject\",\"inLanguage\":\"fi\",\"@id\":\"https:\\\/\\\/safetypartners.fi\\\/kauppa\\\/#\\\/schema\\\/logo\\\/image\\\/\",\"url\":\"https:\\\/\\\/safetypartners.fi\\\/kauppa\\\/wp-content\\\/uploads\\\/2020\\\/05\\\/cropped-Logoke-1.jpg\",\"contentUrl\":\"https:\\\/\\\/safetypartners.fi\\\/kauppa\\\/wp-content\\\/uploads\\\/2020\\\/05\\\/cropped-Logoke-1.jpg\",\"width\":847,\"height\":717,\"caption\":\"Safety Partners | Suomen Sammutinpalvelu\"},\"image\":{\"@id\":\"https:\\\/\\\/safetypartners.fi\\\/kauppa\\\/#\\\/schema\\\/logo\\\/image\\\/\"}}]}<\/script>\n<!-- \/ Yoast SEO plugin. -->","yoast_head_json":{"title":"CGS P\u00e4\u00e4lt\u00e4avattava sammutinkaappi 6kg sammuttimelle, EC6TL - Safety Partners","description":"P\u00e4\u00e4lt\u00e4avattava sammutin\/ajoneuvokaappi on suunniteltu erityisesti kuorma-autoille ja muille ajoneuvoille. Eritt\u00e4in tukeva kaappi vaativiin olosuhteisiin.","robots":{"index":"index","follow":"follow","max-snippet":"max-snippet:-1","max-image-preview":"max-image-preview:large","max-video-preview":"max-video-preview:-1"},"canonical":"https:\/\/safetypartners.fi\/kauppa\/tuote\/cgs-paalta-avattava-sammutinkaappi-6kg-ec6tl","og_locale":"fi_FI","og_type":"article","og_title":"CGS P\u00e4\u00e4lt\u00e4avattava sammutinkaappi 6kg sammuttimelle, EC6TL - Safety Partners","og_description":"P\u00e4\u00e4lt\u00e4avattava sammutin\/ajoneuvokaappi on suunniteltu erityisesti kuorma-autoille ja muille ajoneuvoille. Eritt\u00e4in tukeva kaappi vaativiin olosuhteisiin.","og_url":"https:\/\/safetypartners.fi\/kauppa\/tuote\/cgs-paalta-avattava-sammutinkaappi-6kg-ec6tl","og_site_name":"Safety Partners","article_modified_time":"2022-10-27T05:45:36+00:00","og_image":[{"width":1139,"height":824,"url":"https:\/\/safetypartners.fi\/kauppa\/wp-content\/uploads\/2022\/08\/6kg-paaltaavattava-kauempaa.png","type":"image\/png"}],"twitter_card":"summary_large_image","twitter_misc":{"Arvioitu lukuaika":"1 minuutti"},"schema":{"@context":"https:\/\/schema.org","@graph":[{"@type":"WebPage","@id":"https:\/\/safetypartners.fi\/kauppa\/tuote\/cgs-paalta-avattava-sammutinkaappi-6kg-ec6tl","url":"https:\/\/safetypartners.fi\/kauppa\/tuote\/cgs-paalta-avattava-sammutinkaappi-6kg-ec6tl","name":"CGS P\u00e4\u00e4lt\u00e4avattava sammutinkaappi 6kg sammuttimelle, EC6TL - Safety Partners","isPartOf":{"@id":"https:\/\/safetypartners.fi\/kauppa\/#website"},"primaryImageOfPage":{"@id":"https:\/\/safetypartners.fi\/kauppa\/tuote\/cgs-paalta-avattava-sammutinkaappi-6kg-ec6tl#primaryimage"},"image":{"@id":"https:\/\/safetypartners.fi\/kauppa\/tuote\/cgs-paalta-avattava-sammutinkaappi-6kg-ec6tl#primaryimage"},"thumbnailUrl":"https:\/\/safetypartners.fi\/kauppa\/wp-content\/uploads\/2022\/08\/6kg-paaltaavattava-kauempaa.png","datePublished":"2022-08-16T10:36:19+00:00","dateModified":"2022-10-27T05:45:36+00:00","description":"P\u00e4\u00e4lt\u00e4avattava sammutin\/ajoneuvokaappi on suunniteltu erityisesti kuorma-autoille ja muille ajoneuvoille. Eritt\u00e4in tukeva kaappi vaativiin olosuhteisiin.","breadcrumb":{"@id":"https:\/\/safetypartners.fi\/kauppa\/tuote\/cgs-paalta-avattava-sammutinkaappi-6kg-ec6tl#breadcrumb"},"inLanguage":"fi","potentialAction":[{"@type":"ReadAction","target":["https:\/\/safetypartners.fi\/kauppa\/tuote\/cgs-paalta-avattava-sammutinkaappi-6kg-ec6tl"]}]},{"@type":"ImageObject","inLanguage":"fi","@id":"https:\/\/safetypartners.fi\/kauppa\/tuote\/cgs-paalta-avattava-sammutinkaappi-6kg-ec6tl#primaryimage","url":"https:\/\/safetypartners.fi\/kauppa\/wp-content\/uploads\/2022\/08\/6kg-paaltaavattava-kauempaa.png","contentUrl":"https:\/\/safetypartners.fi\/kauppa\/wp-content\/uploads\/2022\/08\/6kg-paaltaavattava-kauempaa.png","width":1139,"height":824},{"@type":"BreadcrumbList","@id":"https:\/\/safetypartners.fi\/kauppa\/tuote\/cgs-paalta-avattava-sammutinkaappi-6kg-ec6tl#breadcrumb","itemListElement":[{"@type":"ListItem","position":1,"name":"Home","item":"https:\/\/safetypartners.fi\/kauppa\/"},{"@type":"ListItem","position":2,"name":"Kauppa","item":"https:\/\/safetypartners.fi\/kauppa\/kauppa"},{"@type":"ListItem","position":3,"name":"CGS P\u00e4\u00e4lt\u00e4avattava sammutinkaappi 6kg sammuttimelle, EC6TL"}]},{"@type":"WebSite","@id":"https:\/\/safetypartners.fi\/kauppa\/#website","url":"https:\/\/safetypartners.fi\/kauppa\/","name":"Safety Partners","description":"Safety Partners turvakauppa palvelee verkossa 24\/7!","publisher":{"@id":"https:\/\/safetypartners.fi\/kauppa\/#organization"},"potentialAction":[{"@type":"SearchAction","target":{"@type":"EntryPoint","urlTemplate":"https:\/\/safetypartners.fi\/kauppa\/?s={search_term_string}"},"query-input":{"@type":"PropertyValueSpecification","valueRequired":true,"valueName":"search_term_string"}}],"inLanguage":"fi"},{"@type":"Organization","@id":"https:\/\/safetypartners.fi\/kauppa\/#organization","name":"Safety Partners | Suomen Sammutinpalvelu","url":"https:\/\/safetypartners.fi\/kauppa\/","logo":{"@type":"ImageObject","inLanguage":"fi","@id":"https:\/\/safetypartners.fi\/kauppa\/#\/schema\/logo\/image\/","url":"https:\/\/safetypartners.fi\/kauppa\/wp-content\/uploads\/2020\/05\/cropped-Logoke-1.jpg","contentUrl":"https:\/\/safetypartners.fi\/kauppa\/wp-content\/uploads\/2020\/05\/cropped-Logoke-1.jpg","width":847,"height":717,"caption":"Safety Partners | Suomen Sammutinpalvelu"},"image":{"@id":"https:\/\/safetypartners.fi\/kauppa\/#\/schema\/logo\/image\/"}}]}},"uagb_featured_image_src":{"full":["https:\/\/safetypartners.fi\/kauppa\/wp-content\/uploads\/2022\/08\/6kg-paaltaavattava-kauempaa.png",1139,824,false],"thumbnail":["https:\/\/safetypartners.fi\/kauppa\/wp-content\/uploads\/2022\/08\/6kg-paaltaavattava-kauempaa-150x150.png",150,150,true],"medium":["https:\/\/safetypartners.fi\/kauppa\/wp-content\/uploads\/2022\/08\/6kg-paaltaavattava-kauempaa-300x217.png",300,217,true],"medium_large":["https:\/\/safetypartners.fi\/kauppa\/wp-content\/uploads\/2022\/08\/6kg-paaltaavattava-kauempaa-768x556.png",768,556,true],"large":["https:\/\/safetypartners.fi\/kauppa\/wp-content\/uploads\/2022\/08\/6kg-paaltaavattava-kauempaa-1024x741.png",1024,741,true],"1536x1536":["https:\/\/safetypartners.fi\/kauppa\/wp-content\/uploads\/2022\/08\/6kg-paaltaavattava-kauempaa.png",1139,824,false],"2048x2048":["https:\/\/safetypartners.fi\/kauppa\/wp-content\/uploads\/2022\/08\/6kg-paaltaavattava-kauempaa.png",1139,824,false],"woocommerce_thumbnail":["https:\/\/safetypartners.fi\/kauppa\/wp-content\/uploads\/2022\/08\/6kg-paaltaavattava-kauempaa-300x300.png",300,300,true],"woocommerce_single":["https:\/\/safetypartners.fi\/kauppa\/wp-content\/uploads\/2022\/08\/6kg-paaltaavattava-kauempaa-600x434.png",600,434,true],"woocommerce_gallery_thumbnail":["https:\/\/safetypartners.fi\/kauppa\/wp-content\/uploads\/2022\/08\/6kg-paaltaavattava-kauempaa-100x100.png",100,100,true]},"uagb_author_info":{"display_name":"Anu Lehto","author_link":"https:\/\/safetypartners.fi\/kauppa\/author"},"uagb_comment_info":0,"uagb_excerpt":"6kg sammuttimelle sopiva, p\u00e4\u00e4lt\u00e4 avattava CGS-sammutinkaappi\/ajoneuvokaappi on suunniteltu erityisesti kuorma-autoille ja muille ajoneuvoille. Kaappi on eritt\u00e4in tukeva ja soveltuu vaativiin olosuhteisiin. Nailonjousi pit\u00e4\u00e4 kuusikiloisen sammuttimen tiukasti paikoillaan. TPE-kumitiivisteell\u00e4 varustettu lukittava kansi on hyvin muotovakaa ja suojaa samalla sammutinta s\u00e4\u00e4n vaihteluilta, p\u00f6lylt\u00e4 ja lialta.","_links":{"self":[{"href":"https:\/\/safetypartners.fi\/kauppa\/wp-json\/wp\/v2\/product\/794","targetHints":{"allow":["GET"]}}],"collection":[{"href":"https:\/\/safetypartners.fi\/kauppa\/wp-json\/wp\/v2\/product"}],"about":[{"href":"https:\/\/safetypartners.fi\/kauppa\/wp-json\/wp\/v2\/types\/product"}],"replies":[{"embeddable":true,"href":"https:\/\/safetypartners.fi\/kauppa\/wp-json\/wp\/v2\/comments?post=794"}],"version-history":[{"count":2,"href":"https:\/\/safetypartners.fi\/kauppa\/wp-json\/wp\/v2\/product\/794\/revisions"}],"predecessor-version":[{"id":1459,"href":"https:\/\/safetypartners.fi\/kauppa\/wp-json\/wp\/v2\/product\/794\/revisions\/1459"}],"wp:featuredmedia":[{"embeddable":true,"href":"https:\/\/safetypartners.fi\/kauppa\/wp-json\/wp\/v2\/media\/990"}],"wp:attachment":[{"href":"https:\/\/safetypartners.fi\/kauppa\/wp-json\/wp\/v2\/media?parent=794"}],"wp:term":[{"taxonomy":"product_brand","embeddable":true,"href":"https:\/\/safetypartners.fi\/kauppa\/wp-json\/wp\/v2\/product_brand?post=794"},{"taxonomy":"product_cat","embeddable":true,"href":"https:\/\/safetypartners.fi\/kauppa\/wp-json\/wp\/v2\/product_cat?post=794"},{"taxonomy":"product_tag","embeddable":true,"href":"https:\/\/safetypartners.fi\/kauppa\/wp-json\/wp\/v2\/product_tag?post=794"}],"curies":[{"name":"wp","href":"https:\/\/api.w.org\/{rel}","templated":true}]}}