{"id":907,"date":"2022-08-18T16:51:51","date_gmt":"2022-08-18T13:51:51","guid":{"rendered":"https:\/\/safetypartners.fi\/kauppa\/?post_type=product&#038;p=907"},"modified":"2025-12-01T23:56:41","modified_gmt":"2025-12-01T21:56:41","slug":"housegard-pebble-optinen-palovaroitin-10-vuoden-paristolla","status":"publish","type":"product","link":"https:\/\/safetypartners.fi\/kauppa\/tuote\/housegard-pebble-optinen-palovaroitin-10-vuoden-paristolla","title":{"rendered":"Housegard Pebble optinen palovaroitin 10 vuoden paristolla"},"content":{"rendered":"<p>Housegard Pebble SA701 on optinen palovaroitin, eli yleisin palovaroitintyyppi. Pebble reagoi nopeasti kyteviin paloihin ja niiss\u00e4 syntyviin palohiukkasiin.<\/p>\n<p><strong>Ominaisuudet:<\/strong><\/p>\n<ul>\n<li>Asennus helposti 3M-teipill\u00e4<\/li>\n<li>Testi- ja taukotoiminto<\/li>\n<li>Ruotsalaisen Lars Wettren kaunis muotokieli<\/li>\n<li>K\u00e4ytt\u00f6l\u00e4mp\u00f6tila: -10 \u00b0C &#8230; +40 \u00b0C<\/li>\n<li>Testattu ja hyv\u00e4ksytty: CE, EN 14604<\/li>\n<li>H\u00e4lytys\u00e4\u00e4ni: \u2265 85 dB \/ 3 m<\/li>\n<li>Sis\u00e4\u00e4nrakennettu litiumparisto kest\u00e4\u00e4 koko 10 vuoden k\u00e4ytt\u00f6i\u00e4n ajan \u2013 ylim\u00e4\u00e4r\u00e4inen turvatekij\u00e4<\/li>\n<\/ul>\n<p>Palovaroitinta ei tule sijoittaa paikkoihin, joissa se voi helposti aiheuttaa virheh\u00e4lytyksen, kuten esim. tuulettimen tai lieden l\u00e4heisyyteen. Palovaroittimen ymp\u00e4rille saattaa ker\u00e4\u00e4nty\u00e4 p\u00f6lyhiukkasia, jotka voivat tunkeutua sen ilmaisinkammioon, aiheuttaen virheh\u00e4lytyksen. Lue lis\u00e4\u00e4 palovaroittimen oikeinasennuksesta <a href=\"https:\/\/safetypartners.fi\/palovaroittimen-virhehalytyksen-syyt\/\"><strong><span style=\"color: #3366ff;\">t\u00e4\u00e4lt\u00e4<\/span><\/strong><\/a>.<\/p>\n<p>Puhdista palovaroitin s\u00e4\u00e4nn\u00f6llisesti kevyesti imuroimalla. Testaa varoitin kerran viikossa ja vaihda kokonaan uuteen 10 vuoden v\u00e4lein.<\/p>\n<p>Lue my\u00f6s: <a href=\"https:\/\/gpbmnordic.com\/Product\/Files\/Local\/Smoke%20Detectors%20and%20False%20Alarms%20FI.pdf\" target=\"_blank\" rel=\"attachment noopener wp-att-2582\">Palovaroittimen asentaminen ja virheh\u00e4lytykset<\/a><\/p>\n","protected":false},"excerpt":{"rendered":"<p><strong>Pebble 10Y optinen palovaroitin<\/strong> j\u00e4ljittelee muotokielet\u00e4\u00e4n luonnonkivi\u00e4. Teollisuusmuotoilija Lars Wettren pehme\u00e4linjainen luomus sulautuu jokaiseen sisustukseen.<\/p>\n<p>Pebble SA701 on suunniteltu k\u00e4ytt\u00e4j\u00e4yst\u00e4v\u00e4lliseksi. Varoittimen keskell\u00e4 on yksinkertainen tauko- ja testitoimintopainike. Varoitin on my\u00f6s helppo puhdistaa varovasti imuroimalla. Sis\u00e4\u00e4nrakennettu litiumparisto kest\u00e4\u00e4 palovaroittimen koko 10 vuoden k\u00e4ytt\u00f6i\u00e4n, eik\u00e4 pariston vaihtamista tarvitse n\u00e4in murehtia. Kaikkien palovaroittimen suositeltu maksimik\u00e4ytt\u00f6ik\u00e4 on 10 vuotta (<a href=\"https:\/\/tukes.fi\/tuotteet-ja-palvelut\/pelastustoimen-laitteet\/palovaroittimet\" target=\"_blank\" rel=\"noopener\">Tukes<\/a>).<\/p>\n<p>Pebble 10Y SA701:n pikkuveli, 9V-paristolla toimiva Pebble SA700, l\u00f6ytyy <a href=\"https:\/\/safetypartners.fi\/kauppa\/tuote\/pebble-optinen-palovaroitin\"><span style=\"color: #3366ff;\"><strong>t\u00e4\u00e4lt\u00e4<\/strong><\/span><\/a>.<\/p>\n","protected":false},"featured_media":920,"comment_status":"open","ping_status":"closed","template":"","meta":{"_uag_custom_page_level_css":"","site-sidebar-layout":"default","site-content-layout":"default","ast-site-content-layout":"default","site-content-style":"default","site-sidebar-style":"default","ast-global-header-display":"","ast-banner-title-visibility":"","ast-main-header-display":"","ast-hfb-above-header-display":"","ast-hfb-below-header-display":"","ast-hfb-mobile-header-display":"","site-post-title":"","ast-breadcrumbs-content":"","ast-featured-img":"","footer-sml-layout":"","ast-disable-related-posts":"","theme-transparent-header-meta":"default","adv-header-id-meta":"","stick-header-meta":"default","header-above-stick-meta":"","header-main-stick-meta":"","header-below-stick-meta":"","astra-migrate-meta-layouts":"set","ast-page-background-enabled":"default","ast-page-background-meta":{"desktop":{"background-color":"","background-image":"","background-repeat":"repeat","background-position":"center center","background-size":"auto","background-attachment":"scroll","background-type":"","background-media":"","overlay-type":"","overlay-color":"","overlay-opacity":"","overlay-gradient":""},"tablet":{"background-color":"","background-image":"","background-repeat":"repeat","background-position":"center center","background-size":"auto","background-attachment":"scroll","background-type":"","background-media":"","overlay-type":"","overlay-color":"","overlay-opacity":"","overlay-gradient":""},"mobile":{"background-color":"","background-image":"","background-repeat":"repeat","background-position":"center center","background-size":"auto","background-attachment":"scroll","background-type":"","background-media":"","overlay-type":"","overlay-color":"","overlay-opacity":"","overlay-gradient":""}},"ast-content-background-meta":{"desktop":{"background-color":"var(--ast-global-color-5)","background-image":"","background-repeat":"repeat","background-position":"center center","background-size":"auto","background-attachment":"scroll","background-type":"","background-media":"","overlay-type":"","overlay-color":"","overlay-opacity":"","overlay-gradient":""},"tablet":{"background-color":"var(--ast-global-color-5)","background-image":"","background-repeat":"repeat","background-position":"center center","background-size":"auto","background-attachment":"scroll","background-type":"","background-media":"","overlay-type":"","overlay-color":"","overlay-opacity":"","overlay-gradient":""},"mobile":{"background-color":"var(--ast-global-color-5)","background-image":"","background-repeat":"repeat","background-position":"center center","background-size":"auto","background-attachment":"scroll","background-type":"","background-media":"","overlay-type":"","overlay-color":"","overlay-opacity":"","overlay-gradient":""}}},"product_brand":[],"product_cat":[15,30,216,601],"product_tag":[730,321,322,113,325,114,318,317,447,1212,34],"class_list":{"0":"post-907","1":"product","2":"type-product","3":"status-publish","4":"has-post-thumbnail","6":"product_cat-yleinen","7":"product_cat-paloturvallisuus","8":"product_cat-palovaroittimet","9":"product_cat-yksittaiset-palovaroittimet","10":"product_tag-10-vuoden-litiumparisto","11":"product_tag-edullinen","12":"product_tag-halpa","13":"product_tag-housegard","14":"product_tag-kattoon","15":"product_tag-kotiin","16":"product_tag-optinen","17":"product_tag-palovaroitin","18":"product_tag-pebble","19":"product_tag-sa701","20":"product_tag-varoitin","21":"product_shipping_class-suomi","22":"desktop-align-center","23":"tablet-align-center","24":"mobile-align-center","25":"ast-product-gallery-layout-horizontal-slider","26":"ast-product-tabs-layout-horizontal","28":"first","29":"instock","30":"taxable","31":"shipping-taxable","32":"purchasable","33":"product-type-simple"},"yoast_head":"<!-- This site is optimized with the Yoast SEO plugin v27.3 - https:\/\/yoast.com\/product\/yoast-seo-wordpress\/ -->\n<title>Optinen palovaroitin - Housegard Pebble 10 vuoden paristolla<\/title>\n<meta name=\"description\" content=\"Optinen palovaroitin | Pehme\u00e4linjainen varoitin sulautuu sisustukseen ja on suunniteltu k\u00e4ytt\u00e4j\u00e4yst\u00e4v\u00e4lliseksi. Edullinen, luotettava, ei paristonvaihtoja.\" \/>\n<meta name=\"robots\" content=\"index, follow, max-snippet:-1, max-image-preview:large, max-video-preview:-1\" \/>\n<link rel=\"canonical\" href=\"https:\/\/safetypartners.fi\/kauppa\/tuote\/housegard-pebble-optinen-palovaroitin-10-vuoden-paristolla\" \/>\n<meta property=\"og:locale\" content=\"fi_FI\" \/>\n<meta property=\"og:type\" content=\"article\" \/>\n<meta property=\"og:title\" content=\"Optinen palovaroitin - Housegard Pebble 10 vuoden paristolla\" \/>\n<meta property=\"og:description\" content=\"Optinen palovaroitin | Pehme\u00e4linjainen varoitin sulautuu sisustukseen ja on suunniteltu k\u00e4ytt\u00e4j\u00e4yst\u00e4v\u00e4lliseksi. Edullinen, luotettava, ei paristonvaihtoja.\" \/>\n<meta property=\"og:url\" content=\"https:\/\/safetypartners.fi\/kauppa\/tuote\/housegard-pebble-optinen-palovaroitin-10-vuoden-paristolla\" \/>\n<meta property=\"og:site_name\" content=\"Safety Partners\" \/>\n<meta property=\"article:modified_time\" content=\"2025-12-01T21:56:41+00:00\" \/>\n<meta property=\"og:image\" content=\"https:\/\/safetypartners.fi\/kauppa\/wp-content\/uploads\/2022\/08\/Housegard-Pebble.-10v_3.png\" \/>\n\t<meta property=\"og:image:width\" content=\"1500\" \/>\n\t<meta property=\"og:image:height\" content=\"1500\" \/>\n\t<meta property=\"og:image:type\" content=\"image\/png\" \/>\n<meta name=\"twitter:card\" content=\"summary_large_image\" \/>\n<meta name=\"twitter:label1\" content=\"Arvioitu lukuaika\" \/>\n\t<meta name=\"twitter:data1\" content=\"1 minuutti\" \/>\n<script type=\"application\/ld+json\" class=\"yoast-schema-graph\">{\"@context\":\"https:\\\/\\\/schema.org\",\"@graph\":[{\"@type\":\"WebPage\",\"@id\":\"https:\\\/\\\/safetypartners.fi\\\/kauppa\\\/tuote\\\/housegard-pebble-optinen-palovaroitin-10-vuoden-paristolla\",\"url\":\"https:\\\/\\\/safetypartners.fi\\\/kauppa\\\/tuote\\\/housegard-pebble-optinen-palovaroitin-10-vuoden-paristolla\",\"name\":\"Optinen palovaroitin - Housegard Pebble 10 vuoden paristolla\",\"isPartOf\":{\"@id\":\"https:\\\/\\\/safetypartners.fi\\\/kauppa\\\/#website\"},\"primaryImageOfPage\":{\"@id\":\"https:\\\/\\\/safetypartners.fi\\\/kauppa\\\/tuote\\\/housegard-pebble-optinen-palovaroitin-10-vuoden-paristolla#primaryimage\"},\"image\":{\"@id\":\"https:\\\/\\\/safetypartners.fi\\\/kauppa\\\/tuote\\\/housegard-pebble-optinen-palovaroitin-10-vuoden-paristolla#primaryimage\"},\"thumbnailUrl\":\"https:\\\/\\\/safetypartners.fi\\\/kauppa\\\/wp-content\\\/uploads\\\/2022\\\/08\\\/Housegard-Pebble.-10v_3.png\",\"datePublished\":\"2022-08-18T13:51:51+00:00\",\"dateModified\":\"2025-12-01T21:56:41+00:00\",\"description\":\"Optinen palovaroitin | Pehme\u00e4linjainen varoitin sulautuu sisustukseen ja on suunniteltu k\u00e4ytt\u00e4j\u00e4yst\u00e4v\u00e4lliseksi. Edullinen, luotettava, ei paristonvaihtoja.\",\"breadcrumb\":{\"@id\":\"https:\\\/\\\/safetypartners.fi\\\/kauppa\\\/tuote\\\/housegard-pebble-optinen-palovaroitin-10-vuoden-paristolla#breadcrumb\"},\"inLanguage\":\"fi\",\"potentialAction\":[{\"@type\":\"ReadAction\",\"target\":[\"https:\\\/\\\/safetypartners.fi\\\/kauppa\\\/tuote\\\/housegard-pebble-optinen-palovaroitin-10-vuoden-paristolla\"]}]},{\"@type\":\"ImageObject\",\"inLanguage\":\"fi\",\"@id\":\"https:\\\/\\\/safetypartners.fi\\\/kauppa\\\/tuote\\\/housegard-pebble-optinen-palovaroitin-10-vuoden-paristolla#primaryimage\",\"url\":\"https:\\\/\\\/safetypartners.fi\\\/kauppa\\\/wp-content\\\/uploads\\\/2022\\\/08\\\/Housegard-Pebble.-10v_3.png\",\"contentUrl\":\"https:\\\/\\\/safetypartners.fi\\\/kauppa\\\/wp-content\\\/uploads\\\/2022\\\/08\\\/Housegard-Pebble.-10v_3.png\",\"width\":1500,\"height\":1500,\"caption\":\"Optinen palovaroitin - Housegard Pebble 10v. paristolla\"},{\"@type\":\"BreadcrumbList\",\"@id\":\"https:\\\/\\\/safetypartners.fi\\\/kauppa\\\/tuote\\\/housegard-pebble-optinen-palovaroitin-10-vuoden-paristolla#breadcrumb\",\"itemListElement\":[{\"@type\":\"ListItem\",\"position\":1,\"name\":\"Home\",\"item\":\"https:\\\/\\\/safetypartners.fi\\\/kauppa\\\/\"},{\"@type\":\"ListItem\",\"position\":2,\"name\":\"Kauppa\",\"item\":\"https:\\\/\\\/safetypartners.fi\\\/kauppa\\\/kauppa\"},{\"@type\":\"ListItem\",\"position\":3,\"name\":\"Housegard Pebble optinen palovaroitin 10 vuoden paristolla\"}]},{\"@type\":\"WebSite\",\"@id\":\"https:\\\/\\\/safetypartners.fi\\\/kauppa\\\/#website\",\"url\":\"https:\\\/\\\/safetypartners.fi\\\/kauppa\\\/\",\"name\":\"Safety Partners\",\"description\":\"Safety Partners turvakauppa palvelee verkossa 24\\\/7!\",\"publisher\":{\"@id\":\"https:\\\/\\\/safetypartners.fi\\\/kauppa\\\/#organization\"},\"potentialAction\":[{\"@type\":\"SearchAction\",\"target\":{\"@type\":\"EntryPoint\",\"urlTemplate\":\"https:\\\/\\\/safetypartners.fi\\\/kauppa\\\/?s={search_term_string}\"},\"query-input\":{\"@type\":\"PropertyValueSpecification\",\"valueRequired\":true,\"valueName\":\"search_term_string\"}}],\"inLanguage\":\"fi\"},{\"@type\":\"Organization\",\"@id\":\"https:\\\/\\\/safetypartners.fi\\\/kauppa\\\/#organization\",\"name\":\"Safety Partners | Suomen Sammutinpalvelu\",\"url\":\"https:\\\/\\\/safetypartners.fi\\\/kauppa\\\/\",\"logo\":{\"@type\":\"ImageObject\",\"inLanguage\":\"fi\",\"@id\":\"https:\\\/\\\/safetypartners.fi\\\/kauppa\\\/#\\\/schema\\\/logo\\\/image\\\/\",\"url\":\"https:\\\/\\\/safetypartners.fi\\\/kauppa\\\/wp-content\\\/uploads\\\/2020\\\/05\\\/cropped-Logoke-1.jpg\",\"contentUrl\":\"https:\\\/\\\/safetypartners.fi\\\/kauppa\\\/wp-content\\\/uploads\\\/2020\\\/05\\\/cropped-Logoke-1.jpg\",\"width\":847,\"height\":717,\"caption\":\"Safety Partners | Suomen Sammutinpalvelu\"},\"image\":{\"@id\":\"https:\\\/\\\/safetypartners.fi\\\/kauppa\\\/#\\\/schema\\\/logo\\\/image\\\/\"}}]}<\/script>\n<!-- \/ Yoast SEO plugin. -->","yoast_head_json":{"title":"Optinen palovaroitin - Housegard Pebble 10 vuoden paristolla","description":"Optinen palovaroitin | Pehme\u00e4linjainen varoitin sulautuu sisustukseen ja on suunniteltu k\u00e4ytt\u00e4j\u00e4yst\u00e4v\u00e4lliseksi. Edullinen, luotettava, ei paristonvaihtoja.","robots":{"index":"index","follow":"follow","max-snippet":"max-snippet:-1","max-image-preview":"max-image-preview:large","max-video-preview":"max-video-preview:-1"},"canonical":"https:\/\/safetypartners.fi\/kauppa\/tuote\/housegard-pebble-optinen-palovaroitin-10-vuoden-paristolla","og_locale":"fi_FI","og_type":"article","og_title":"Optinen palovaroitin - Housegard Pebble 10 vuoden paristolla","og_description":"Optinen palovaroitin | Pehme\u00e4linjainen varoitin sulautuu sisustukseen ja on suunniteltu k\u00e4ytt\u00e4j\u00e4yst\u00e4v\u00e4lliseksi. Edullinen, luotettava, ei paristonvaihtoja.","og_url":"https:\/\/safetypartners.fi\/kauppa\/tuote\/housegard-pebble-optinen-palovaroitin-10-vuoden-paristolla","og_site_name":"Safety Partners","article_modified_time":"2025-12-01T21:56:41+00:00","og_image":[{"width":1500,"height":1500,"url":"https:\/\/safetypartners.fi\/kauppa\/wp-content\/uploads\/2022\/08\/Housegard-Pebble.-10v_3.png","type":"image\/png"}],"twitter_card":"summary_large_image","twitter_misc":{"Arvioitu lukuaika":"1 minuutti"},"schema":{"@context":"https:\/\/schema.org","@graph":[{"@type":"WebPage","@id":"https:\/\/safetypartners.fi\/kauppa\/tuote\/housegard-pebble-optinen-palovaroitin-10-vuoden-paristolla","url":"https:\/\/safetypartners.fi\/kauppa\/tuote\/housegard-pebble-optinen-palovaroitin-10-vuoden-paristolla","name":"Optinen palovaroitin - Housegard Pebble 10 vuoden paristolla","isPartOf":{"@id":"https:\/\/safetypartners.fi\/kauppa\/#website"},"primaryImageOfPage":{"@id":"https:\/\/safetypartners.fi\/kauppa\/tuote\/housegard-pebble-optinen-palovaroitin-10-vuoden-paristolla#primaryimage"},"image":{"@id":"https:\/\/safetypartners.fi\/kauppa\/tuote\/housegard-pebble-optinen-palovaroitin-10-vuoden-paristolla#primaryimage"},"thumbnailUrl":"https:\/\/safetypartners.fi\/kauppa\/wp-content\/uploads\/2022\/08\/Housegard-Pebble.-10v_3.png","datePublished":"2022-08-18T13:51:51+00:00","dateModified":"2025-12-01T21:56:41+00:00","description":"Optinen palovaroitin | Pehme\u00e4linjainen varoitin sulautuu sisustukseen ja on suunniteltu k\u00e4ytt\u00e4j\u00e4yst\u00e4v\u00e4lliseksi. Edullinen, luotettava, ei paristonvaihtoja.","breadcrumb":{"@id":"https:\/\/safetypartners.fi\/kauppa\/tuote\/housegard-pebble-optinen-palovaroitin-10-vuoden-paristolla#breadcrumb"},"inLanguage":"fi","potentialAction":[{"@type":"ReadAction","target":["https:\/\/safetypartners.fi\/kauppa\/tuote\/housegard-pebble-optinen-palovaroitin-10-vuoden-paristolla"]}]},{"@type":"ImageObject","inLanguage":"fi","@id":"https:\/\/safetypartners.fi\/kauppa\/tuote\/housegard-pebble-optinen-palovaroitin-10-vuoden-paristolla#primaryimage","url":"https:\/\/safetypartners.fi\/kauppa\/wp-content\/uploads\/2022\/08\/Housegard-Pebble.-10v_3.png","contentUrl":"https:\/\/safetypartners.fi\/kauppa\/wp-content\/uploads\/2022\/08\/Housegard-Pebble.-10v_3.png","width":1500,"height":1500,"caption":"Optinen palovaroitin - Housegard Pebble 10v. paristolla"},{"@type":"BreadcrumbList","@id":"https:\/\/safetypartners.fi\/kauppa\/tuote\/housegard-pebble-optinen-palovaroitin-10-vuoden-paristolla#breadcrumb","itemListElement":[{"@type":"ListItem","position":1,"name":"Home","item":"https:\/\/safetypartners.fi\/kauppa\/"},{"@type":"ListItem","position":2,"name":"Kauppa","item":"https:\/\/safetypartners.fi\/kauppa\/kauppa"},{"@type":"ListItem","position":3,"name":"Housegard Pebble optinen palovaroitin 10 vuoden paristolla"}]},{"@type":"WebSite","@id":"https:\/\/safetypartners.fi\/kauppa\/#website","url":"https:\/\/safetypartners.fi\/kauppa\/","name":"Safety Partners","description":"Safety Partners turvakauppa palvelee verkossa 24\/7!","publisher":{"@id":"https:\/\/safetypartners.fi\/kauppa\/#organization"},"potentialAction":[{"@type":"SearchAction","target":{"@type":"EntryPoint","urlTemplate":"https:\/\/safetypartners.fi\/kauppa\/?s={search_term_string}"},"query-input":{"@type":"PropertyValueSpecification","valueRequired":true,"valueName":"search_term_string"}}],"inLanguage":"fi"},{"@type":"Organization","@id":"https:\/\/safetypartners.fi\/kauppa\/#organization","name":"Safety Partners | Suomen Sammutinpalvelu","url":"https:\/\/safetypartners.fi\/kauppa\/","logo":{"@type":"ImageObject","inLanguage":"fi","@id":"https:\/\/safetypartners.fi\/kauppa\/#\/schema\/logo\/image\/","url":"https:\/\/safetypartners.fi\/kauppa\/wp-content\/uploads\/2020\/05\/cropped-Logoke-1.jpg","contentUrl":"https:\/\/safetypartners.fi\/kauppa\/wp-content\/uploads\/2020\/05\/cropped-Logoke-1.jpg","width":847,"height":717,"caption":"Safety Partners | Suomen Sammutinpalvelu"},"image":{"@id":"https:\/\/safetypartners.fi\/kauppa\/#\/schema\/logo\/image\/"}}]}},"uagb_featured_image_src":{"full":["https:\/\/safetypartners.fi\/kauppa\/wp-content\/uploads\/2022\/08\/Housegard-Pebble.-10v_3.png",1500,1500,false],"thumbnail":["https:\/\/safetypartners.fi\/kauppa\/wp-content\/uploads\/2022\/08\/Housegard-Pebble.-10v_3-150x150.png",150,150,true],"medium":["https:\/\/safetypartners.fi\/kauppa\/wp-content\/uploads\/2022\/08\/Housegard-Pebble.-10v_3-300x300.png",300,300,true],"medium_large":["https:\/\/safetypartners.fi\/kauppa\/wp-content\/uploads\/2022\/08\/Housegard-Pebble.-10v_3-768x768.png",768,768,true],"large":["https:\/\/safetypartners.fi\/kauppa\/wp-content\/uploads\/2022\/08\/Housegard-Pebble.-10v_3-1024x1024.png",1024,1024,true],"1536x1536":["https:\/\/safetypartners.fi\/kauppa\/wp-content\/uploads\/2022\/08\/Housegard-Pebble.-10v_3.png",1500,1500,false],"2048x2048":["https:\/\/safetypartners.fi\/kauppa\/wp-content\/uploads\/2022\/08\/Housegard-Pebble.-10v_3.png",1500,1500,false],"woocommerce_thumbnail":["https:\/\/safetypartners.fi\/kauppa\/wp-content\/uploads\/2022\/08\/Housegard-Pebble.-10v_3-300x300.png",300,300,true],"woocommerce_single":["https:\/\/safetypartners.fi\/kauppa\/wp-content\/uploads\/2022\/08\/Housegard-Pebble.-10v_3-600x600.png",600,600,true],"woocommerce_gallery_thumbnail":["https:\/\/safetypartners.fi\/kauppa\/wp-content\/uploads\/2022\/08\/Housegard-Pebble.-10v_3-100x100.png",100,100,true]},"uagb_author_info":{"display_name":"Anu Lehto","author_link":"https:\/\/safetypartners.fi\/kauppa\/author"},"uagb_comment_info":3,"uagb_excerpt":"Pebble 10Y optinen palovaroitin j\u00e4ljittelee muotokielet\u00e4\u00e4n luonnonkivi\u00e4. Teollisuusmuotoilija Lars Wettren pehme\u00e4linjainen luomus sulautuu jokaiseen sisustukseen. Pebble SA701 on suunniteltu k\u00e4ytt\u00e4j\u00e4yst\u00e4v\u00e4lliseksi. Varoittimen keskell\u00e4 on yksinkertainen tauko- ja testitoimintopainike. Varoitin on my\u00f6s helppo puhdistaa varovasti imuroimalla. Sis\u00e4\u00e4nrakennettu litiumparisto kest\u00e4\u00e4 palovaroittimen koko 10 vuoden k\u00e4ytt\u00f6i\u00e4n, eik\u00e4 pariston vaihtamista tarvitse n\u00e4in murehtia. Kaikkien palovaroittimen suositeltu maksimik\u00e4ytt\u00f6ik\u00e4 on 10 vuotta&hellip;","_links":{"self":[{"href":"https:\/\/safetypartners.fi\/kauppa\/wp-json\/wp\/v2\/product\/907","targetHints":{"allow":["GET"]}}],"collection":[{"href":"https:\/\/safetypartners.fi\/kauppa\/wp-json\/wp\/v2\/product"}],"about":[{"href":"https:\/\/safetypartners.fi\/kauppa\/wp-json\/wp\/v2\/types\/product"}],"replies":[{"embeddable":true,"href":"https:\/\/safetypartners.fi\/kauppa\/wp-json\/wp\/v2\/comments?post=907"}],"version-history":[{"count":9,"href":"https:\/\/safetypartners.fi\/kauppa\/wp-json\/wp\/v2\/product\/907\/revisions"}],"predecessor-version":[{"id":3016,"href":"https:\/\/safetypartners.fi\/kauppa\/wp-json\/wp\/v2\/product\/907\/revisions\/3016"}],"wp:featuredmedia":[{"embeddable":true,"href":"https:\/\/safetypartners.fi\/kauppa\/wp-json\/wp\/v2\/media\/920"}],"wp:attachment":[{"href":"https:\/\/safetypartners.fi\/kauppa\/wp-json\/wp\/v2\/media?parent=907"}],"wp:term":[{"taxonomy":"product_brand","embeddable":true,"href":"https:\/\/safetypartners.fi\/kauppa\/wp-json\/wp\/v2\/product_brand?post=907"},{"taxonomy":"product_cat","embeddable":true,"href":"https:\/\/safetypartners.fi\/kauppa\/wp-json\/wp\/v2\/product_cat?post=907"},{"taxonomy":"product_tag","embeddable":true,"href":"https:\/\/safetypartners.fi\/kauppa\/wp-json\/wp\/v2\/product_tag?post=907"}],"curies":[{"name":"wp","href":"https:\/\/api.w.org\/{rel}","templated":true}]}}